{"id":4979,"date":"2024-06-11T13:51:08","date_gmt":"2024-06-11T19:51:08","guid":{"rendered":"https:\/\/libreriahistoriasdebolsillo.com\/?post_type=product&#038;p=4979"},"modified":"2026-03-11T17:50:11","modified_gmt":"2026-03-11T23:50:11","slug":"el-nuevo-negociador","status":"publish","type":"product","link":"https:\/\/libreriahistoriasdebolsillo.com\/index.php\/producto\/el-nuevo-negociador\/","title":{"rendered":"El nuevo negociador"},"content":{"rendered":"<p>Es hora de que comiences a pensar en obtener lo que negocias, no lo que crees merecer. Porque si puedes verlo en tu mente, entonces puedes tenerlo en tu vida. Lo importante es que sepas que negociar es una habilidad que puedes aprender y desarrollar. Este libro te la ense\u00f1ar\u00e1. Aqu\u00ed encontrar\u00e1s 15 t\u00e9cnicas que te convertir\u00e1n en el nuevo negociador, una persona que se gana m\u00e1s beneficios y con mayor frecuencia en todos los roles y \u00e1mbitos de su vida. \u00a1Alcanza lo que te hace pleno y vu\u00e9lvete m\u00e1s consciente de lo valioso que puedes ofrecer en un intercambio provechoso!<\/p>\n","protected":false},"excerpt":{"rendered":"<p>Gerardo Mendoza Pe\u00f1a<\/p>\n<p>200 p\u00e1ginas<\/p>\n","protected":false},"featured_media":4980,"template":"","meta":{"_joinchat":[]},"product_brand":[],"product_cat":[58,41],"product_tag":[48],"class_list":{"0":"post-4979","1":"product","2":"type-product","3":"status-publish","4":"has-post-thumbnail","6":"product_cat-desarrollo-humano-y-superacion","7":"product_cat-desarrollo-humano","8":"product_tag-vr-editoras","10":"first","11":"instock","12":"shipping-taxable","13":"purchasable","14":"product-type-simple"},"_links":{"self":[{"href":"https:\/\/libreriahistoriasdebolsillo.com\/index.php\/wp-json\/wp\/v2\/product\/4979","targetHints":{"allow":["GET"]}}],"collection":[{"href":"https:\/\/libreriahistoriasdebolsillo.com\/index.php\/wp-json\/wp\/v2\/product"}],"about":[{"href":"https:\/\/libreriahistoriasdebolsillo.com\/index.php\/wp-json\/wp\/v2\/types\/product"}],"wp:featuredmedia":[{"embeddable":true,"href":"https:\/\/libreriahistoriasdebolsillo.com\/index.php\/wp-json\/wp\/v2\/media\/4980"}],"wp:attachment":[{"href":"https:\/\/libreriahistoriasdebolsillo.com\/index.php\/wp-json\/wp\/v2\/media?parent=4979"}],"wp:term":[{"taxonomy":"product_brand","embeddable":true,"href":"https:\/\/libreriahistoriasdebolsillo.com\/index.php\/wp-json\/wp\/v2\/product_brand?post=4979"},{"taxonomy":"product_cat","embeddable":true,"href":"https:\/\/libreriahistoriasdebolsillo.com\/index.php\/wp-json\/wp\/v2\/product_cat?post=4979"},{"taxonomy":"product_tag","embeddable":true,"href":"https:\/\/libreriahistoriasdebolsillo.com\/index.php\/wp-json\/wp\/v2\/product_tag?post=4979"}],"curies":[{"name":"wp","href":"https:\/\/api.w.org\/{rel}","templated":true}]}}