{"id":4989,"date":"2024-06-17T15:52:19","date_gmt":"2024-06-17T21:52:19","guid":{"rendered":"https:\/\/libreriahistoriasdebolsillo.com\/?post_type=product&#038;p=4989"},"modified":"2025-11-26T18:22:22","modified_gmt":"2025-11-27T00:22:22","slug":"manga-para-el-exito-1-psicologia-del-desarrollo-personal-y-de-las-relaciones-interpersonales","status":"publish","type":"product","link":"https:\/\/libreriahistoriasdebolsillo.com\/index.php\/producto\/manga-para-el-exito-1-psicologia-del-desarrollo-personal-y-de-las-relaciones-interpersonales\/","title":{"rendered":"Manga para el \u00e9xito 1. Psicolog\u00eda del desarrollo personal y de las relaciones interpersonales"},"content":{"rendered":"<p><b>UNA FORMA DIVERTIDA DE APRENDER HABILIDADES PARA TODA LA VIDA.<\/b><\/p>\n<p>* CAMBIA TU\u00a0<b>PERSPECTIVA<\/b>\u00a0Y TU VIDA SER\u00c1 M\u00c1S SIMPLE<\/p>\n<p>* ENCUENTRA EL VALOR PARA TENER LAS\u00a0<b>CONVERSACIONES<\/b>\u00a0DIF\u00cdCILES E\u00a0<b>IMPORTANTES<\/b><\/p>\n<p>* CONSIGUE EL\u00a0<b>APOYO<\/b>\u00a0QUE NECESITAS DE LOS DEM\u00c1S<\/p>\n<p>\u00bfQuieresllevarte\u00a0<b>mejor<\/b>\u00a0con las personas, trascender patrones\u00a0<b>negativos<\/b>\u00a0que est\u00e1n obstaculizando tu\u00a0<b>crecimiento<\/b>\u00a0o entender las ideas de la psicolog\u00eda adleriana?<\/p>\n<p>En este libro conocer\u00e1s a Yukari, una gerente regional de una cadena de pasteler\u00edas, quien a sus 28 a\u00f1os siente su carrera estancada por la\u00a0<b>frustraci\u00f3n<\/b>\u00a0y las relaciones\u00a0<b>conflictivas<\/b>. De pronto, se le aparece el fantasma de Adler para ense\u00f1arle c\u00f3mo darle lavuelta a la situaci\u00f3n. A medida que su comunicaci\u00f3n mejora, construye relaciones de confianza y su carrera comienza a avanzar.<\/p>\n<p>Psicolog\u00eda del\u00a0<b>desarrollo<\/b>\u00a0personal y de las relaciones interpersonales te explica de manera f\u00e1cil los conceptos de la psicolog\u00eda\u00a0<b>adleriana<\/b>\u00a0por medio de ejemplos pr\u00e1cticos. Leer\u00e1s sobre:<\/p>\n<p>\u2022 Autodeterminaci\u00f3n.<\/p>\n<p>\u2022 Automotivaci\u00f3n.<\/p>\n<p>\u2022 C\u00f3mo manejar las emociones en las relaciones interpersonales.<\/p>\n<p>Descubre por qu\u00e9 la serie Manga para el \u00e9xito, ahora disponible en espa\u00f1ol, es tan popular en Jap\u00f3n, Corea y otros pa\u00edses asi\u00e1ticos.<\/p>\n","protected":false},"excerpt":{"rendered":"<p>Toshinori Iwai<\/p>\n<p>224 p\u00e1ginas<\/p>\n","protected":false},"featured_media":4990,"template":"","meta":{"_joinchat":[]},"product_brand":[],"product_cat":[41],"product_tag":[34],"class_list":{"0":"post-4989","1":"product","2":"type-product","3":"status-publish","4":"has-post-thumbnail","6":"product_cat-desarrollo-humano","7":"product_tag-penguin-random-house","9":"first","10":"outofstock","11":"shipping-taxable","12":"purchasable","13":"product-type-simple"},"_links":{"self":[{"href":"https:\/\/libreriahistoriasdebolsillo.com\/index.php\/wp-json\/wp\/v2\/product\/4989","targetHints":{"allow":["GET"]}}],"collection":[{"href":"https:\/\/libreriahistoriasdebolsillo.com\/index.php\/wp-json\/wp\/v2\/product"}],"about":[{"href":"https:\/\/libreriahistoriasdebolsillo.com\/index.php\/wp-json\/wp\/v2\/types\/product"}],"wp:featuredmedia":[{"embeddable":true,"href":"https:\/\/libreriahistoriasdebolsillo.com\/index.php\/wp-json\/wp\/v2\/media\/4990"}],"wp:attachment":[{"href":"https:\/\/libreriahistoriasdebolsillo.com\/index.php\/wp-json\/wp\/v2\/media?parent=4989"}],"wp:term":[{"taxonomy":"product_brand","embeddable":true,"href":"https:\/\/libreriahistoriasdebolsillo.com\/index.php\/wp-json\/wp\/v2\/product_brand?post=4989"},{"taxonomy":"product_cat","embeddable":true,"href":"https:\/\/libreriahistoriasdebolsillo.com\/index.php\/wp-json\/wp\/v2\/product_cat?post=4989"},{"taxonomy":"product_tag","embeddable":true,"href":"https:\/\/libreriahistoriasdebolsillo.com\/index.php\/wp-json\/wp\/v2\/product_tag?post=4989"}],"curies":[{"name":"wp","href":"https:\/\/api.w.org\/{rel}","templated":true}]}}