{"id":5017,"date":"2024-06-25T13:28:42","date_gmt":"2024-06-25T19:28:42","guid":{"rendered":"https:\/\/libreriahistoriasdebolsillo.com\/?post_type=product&#038;p=5017"},"modified":"2025-11-26T18:22:57","modified_gmt":"2025-11-27T00:22:57","slug":"y-si-lo-pierdo-que-hago","status":"publish","type":"product","link":"https:\/\/libreriahistoriasdebolsillo.com\/index.php\/producto\/y-si-lo-pierdo-que-hago\/","title":{"rendered":"Y si lo pierdo, \u00bfqu\u00e9 hago?"},"content":{"rendered":"<p>Todos hemos sentido alguna vez miedo al rechazo, a la p\u00e9rdida o al abandono. Son respuestas naturales ante las circunstancias de la vida. Sin embargo, cuando se convierten en actitudes continuas y dominantes en nuestro d\u00eda a d\u00eda, significa que estamos viviendo con apegos inseguros que necesitamos soltar ya. Con este libro aprender\u00e1s a identificar aquellos apegos que te est\u00e1n robando tu autonom\u00eda y libertad, a trav\u00e9s de testimonios, ejercicios y consejos. Adem\u00e1s, adquirir\u00e1s las herramientas necesarias para<br \/>\nenfrentar la soledad, fortalecer tu autoestima y establecer v\u00ednculos m\u00e1s sanos, independientes y felices. Una vida libre es posible. Comienza ahora tu proceso de sanaci\u00f3n.<\/p>\n","protected":false},"excerpt":{"rendered":"<p>Erika Pav\u00f3n<\/p>\n<p>232 p\u00e1ginas<\/p>\n","protected":false},"featured_media":5018,"template":"","meta":{"_joinchat":[]},"product_brand":[],"product_cat":[58,41],"product_tag":[48],"class_list":{"0":"post-5017","1":"product","2":"type-product","3":"status-publish","4":"has-post-thumbnail","6":"product_cat-desarrollo-humano-y-superacion","7":"product_cat-desarrollo-humano","8":"product_tag-vr-editoras","10":"first","11":"instock","12":"shipping-taxable","13":"purchasable","14":"product-type-simple"},"_links":{"self":[{"href":"https:\/\/libreriahistoriasdebolsillo.com\/index.php\/wp-json\/wp\/v2\/product\/5017","targetHints":{"allow":["GET"]}}],"collection":[{"href":"https:\/\/libreriahistoriasdebolsillo.com\/index.php\/wp-json\/wp\/v2\/product"}],"about":[{"href":"https:\/\/libreriahistoriasdebolsillo.com\/index.php\/wp-json\/wp\/v2\/types\/product"}],"wp:featuredmedia":[{"embeddable":true,"href":"https:\/\/libreriahistoriasdebolsillo.com\/index.php\/wp-json\/wp\/v2\/media\/5018"}],"wp:attachment":[{"href":"https:\/\/libreriahistoriasdebolsillo.com\/index.php\/wp-json\/wp\/v2\/media?parent=5017"}],"wp:term":[{"taxonomy":"product_brand","embeddable":true,"href":"https:\/\/libreriahistoriasdebolsillo.com\/index.php\/wp-json\/wp\/v2\/product_brand?post=5017"},{"taxonomy":"product_cat","embeddable":true,"href":"https:\/\/libreriahistoriasdebolsillo.com\/index.php\/wp-json\/wp\/v2\/product_cat?post=5017"},{"taxonomy":"product_tag","embeddable":true,"href":"https:\/\/libreriahistoriasdebolsillo.com\/index.php\/wp-json\/wp\/v2\/product_tag?post=5017"}],"curies":[{"name":"wp","href":"https:\/\/api.w.org\/{rel}","templated":true}]}}