{"id":5035,"date":"2024-07-02T15:11:13","date_gmt":"2024-07-02T21:11:13","guid":{"rendered":"https:\/\/libreriahistoriasdebolsillo.com\/?post_type=product&#038;p=5035"},"modified":"2026-03-02T14:12:41","modified_gmt":"2026-03-02T20:12:41","slug":"la-muerte-feliz","status":"publish","type":"product","link":"https:\/\/libreriahistoriasdebolsillo.com\/index.php\/producto\/la-muerte-feliz\/","title":{"rendered":"La muerte feliz"},"content":{"rendered":"<p><b>In\u00e9dita en vida del autor,\u00a0<i>La muerte feliz<\/i>\u00a0es la primera novela escrita por Albert Camus y una notable precursora de\u00a0<i>El extranjero.<\/i><\/b><\/p>\n<p><b>Albert Camus<\/b>\u00a0escribi\u00f3\u00a0<i><b>La muerte feliz<\/b><\/i>\u00a0en 1935, cuando contaba con solo veintitr\u00e9s a\u00f1os de edad. Sin embargo, hubo que esperar hasta 1971, m\u00e1s de un decenio despu\u00e9s de su fallecimiento, para que la obra saliera a la luz.<\/p>\n<p>Con independencia de los motivos por los que permaneci\u00f3 todos esos a\u00f1os oculta, lo cierto es que esta notable novela de juventud prefigura ya la cosmovisi\u00f3n que aparecer\u00e1 poco despu\u00e9s en el\u00a0<b>llamado \u00abciclo del absurdo\u00bb,<\/b>\u00a0mientras que su trama y personajes reflejan muchas experiencias del autor en Argelia.<\/p>\n<p>Le\u00edda hoy, la obra no solo es un documento imprescindible para descubrir los primeros p\u00e1lpitos de un enorme talento narrativo, sino tambi\u00e9n una f\u00e1bula atrapante sobre la b\u00fasqueda de la felicidad a toda costa.<\/p>\n","protected":false},"excerpt":{"rendered":"<p>Albert Camus<\/p>\n<p>160 p\u00e1ginas<\/p>\n","protected":false},"featured_media":5036,"template":"","meta":{"_joinchat":[]},"product_brand":[],"product_cat":[42,51],"product_tag":[34],"class_list":{"0":"post-5035","1":"product","2":"type-product","3":"status-publish","4":"has-post-thumbnail","6":"product_cat-literatura-clasica","7":"product_cat-oferta","8":"product_tag-penguin-random-house","10":"first","11":"outofstock","12":"shipping-taxable","13":"purchasable","14":"product-type-simple"},"_links":{"self":[{"href":"https:\/\/libreriahistoriasdebolsillo.com\/index.php\/wp-json\/wp\/v2\/product\/5035","targetHints":{"allow":["GET"]}}],"collection":[{"href":"https:\/\/libreriahistoriasdebolsillo.com\/index.php\/wp-json\/wp\/v2\/product"}],"about":[{"href":"https:\/\/libreriahistoriasdebolsillo.com\/index.php\/wp-json\/wp\/v2\/types\/product"}],"wp:featuredmedia":[{"embeddable":true,"href":"https:\/\/libreriahistoriasdebolsillo.com\/index.php\/wp-json\/wp\/v2\/media\/5036"}],"wp:attachment":[{"href":"https:\/\/libreriahistoriasdebolsillo.com\/index.php\/wp-json\/wp\/v2\/media?parent=5035"}],"wp:term":[{"taxonomy":"product_brand","embeddable":true,"href":"https:\/\/libreriahistoriasdebolsillo.com\/index.php\/wp-json\/wp\/v2\/product_brand?post=5035"},{"taxonomy":"product_cat","embeddable":true,"href":"https:\/\/libreriahistoriasdebolsillo.com\/index.php\/wp-json\/wp\/v2\/product_cat?post=5035"},{"taxonomy":"product_tag","embeddable":true,"href":"https:\/\/libreriahistoriasdebolsillo.com\/index.php\/wp-json\/wp\/v2\/product_tag?post=5035"}],"curies":[{"name":"wp","href":"https:\/\/api.w.org\/{rel}","templated":true}]}}