{"id":5057,"date":"2024-07-02T15:37:47","date_gmt":"2024-07-02T21:37:47","guid":{"rendered":"https:\/\/libreriahistoriasdebolsillo.com\/?post_type=product&#038;p=5057"},"modified":"2026-02-10T16:11:04","modified_gmt":"2026-02-10T22:11:04","slug":"el-verano-en-el-que-rompimos-las-normas","status":"publish","type":"product","link":"https:\/\/libreriahistoriasdebolsillo.com\/index.php\/producto\/el-verano-en-el-que-rompimos-las-normas\/","title":{"rendered":"El verano en el que rompimos las normas"},"content":{"rendered":"<p><b>Ideal para los fans de Colleen Hoover, Alice Kellen y toda novela de romance contempor\u00e1neo,<\/b><\/p>\n<p><b>\u00a1Una novela inspirada en las canciones de Taylor Swift!<\/b><\/p>\n<p><b>BEST SELLER DEL USA TODAY.<\/b><\/p>\n<p><b>UN ADORABLE ROMANCE DE VERANO.<\/b><\/p>\n<p><b>UNA SERIE DE HILARANTES ENGA\u00d1OS FAMILIARES.<\/b><\/p>\n<p><b>UNA BODA EN MARTHA&#8217;S VINEYARD.<\/b><\/p>\n<p>&nbsp;<\/p>\n<p>Cuando Meredith Fox perdi\u00f3 a su hermana, Claire, hace dieciocho meses, se aisl\u00f3 de todo y de todos. Pero este verano est\u00e1 decidida a volver al mundo de nuevo.<\/p>\n<p>Las vacaciones familiares anuales en Martha&#8217;s Vineyard parecen ser el lugar perfecto para reconectarse. Toda su familia se reencontrar\u00e1 en una gran boda este verano, y Meredith est\u00e1 emocionada por poder participar en el tradicional juego del asesino de la familia Fox, que tendr\u00e1 lugardurante la semana de las festividades de boda. A Claire siempre le encant\u00f3 el juego y Meredith est\u00e1 decidida a honrar su legado.<\/p>\n<p>Pero cuando Meredith forma una alianza de asesinos con un padrino de la boda, todo parece tambalearse. Meredith intenta concentrarse en el juego y ganarlo en honor a su hermana, pero no puede evitar enamorarse de \u00e9l. Y a medida que avanza la semana, se da cuenta de que no solo corre el riesgo de perder el juego, sino tambi\u00e9n su coraz\u00f3n.<\/p>\n","protected":false},"excerpt":{"rendered":"<p>K.L. Walther<\/p>\n<p>352 p\u00e1ginas<\/p>\n","protected":false},"featured_media":5058,"template":"","meta":{"_joinchat":[]},"product_brand":[],"product_cat":[35],"product_tag":[34],"class_list":{"0":"post-5057","1":"product","2":"type-product","3":"status-publish","4":"has-post-thumbnail","6":"product_cat-romantica","7":"product_tag-penguin-random-house","9":"first","10":"outofstock","11":"shipping-taxable","12":"purchasable","13":"product-type-simple"},"_links":{"self":[{"href":"https:\/\/libreriahistoriasdebolsillo.com\/index.php\/wp-json\/wp\/v2\/product\/5057","targetHints":{"allow":["GET"]}}],"collection":[{"href":"https:\/\/libreriahistoriasdebolsillo.com\/index.php\/wp-json\/wp\/v2\/product"}],"about":[{"href":"https:\/\/libreriahistoriasdebolsillo.com\/index.php\/wp-json\/wp\/v2\/types\/product"}],"wp:featuredmedia":[{"embeddable":true,"href":"https:\/\/libreriahistoriasdebolsillo.com\/index.php\/wp-json\/wp\/v2\/media\/5058"}],"wp:attachment":[{"href":"https:\/\/libreriahistoriasdebolsillo.com\/index.php\/wp-json\/wp\/v2\/media?parent=5057"}],"wp:term":[{"taxonomy":"product_brand","embeddable":true,"href":"https:\/\/libreriahistoriasdebolsillo.com\/index.php\/wp-json\/wp\/v2\/product_brand?post=5057"},{"taxonomy":"product_cat","embeddable":true,"href":"https:\/\/libreriahistoriasdebolsillo.com\/index.php\/wp-json\/wp\/v2\/product_cat?post=5057"},{"taxonomy":"product_tag","embeddable":true,"href":"https:\/\/libreriahistoriasdebolsillo.com\/index.php\/wp-json\/wp\/v2\/product_tag?post=5057"}],"curies":[{"name":"wp","href":"https:\/\/api.w.org\/{rel}","templated":true}]}}