{"id":5074,"date":"2024-07-02T15:59:45","date_gmt":"2024-07-02T21:59:45","guid":{"rendered":"https:\/\/libreriahistoriasdebolsillo.com\/?post_type=product&#038;p=5074"},"modified":"2025-11-26T18:23:40","modified_gmt":"2025-11-27T00:23:40","slug":"mar-adentro","status":"publish","type":"product","link":"https:\/\/libreriahistoriasdebolsillo.com\/index.php\/producto\/mar-adentro\/","title":{"rendered":"Mar adentro"},"content":{"rendered":"<p>Esta decisi\u00f3n\u00a0<b>cambiar\u00e1<\/b>\u00a0su vida para siempre porque en el mar de los siete colores conocer\u00e1 a Joaqu\u00edn, un pescador con el que vivir\u00e1 una\u00a0<b>intensa<\/b>\u00a0y emotiva historia de\u00a0<b>amor<\/b>.<\/p>\n<p>Mar adentro es un\u00a0<b>homenaje<\/b>\u00a0a la m\u00fasica, a quienes est\u00e1n en el proceso de sanar heridas del pasado, al archipi\u00e9lago de San Andr\u00e9s y Providencia y a los pescadores que ofrecen su alma y la entregan a las profundidades del\u00a0<b>oc\u00e9ano<\/b>.<\/p>\n","protected":false},"excerpt":{"rendered":"<p>Juliana Velasquez<\/p>\n<p>240 p\u00e1ginas<\/p>\n","protected":false},"featured_media":5075,"template":"","meta":{"_joinchat":[]},"product_brand":[],"product_cat":[78,33],"product_tag":[34],"class_list":{"0":"post-5074","1":"product","2":"type-product","3":"status-publish","4":"has-post-thumbnail","6":"product_cat-contemporanea","7":"product_cat-ficcion-general","8":"product_tag-penguin-random-house","10":"first","11":"outofstock","12":"shipping-taxable","13":"purchasable","14":"product-type-simple"},"_links":{"self":[{"href":"https:\/\/libreriahistoriasdebolsillo.com\/index.php\/wp-json\/wp\/v2\/product\/5074","targetHints":{"allow":["GET"]}}],"collection":[{"href":"https:\/\/libreriahistoriasdebolsillo.com\/index.php\/wp-json\/wp\/v2\/product"}],"about":[{"href":"https:\/\/libreriahistoriasdebolsillo.com\/index.php\/wp-json\/wp\/v2\/types\/product"}],"wp:featuredmedia":[{"embeddable":true,"href":"https:\/\/libreriahistoriasdebolsillo.com\/index.php\/wp-json\/wp\/v2\/media\/5075"}],"wp:attachment":[{"href":"https:\/\/libreriahistoriasdebolsillo.com\/index.php\/wp-json\/wp\/v2\/media?parent=5074"}],"wp:term":[{"taxonomy":"product_brand","embeddable":true,"href":"https:\/\/libreriahistoriasdebolsillo.com\/index.php\/wp-json\/wp\/v2\/product_brand?post=5074"},{"taxonomy":"product_cat","embeddable":true,"href":"https:\/\/libreriahistoriasdebolsillo.com\/index.php\/wp-json\/wp\/v2\/product_cat?post=5074"},{"taxonomy":"product_tag","embeddable":true,"href":"https:\/\/libreriahistoriasdebolsillo.com\/index.php\/wp-json\/wp\/v2\/product_tag?post=5074"}],"curies":[{"name":"wp","href":"https:\/\/api.w.org\/{rel}","templated":true}]}}