{"id":5080,"date":"2024-07-02T16:09:13","date_gmt":"2024-07-02T22:09:13","guid":{"rendered":"https:\/\/libreriahistoriasdebolsillo.com\/?post_type=product&#038;p=5080"},"modified":"2026-03-10T15:34:30","modified_gmt":"2026-03-10T21:34:30","slug":"la-tapadera-2-el-intercambio","status":"publish","type":"product","link":"https:\/\/libreriahistoriasdebolsillo.com\/index.php\/producto\/la-tapadera-2-el-intercambio\/","title":{"rendered":"La tapadera 2. El intercambio"},"content":{"rendered":"<p><b>DIEZ D\u00cdAS PARA SALVAR UNA VIDA.<\/b><br \/>\n<b>UN SEGUNDO PARA PONERLE FIN.<\/b><\/p>\n<p>Hace quince a\u00f1os, Mitch McDeere esquiv\u00f3 a la muerte. Y a la mafia. Tras hacerse con diez millones de d\u00f3lares y desaparecer, vio c\u00f3mo sus enemigos acababan en la c\u00e1rcel o en la tumba. Ahora Mitch y su mujer, Abby, viven en Manhattan, donde \u00e9l se ha abierto camino hasta convertirse en socio del bufete m\u00e1s importante del mundo.<\/p>\n<p>Pero cuando su mentor en Roma le pide un favor que le llevar\u00e1 a Estambul y Tr\u00edpoli, Mitch se ve inmerso en el centro de un siniestro complot con ramificaciones por todo el planeta y que una vez m\u00e1s pondr\u00e1 en peligro a sus colegas, amigos y familia. Mitch se ha convertido en un experto en mantenerse un paso por delante de sus adversarios, pero ahora que el tiempo se est\u00e1 agotando, \u00bfser\u00e1 capaz de volver a lograrlo? Esta vez, no hay donde esconderse.<\/p>\n","protected":false},"excerpt":{"rendered":"<p>John Grisham<\/p>\n<p>400 p\u00e1ginas<\/p>\n","protected":false},"featured_media":5081,"template":"","meta":{"_joinchat":[]},"product_brand":[],"product_cat":[37,51],"product_tag":[34],"class_list":{"0":"post-5080","1":"product","2":"type-product","3":"status-publish","4":"has-post-thumbnail","6":"product_cat-misterio-y-thriller","7":"product_cat-oferta","8":"product_tag-penguin-random-house","10":"first","11":"outofstock","12":"sale","13":"shipping-taxable","14":"purchasable","15":"product-type-simple"},"_links":{"self":[{"href":"https:\/\/libreriahistoriasdebolsillo.com\/index.php\/wp-json\/wp\/v2\/product\/5080","targetHints":{"allow":["GET"]}}],"collection":[{"href":"https:\/\/libreriahistoriasdebolsillo.com\/index.php\/wp-json\/wp\/v2\/product"}],"about":[{"href":"https:\/\/libreriahistoriasdebolsillo.com\/index.php\/wp-json\/wp\/v2\/types\/product"}],"wp:featuredmedia":[{"embeddable":true,"href":"https:\/\/libreriahistoriasdebolsillo.com\/index.php\/wp-json\/wp\/v2\/media\/5081"}],"wp:attachment":[{"href":"https:\/\/libreriahistoriasdebolsillo.com\/index.php\/wp-json\/wp\/v2\/media?parent=5080"}],"wp:term":[{"taxonomy":"product_brand","embeddable":true,"href":"https:\/\/libreriahistoriasdebolsillo.com\/index.php\/wp-json\/wp\/v2\/product_brand?post=5080"},{"taxonomy":"product_cat","embeddable":true,"href":"https:\/\/libreriahistoriasdebolsillo.com\/index.php\/wp-json\/wp\/v2\/product_cat?post=5080"},{"taxonomy":"product_tag","embeddable":true,"href":"https:\/\/libreriahistoriasdebolsillo.com\/index.php\/wp-json\/wp\/v2\/product_tag?post=5080"}],"curies":[{"name":"wp","href":"https:\/\/api.w.org\/{rel}","templated":true}]}}