{"id":5086,"date":"2024-07-02T16:16:42","date_gmt":"2024-07-02T22:16:42","guid":{"rendered":"https:\/\/libreriahistoriasdebolsillo.com\/?post_type=product&#038;p=5086"},"modified":"2025-11-26T18:24:12","modified_gmt":"2025-11-27T00:24:12","slug":"mistborn-wax-wayne-1-aleacion-de-ley","status":"publish","type":"product","link":"https:\/\/libreriahistoriasdebolsillo.com\/index.php\/producto\/mistborn-wax-wayne-1-aleacion-de-ley\/","title":{"rendered":"Mistborn Wax &#038; Wayne 1. Aleaci\u00f3n de ley"},"content":{"rendered":"<p><b><i>Aleaci\u00f3n de ley<\/i>\u00a0es la secuela de la primera trilog\u00eda de la saga \u00abNacidos de la Bruma [Mistborn]\u00bb, una obra iniciada con\u00a0<i>El imperio final<\/i>\u00a0y parte imprescindible del Cosmere, el universo destinado a dar forma a la serie m\u00e1s extensa y fascinante jam\u00e1s escrita en el \u00e1mbito de la fantas\u00eda \u00e9pica.<\/b><\/p>\n<p>Han pasado trescientos a\u00f1os desde los acontecimientos narrados en la primera trilog\u00eda de la saga, y Scadrial se encuentra ahora cerca de la modernidad: ferrocarriles, canales, iluminaci\u00f3n el\u00e9ctrica y los primeros rascacielos invaden el planeta. Aunque la ciencia y la tecnolog\u00eda est\u00e1n alcanzando nuevos retos, la antigua magia de la alomancia contin\u00faa desempe\u00f1ando un papel fundamental. En una zona conocida como los \u00c1ridos, existen herramientas cruciales para aquellos hombres y mujeres que intentan establecer el orden y la justicia. Uno de estos hombres es Lord Waxillium Ladrian, experto en metales y en el uso de la alomancia y la feruquimia.<\/p>\n<p>Despu\u00e9s de vivir veinte a\u00f1os en los \u00c1ridos, Wax se ha visto obligado, por una tragedia familiar, a volver a la metr\u00f3polis de Elendel. Sin embargo, y a su pesar, deber\u00e1 guardar las armas y asumir las obligaciones que exige el hecho de estar rodeado de la clase noble. O al menos eso cree, ya que a\u00fan no sabe que las mansiones y las elegantes calles arboladas de la ciudad pueden ser incluso m\u00e1s peligrosas que las llanuras de los Aridos. Un\u00a0<i>skyline<\/i>\u00a0met\u00e1lico de bruma, de ceniza y vapor conquista el cielo amenazando a todos aquellos que viven y luchan debajo de \u00e9l.<\/p>\n<p><b>Desde 2006, y en solo diez a\u00f1os, Brandon Sanderson se ha consolidado como el gran renovador de la fantas\u00eda del siglo XXI y el autor del g\u00e9nero m\u00e1s prol\u00edfico del mundo. Ha logrado ganarse a ocho millones de lectores, ser publicado en treinta pa\u00edses y convertirse en el heredero de todo un g\u00e9nero.<\/b><\/p>\n","protected":false},"excerpt":{"rendered":"<p>Brandon Sanderson<\/p>\n<p>354 p\u00e1ginas<\/p>\n","protected":false},"featured_media":5087,"template":"","meta":{"_joinchat":[]},"product_brand":[],"product_cat":[39],"product_tag":[34],"class_list":{"0":"post-5086","1":"product","2":"type-product","3":"status-publish","4":"has-post-thumbnail","6":"product_cat-fantasia","7":"product_tag-penguin-random-house","9":"first","10":"outofstock","11":"shipping-taxable","12":"purchasable","13":"product-type-simple"},"_links":{"self":[{"href":"https:\/\/libreriahistoriasdebolsillo.com\/index.php\/wp-json\/wp\/v2\/product\/5086","targetHints":{"allow":["GET"]}}],"collection":[{"href":"https:\/\/libreriahistoriasdebolsillo.com\/index.php\/wp-json\/wp\/v2\/product"}],"about":[{"href":"https:\/\/libreriahistoriasdebolsillo.com\/index.php\/wp-json\/wp\/v2\/types\/product"}],"wp:featuredmedia":[{"embeddable":true,"href":"https:\/\/libreriahistoriasdebolsillo.com\/index.php\/wp-json\/wp\/v2\/media\/5087"}],"wp:attachment":[{"href":"https:\/\/libreriahistoriasdebolsillo.com\/index.php\/wp-json\/wp\/v2\/media?parent=5086"}],"wp:term":[{"taxonomy":"product_brand","embeddable":true,"href":"https:\/\/libreriahistoriasdebolsillo.com\/index.php\/wp-json\/wp\/v2\/product_brand?post=5086"},{"taxonomy":"product_cat","embeddable":true,"href":"https:\/\/libreriahistoriasdebolsillo.com\/index.php\/wp-json\/wp\/v2\/product_cat?post=5086"},{"taxonomy":"product_tag","embeddable":true,"href":"https:\/\/libreriahistoriasdebolsillo.com\/index.php\/wp-json\/wp\/v2\/product_tag?post=5086"}],"curies":[{"name":"wp","href":"https:\/\/api.w.org\/{rel}","templated":true}]}}