{"id":5213,"date":"2024-07-19T14:58:16","date_gmt":"2024-07-19T20:58:16","guid":{"rendered":"https:\/\/libreriahistoriasdebolsillo.com\/?post_type=product&#038;p=5213"},"modified":"2026-03-10T14:33:03","modified_gmt":"2026-03-10T20:33:03","slug":"el-gato-que-decia-adios","status":"publish","type":"product","link":"https:\/\/libreriahistoriasdebolsillo.com\/index.php\/producto\/el-gato-que-decia-adios\/","title":{"rendered":"El gato que dec\u00eda adi\u00f3s"},"content":{"rendered":"<p>Con el cambio de estaciones en Jap\u00f3n como tel\u00f3n de fondo, siete gatos y sus humanos protagonizan este delicioso libro de relatos: el peque\u00f1o Spin ense\u00f1a al hombre que lo ha rescatado a lidiar con su reciente paternidad y hacerse cargo de su peque\u00f1a familia; una colonia de gatos salvajes en una isla japonesa muestra a un ni\u00f1o que no debe interponerse en el camino de la naturaleza; el anciano Kota trama un plan para convertirse en esp\u00edritu antes de irse al otro mundo y que as\u00ed su humano no le eche nunca de menos; una familia queda perpleja ante la devoci\u00f3n de su nueva mascota por el distante y fr\u00edo padre de familia&#8230;<\/p>\n<p>La autora del cl\u00e1sico de la literatura gatuna que conquist\u00f3 a m\u00e1s de un mill\u00f3n de lectores con<i>\u00a0Cr\u00f3nicas del gato viajero<\/i>\u00a0regresa con un libro rebosante de empat\u00eda y de amor: una exquisita celebraci\u00f3n del ciclo imparable de la vida, que siempre se hace m\u00e1s llevadero con la presencia de un animal amado a nuestro lado.<\/p>\n","protected":false},"excerpt":{"rendered":"<p>Hiro Arikawa<\/p>\n<p>256 p\u00e1ginas<\/p>\n","protected":false},"featured_media":5214,"template":"","meta":{"_joinchat":[]},"product_brand":[],"product_cat":[78,33],"product_tag":[34],"class_list":{"0":"post-5213","1":"product","2":"type-product","3":"status-publish","4":"has-post-thumbnail","6":"product_cat-contemporanea","7":"product_cat-ficcion-general","8":"product_tag-penguin-random-house","10":"first","11":"outofstock","12":"shipping-taxable","13":"purchasable","14":"product-type-simple"},"_links":{"self":[{"href":"https:\/\/libreriahistoriasdebolsillo.com\/index.php\/wp-json\/wp\/v2\/product\/5213","targetHints":{"allow":["GET"]}}],"collection":[{"href":"https:\/\/libreriahistoriasdebolsillo.com\/index.php\/wp-json\/wp\/v2\/product"}],"about":[{"href":"https:\/\/libreriahistoriasdebolsillo.com\/index.php\/wp-json\/wp\/v2\/types\/product"}],"wp:featuredmedia":[{"embeddable":true,"href":"https:\/\/libreriahistoriasdebolsillo.com\/index.php\/wp-json\/wp\/v2\/media\/5214"}],"wp:attachment":[{"href":"https:\/\/libreriahistoriasdebolsillo.com\/index.php\/wp-json\/wp\/v2\/media?parent=5213"}],"wp:term":[{"taxonomy":"product_brand","embeddable":true,"href":"https:\/\/libreriahistoriasdebolsillo.com\/index.php\/wp-json\/wp\/v2\/product_brand?post=5213"},{"taxonomy":"product_cat","embeddable":true,"href":"https:\/\/libreriahistoriasdebolsillo.com\/index.php\/wp-json\/wp\/v2\/product_cat?post=5213"},{"taxonomy":"product_tag","embeddable":true,"href":"https:\/\/libreriahistoriasdebolsillo.com\/index.php\/wp-json\/wp\/v2\/product_tag?post=5213"}],"curies":[{"name":"wp","href":"https:\/\/api.w.org\/{rel}","templated":true}]}}