{"id":5234,"date":"2024-07-22T14:34:44","date_gmt":"2024-07-22T20:34:44","guid":{"rendered":"https:\/\/libreriahistoriasdebolsillo.com\/?post_type=product&#038;p=5234"},"modified":"2025-11-26T18:25:58","modified_gmt":"2025-11-27T00:25:58","slug":"hazte-cargo-de-ti-como-el-autocoaching-puede-transformar-tu-vida","status":"publish","type":"product","link":"https:\/\/libreriahistoriasdebolsillo.com\/index.php\/producto\/hazte-cargo-de-ti-como-el-autocoaching-puede-transformar-tu-vida\/","title":{"rendered":"Hazte cargo de ti. C\u00f3mo el autocoaching puede transformar tu vida"},"content":{"rendered":"<p>Tu vida es demasiado importante como para dejar tu crecimiento personal y profesional al azar. Hazte cargo de ti. Imagina gozar en cualquier momento de los beneficios de tener al mejor coach: esa figura que te aconseja en la b\u00fasqueda de objetivos y resultados, quien te ayuda a superar tus m\u00e1s grandes miedos u obst\u00e1culos y a desarrollar tu m\u00e1ximo potencial. \u00bfQu\u00e9 pasar\u00eda si esa persona en quien depositas toda la confianza para alcanzar tu mejor versi\u00f3n fueras t\u00fa? Estas p\u00e1ginas, repletas de testimonios de grandes l\u00edderes internacionales, consejos pr\u00e1cticos y muchas herramientas m\u00e1s, te proporcionar\u00e1n el conocimiento que te hac\u00eda falta para hacer un cambio real y satisfactorio en tu vida. Sabemos que el mundo est\u00e1 repleto de grandes coaches, pero los mejores son poco accesibles para nuestros bolsillos. Desbloquea ese gran poder de entrenarte a ti mismo y consigue hoy el \u00e9xito que mereces a trav\u00e9s del autocoaching.<\/p>\n","protected":false},"excerpt":{"rendered":"<p>David Novak y Jason Goldsmith<\/p>\n<p>256 p\u00e1ginas<\/p>\n","protected":false},"featured_media":5235,"template":"","meta":{"_joinchat":[]},"product_brand":[],"product_cat":[58,41],"product_tag":[48],"class_list":{"0":"post-5234","1":"product","2":"type-product","3":"status-publish","4":"has-post-thumbnail","6":"product_cat-desarrollo-humano-y-superacion","7":"product_cat-desarrollo-humano","8":"product_tag-vr-editoras","10":"first","11":"instock","12":"shipping-taxable","13":"purchasable","14":"product-type-simple"},"_links":{"self":[{"href":"https:\/\/libreriahistoriasdebolsillo.com\/index.php\/wp-json\/wp\/v2\/product\/5234","targetHints":{"allow":["GET"]}}],"collection":[{"href":"https:\/\/libreriahistoriasdebolsillo.com\/index.php\/wp-json\/wp\/v2\/product"}],"about":[{"href":"https:\/\/libreriahistoriasdebolsillo.com\/index.php\/wp-json\/wp\/v2\/types\/product"}],"wp:featuredmedia":[{"embeddable":true,"href":"https:\/\/libreriahistoriasdebolsillo.com\/index.php\/wp-json\/wp\/v2\/media\/5235"}],"wp:attachment":[{"href":"https:\/\/libreriahistoriasdebolsillo.com\/index.php\/wp-json\/wp\/v2\/media?parent=5234"}],"wp:term":[{"taxonomy":"product_brand","embeddable":true,"href":"https:\/\/libreriahistoriasdebolsillo.com\/index.php\/wp-json\/wp\/v2\/product_brand?post=5234"},{"taxonomy":"product_cat","embeddable":true,"href":"https:\/\/libreriahistoriasdebolsillo.com\/index.php\/wp-json\/wp\/v2\/product_cat?post=5234"},{"taxonomy":"product_tag","embeddable":true,"href":"https:\/\/libreriahistoriasdebolsillo.com\/index.php\/wp-json\/wp\/v2\/product_tag?post=5234"}],"curies":[{"name":"wp","href":"https:\/\/api.w.org\/{rel}","templated":true}]}}