{"id":5246,"date":"2024-07-22T14:58:20","date_gmt":"2024-07-22T20:58:20","guid":{"rendered":"https:\/\/libreriahistoriasdebolsillo.com\/?post_type=product&#038;p=5246"},"modified":"2025-06-27T17:34:26","modified_gmt":"2025-06-27T23:34:26","slug":"dos-chicos-besandose-edicion-aniversario","status":"publish","type":"product","link":"https:\/\/libreriahistoriasdebolsillo.com\/index.php\/producto\/dos-chicos-besandose-edicion-aniversario\/","title":{"rendered":"Dos chicos bes\u00e1ndose (edici\u00f3n aniversario)"},"content":{"rendered":"<p>Harry y Craig tienen diecisiete a\u00f1os y est\u00e1n a punto de embarcarse en el beso m\u00e1s largo de la historia. No solo quieren romper el r\u00e9cord mundial, sino que tambi\u00e9n generar conciencia en la sociedad, demostrar que no hay nada de malo en que dos chicos se besen. Mientras los rodean las c\u00e1maras y una multitud, que los apoya tanto como los repudia, Harry y Craig logran llegar a las vidas de otros j\u00f3venes que se encuentran lidiando con su sexualidad: algunos con aceptaci\u00f3n, algunos con orgullo y otros con tanto dolor que est\u00e1n al borde del abismo. Narrada por un coro de voces que representa a la generaci\u00f3n que perdi\u00f3 la batalla contra el sida, esta es una novela esperanzadora sobre la igualdad y la libertad.<\/p>\n","protected":false},"excerpt":{"rendered":"<p>David Levithan<\/p>\n<p>224 p\u00e1ginas<\/p>\n","protected":false},"featured_media":5247,"template":"","meta":{"_joinchat":[]},"product_brand":[],"product_cat":[38,70],"product_tag":[48],"class_list":{"0":"post-5246","1":"product","2":"type-product","3":"status-publish","4":"has-post-thumbnail","6":"product_cat-lgbtq","7":"product_cat-novedades","8":"product_tag-vr-editoras","10":"first","11":"instock","12":"shipping-taxable","13":"purchasable","14":"product-type-simple"},"_links":{"self":[{"href":"https:\/\/libreriahistoriasdebolsillo.com\/index.php\/wp-json\/wp\/v2\/product\/5246","targetHints":{"allow":["GET"]}}],"collection":[{"href":"https:\/\/libreriahistoriasdebolsillo.com\/index.php\/wp-json\/wp\/v2\/product"}],"about":[{"href":"https:\/\/libreriahistoriasdebolsillo.com\/index.php\/wp-json\/wp\/v2\/types\/product"}],"wp:featuredmedia":[{"embeddable":true,"href":"https:\/\/libreriahistoriasdebolsillo.com\/index.php\/wp-json\/wp\/v2\/media\/5247"}],"wp:attachment":[{"href":"https:\/\/libreriahistoriasdebolsillo.com\/index.php\/wp-json\/wp\/v2\/media?parent=5246"}],"wp:term":[{"taxonomy":"product_brand","embeddable":true,"href":"https:\/\/libreriahistoriasdebolsillo.com\/index.php\/wp-json\/wp\/v2\/product_brand?post=5246"},{"taxonomy":"product_cat","embeddable":true,"href":"https:\/\/libreriahistoriasdebolsillo.com\/index.php\/wp-json\/wp\/v2\/product_cat?post=5246"},{"taxonomy":"product_tag","embeddable":true,"href":"https:\/\/libreriahistoriasdebolsillo.com\/index.php\/wp-json\/wp\/v2\/product_tag?post=5246"}],"curies":[{"name":"wp","href":"https:\/\/api.w.org\/{rel}","templated":true}]}}