{"id":5318,"date":"2024-08-07T10:29:39","date_gmt":"2024-08-07T16:29:39","guid":{"rendered":"https:\/\/libreriahistoriasdebolsillo.com\/?post_type=product&#038;p=5318"},"modified":"2024-12-09T12:21:48","modified_gmt":"2024-12-09T18:21:48","slug":"preguntame-lo-que-quieras","status":"publish","type":"product","link":"https:\/\/libreriahistoriasdebolsillo.com\/index.php\/producto\/preguntame-lo-que-quieras\/","title":{"rendered":"Preg\u00fantame lo que quieras"},"content":{"rendered":"<p><b>Uno de los mejores libros del a\u00f1oseg\u00fan<\/b>\u00a0<i><b>Cosmopolitan<\/b><\/i><b>,<\/b><i><b>\u00a0NPR<\/b><\/i><b>,<\/b><i><b>\u00a0The Washington Post<\/b><\/i><b>,<\/b><i><b>\u00a0Book<\/b><\/i>\u00a0<i><b>Riot<\/b><\/i>\u00a0<b>y muchos m\u00e1s.<\/b><\/p>\n<p><b>Una joven y ambiciosa<\/b>\u00a0<b>periodista entrevista al<\/b>\u00a0<b>actor m\u00e1s deseado de Hollywood&#8230;<\/b>\u00a0<b>y ambos vuelven a encontrarse diez a\u00f1os despu\u00e9s.<\/b><\/p>\n<p>Sinopsis:<\/p>\n<p><i><b>Entonces<\/b>.<\/i>\u00a0Chani Horowitz, escritora en la veintena, est\u00e1 atascada escribiendo art\u00edculos sin importancia. Sin embargo, la contratan para hacerle una entrevista a Gabe Parker, su\u00a0<i>crush<\/i>\u00a0por excelencia y el \u00faltimo James Bond. Aunque Chani se esfuerza por mantener la compostura, las preguntas no tardan en \u00edrsele de las manos y la entrevista se convierte en un fin de semana que vuelve loca a la prensa.<\/p>\n<p><i><b>Ahora.<\/b><\/i>\u00a0Diez a\u00f1os despu\u00e9s, tras un divorcio devastador y una buena dosis de terapia, Chani regresa a Los \u00c1ngeles como periodista de \u00e9xito. Solo que siguen pregunt\u00e1ndole por La Entrevista y por Gabe. Cuando su equipo le propone que repitan el encuentro, Chani quiere fingir que no le interesa, pero lo cierto es que se muere por saber si aquellas setenta y dos horas fueron tan memorables para \u00e9l como para ella. Y, por eso&#8230;, dice que s\u00ed.<\/p>\n<p>* Una novela rom\u00e1ntica que ha cosechado un gran \u00e9xito en BookTok, donde acumula m\u00e1s de 36 millones de visualizaciones.<\/p>\n","protected":false},"excerpt":{"rendered":"<p>Elissa Sussman<\/p>\n<p>360 p\u00e1ginas<\/p>\n","protected":false},"featured_media":5319,"template":"","meta":{"_joinchat":[]},"product_brand":[],"product_cat":[70,35],"product_tag":[34],"class_list":{"0":"post-5318","1":"product","2":"type-product","3":"status-publish","4":"has-post-thumbnail","6":"product_cat-novedades","7":"product_cat-romantica","8":"product_tag-penguin-random-house","10":"first","11":"outofstock","12":"shipping-taxable","13":"purchasable","14":"product-type-simple"},"_links":{"self":[{"href":"https:\/\/libreriahistoriasdebolsillo.com\/index.php\/wp-json\/wp\/v2\/product\/5318","targetHints":{"allow":["GET"]}}],"collection":[{"href":"https:\/\/libreriahistoriasdebolsillo.com\/index.php\/wp-json\/wp\/v2\/product"}],"about":[{"href":"https:\/\/libreriahistoriasdebolsillo.com\/index.php\/wp-json\/wp\/v2\/types\/product"}],"wp:featuredmedia":[{"embeddable":true,"href":"https:\/\/libreriahistoriasdebolsillo.com\/index.php\/wp-json\/wp\/v2\/media\/5319"}],"wp:attachment":[{"href":"https:\/\/libreriahistoriasdebolsillo.com\/index.php\/wp-json\/wp\/v2\/media?parent=5318"}],"wp:term":[{"taxonomy":"product_brand","embeddable":true,"href":"https:\/\/libreriahistoriasdebolsillo.com\/index.php\/wp-json\/wp\/v2\/product_brand?post=5318"},{"taxonomy":"product_cat","embeddable":true,"href":"https:\/\/libreriahistoriasdebolsillo.com\/index.php\/wp-json\/wp\/v2\/product_cat?post=5318"},{"taxonomy":"product_tag","embeddable":true,"href":"https:\/\/libreriahistoriasdebolsillo.com\/index.php\/wp-json\/wp\/v2\/product_tag?post=5318"}],"curies":[{"name":"wp","href":"https:\/\/api.w.org\/{rel}","templated":true}]}}