{"id":5329,"date":"2024-08-08T18:28:34","date_gmt":"2024-08-09T00:28:34","guid":{"rendered":"https:\/\/libreriahistoriasdebolsillo.com\/?post_type=product&#038;p=5329"},"modified":"2024-12-09T12:37:42","modified_gmt":"2024-12-09T18:37:42","slug":"esnob","status":"publish","type":"product","link":"https:\/\/libreriahistoriasdebolsillo.com\/index.php\/producto\/esnob\/","title":{"rendered":"Esnob"},"content":{"rendered":"<p><b>Vuelve El\u00edsabet Benavent con una novela diferente en la que el protagonista es \u00e9l.<\/b><\/p>\n<p><b>Imagina:<\/b>\u00a0eres un tibur\u00f3n de las finanzas estilo lobo de Wall Street, perteneces a una buena familia y siempre lo has tenido todo; por no hablar de que no hay chica que se te resista. Y cuando est\u00e1s a punto de rozar la cumbre del \u00e9xito con las yemas de los dedos, lo pierdes todo&#8230; por tu culpa. Tu \u00fanica salida es volver a empezar y ah\u00ed est\u00e1s, con tu traje esnob, en un pol\u00edgono industrial en tu primer d\u00eda como ceniciento. Pero, tranquilo, Alejo, que este no es el cuento de siempre, \u00bfo tal vez s\u00ed?<\/p>\n<p>Despu\u00e9s de vender m\u00e1s de 4.500.000 ejemplares de sus obras El\u00edsabet Benavent despliega en\u00a0<i>Esnob<\/i>\u00a0su virtuosismo narrativo para hablarnos de las relaciones de amor en un mundo fren\u00e9tico donde lo habitual es encontrar a la persona a golpe de match.\u00a0<i>Esnob<\/i>\u00a0es una radiograf\u00eda de las relaciones humanas mordaz e ir\u00f3nica, divertida y tierna, porque en este cuento lo de menos es el final.<\/p>\n","protected":false},"excerpt":{"rendered":"<p>El\u00edsabet Benavent<\/p>\n<p>600 p\u00e1ginas<\/p>\n","protected":false},"featured_media":5330,"template":"","meta":{"_joinchat":[]},"product_brand":[],"product_cat":[70,35],"product_tag":[34],"class_list":{"0":"post-5329","1":"product","2":"type-product","3":"status-publish","4":"has-post-thumbnail","6":"product_cat-novedades","7":"product_cat-romantica","8":"product_tag-penguin-random-house","10":"first","11":"outofstock","12":"shipping-taxable","13":"purchasable","14":"product-type-simple"},"_links":{"self":[{"href":"https:\/\/libreriahistoriasdebolsillo.com\/index.php\/wp-json\/wp\/v2\/product\/5329","targetHints":{"allow":["GET"]}}],"collection":[{"href":"https:\/\/libreriahistoriasdebolsillo.com\/index.php\/wp-json\/wp\/v2\/product"}],"about":[{"href":"https:\/\/libreriahistoriasdebolsillo.com\/index.php\/wp-json\/wp\/v2\/types\/product"}],"wp:featuredmedia":[{"embeddable":true,"href":"https:\/\/libreriahistoriasdebolsillo.com\/index.php\/wp-json\/wp\/v2\/media\/5330"}],"wp:attachment":[{"href":"https:\/\/libreriahistoriasdebolsillo.com\/index.php\/wp-json\/wp\/v2\/media?parent=5329"}],"wp:term":[{"taxonomy":"product_brand","embeddable":true,"href":"https:\/\/libreriahistoriasdebolsillo.com\/index.php\/wp-json\/wp\/v2\/product_brand?post=5329"},{"taxonomy":"product_cat","embeddable":true,"href":"https:\/\/libreriahistoriasdebolsillo.com\/index.php\/wp-json\/wp\/v2\/product_cat?post=5329"},{"taxonomy":"product_tag","embeddable":true,"href":"https:\/\/libreriahistoriasdebolsillo.com\/index.php\/wp-json\/wp\/v2\/product_tag?post=5329"}],"curies":[{"name":"wp","href":"https:\/\/api.w.org\/{rel}","templated":true}]}}