{"id":5333,"date":"2024-08-09T10:44:20","date_gmt":"2024-08-09T16:44:20","guid":{"rendered":"https:\/\/libreriahistoriasdebolsillo.com\/?post_type=product&#038;p=5333"},"modified":"2024-12-09T12:40:24","modified_gmt":"2024-12-09T18:40:24","slug":"como-ser-un-adulto-en-las-relaciones","status":"publish","type":"product","link":"https:\/\/libreriahistoriasdebolsillo.com\/index.php\/producto\/como-ser-un-adulto-en-las-relaciones\/","title":{"rendered":"C\u00f3mo ser un adulto en las relaciones"},"content":{"rendered":"<p><b>Nueva traducci\u00f3n de este<\/b>\u00a0<b>bestseller<\/b>\u00a0<b>sobre el amor y las relaciones<\/b>\u00a0<b>del psicoterapeuta David<\/b>\u00a0<b>Richo.<\/b><\/p>\n<p>Este libro ha llegado al\u00a0<b>coraz\u00f3n<\/b>\u00a0de miles de personas con sus\u00a0<b>consejos pr\u00e1cticos<\/b>\u00a0y profundos. Esta edici\u00f3n incluye\u00a0<b>material nuevo<\/b>\u00a0y revisado sobre c\u00f3mo vivimos y amamos en la actualidad, manteniendo su mensaje principal de fomentar la\u00a0<b>conciencia plena<\/b>\u00a0en nuestras relaciones. Un nuevo prefacio explora la experiencia de David Richo con el libro a lo largo de los a\u00f1os y destaca las principales actualizaciones de esta edici\u00f3n, como la atenci\u00f3n almundo de los sitios virtuales de citas y los estilos de\u00a0<b>comunicaci\u00f3n modernos<\/b>, adem\u00e1s de ofrecer nuevas perspectivas sobre la ira y c\u00f3mo terminar relaciones.<\/p>\n<p>\u201cLa mayor\u00eda de las personas ven el\u00a0<b>amor<\/b>\u00a0como un sentimiento, pero m\u00e1s que un sentimiento el amor es una forma de estar presente\u201d, dice Richo.\u00a0<i><b>C\u00f3mo<\/b><\/i>\u00a0<i><b>ser un adulto en las relaciones<\/b><\/i>\u00a0explora cinco\u00a0<b>pilares<\/b>\u00a0del amor conscientey el papel crucial que estos\u00a0<b>desempe\u00f1an<\/b>\u00a0en nuestras relaciones. El amor adulto se basa en un compromiso mutuo con lo que Richo denomina \u201c<b>las cinco A<\/b>\u201d: atenci\u00f3n, aceptaci\u00f3n, aprecio, afecto y autorizaci\u00f3n. Repleto de ejercicios pr\u00e1cticos para parejas y solteros, este libro ofrece una visi\u00f3n esperanzadora sobre el viaje del amor a lo largo de la vida. Entre los temas tratados se incluyen:<\/p>\n<p>\u2022 Tomar conciencia de nuestros patrones de\u00a0<b>relaci\u00f3n<\/b>\u00a0y c\u00f3mo se asocian con nuestra infancia<\/p>\n<p>\u2022 Reconocer y atraer a alguien que pueda mostrar un\u00a0<b>amor adulto<\/b><\/p>\n<p>\u2022 Comprender las\u00a0<b>fases<\/b>\u00a0que atraviesan las relaciones<\/p>\n<p>\u2022 Crear y mantener\u00a0<b>l\u00edmites<\/b>\u00a0<b>saludables<\/b><\/p>\n<p>\u2022 Superar el miedo al abandono y la\u00a0<b>asfixia emocional<\/b><\/p>\n<p>\u2022 Expresar la ira y otras\u00a0<b>emociones<\/b>\u00a0de manera adulta y amorosa<\/p>\n<p>\u2022 Sobrevivir a las\u00a0<b>rupturas<\/b>\u00a0manteniendo nuestra autoestima intacta<\/p>\n<p>\u2022 Entender el amor como un\u00a0<b>viaje<\/b>\u00a0<b>espiritual<\/b><\/p>\n","protected":false},"excerpt":{"rendered":"<p>David Richo<\/p>\n<p>344 p\u00e1ginas<\/p>\n","protected":false},"featured_media":5334,"template":"","meta":{"_joinchat":[]},"product_brand":[],"product_cat":[58,41,70],"product_tag":[34],"class_list":{"0":"post-5333","1":"product","2":"type-product","3":"status-publish","4":"has-post-thumbnail","6":"product_cat-desarrollo-humano-y-superacion","7":"product_cat-desarrollo-humano","8":"product_cat-novedades","9":"product_tag-penguin-random-house","11":"first","12":"outofstock","13":"shipping-taxable","14":"purchasable","15":"product-type-simple"},"_links":{"self":[{"href":"https:\/\/libreriahistoriasdebolsillo.com\/index.php\/wp-json\/wp\/v2\/product\/5333","targetHints":{"allow":["GET"]}}],"collection":[{"href":"https:\/\/libreriahistoriasdebolsillo.com\/index.php\/wp-json\/wp\/v2\/product"}],"about":[{"href":"https:\/\/libreriahistoriasdebolsillo.com\/index.php\/wp-json\/wp\/v2\/types\/product"}],"wp:featuredmedia":[{"embeddable":true,"href":"https:\/\/libreriahistoriasdebolsillo.com\/index.php\/wp-json\/wp\/v2\/media\/5334"}],"wp:attachment":[{"href":"https:\/\/libreriahistoriasdebolsillo.com\/index.php\/wp-json\/wp\/v2\/media?parent=5333"}],"wp:term":[{"taxonomy":"product_brand","embeddable":true,"href":"https:\/\/libreriahistoriasdebolsillo.com\/index.php\/wp-json\/wp\/v2\/product_brand?post=5333"},{"taxonomy":"product_cat","embeddable":true,"href":"https:\/\/libreriahistoriasdebolsillo.com\/index.php\/wp-json\/wp\/v2\/product_cat?post=5333"},{"taxonomy":"product_tag","embeddable":true,"href":"https:\/\/libreriahistoriasdebolsillo.com\/index.php\/wp-json\/wp\/v2\/product_tag?post=5333"}],"curies":[{"name":"wp","href":"https:\/\/api.w.org\/{rel}","templated":true}]}}