{"id":5398,"date":"2024-08-12T15:09:32","date_gmt":"2024-08-12T21:09:32","guid":{"rendered":"https:\/\/libreriahistoriasdebolsillo.com\/?post_type=product&#038;p=5398"},"modified":"2024-12-16T16:54:47","modified_gmt":"2024-12-16T22:54:47","slug":"las-5-habilidades-esenciales-para-tratar-con-las-personas","status":"publish","type":"product","link":"https:\/\/libreriahistoriasdebolsillo.com\/index.php\/producto\/las-5-habilidades-esenciales-para-tratar-con-las-personas\/","title":{"rendered":"Las 5 habilidades esenciales para tratar con las personas"},"content":{"rendered":"<p><b>\u00a1Aprenda a ser asertivo, mejore su confianza y transmita sus mensajes con consideraci\u00f3n, potencia y claridad!<\/b><\/p>\n<p>La\u00a0<b>asertividad\u00a0<\/b>es la aptitud para hablar y actuar de cierta manera con el objetivo de conseguir siempre una respuesta positiva. \u00c9ste es el elemento b\u00e1sico que forma el n\u00facleo de\u00a0<i>Las 5 habilidades esenciales para tratar con las personas.\u00a0<\/i>La asertividad es tambi\u00e9n un<b>\u00a0ant\u00eddoto\u00a0<\/b>ante el\u00a0<b>miedo,<\/b>\u00a0la\u00a0<b>timidez,<\/b>\u00a0la\u00a0<b>pasividad\u00a0<\/b>e incluso la<b>\u00a0ira.<\/b>\u00a0Es la herramienta que nos permite comunicar nuestras necesidades de forma clara y productiva en el entorno de una empresa.<\/p>\n<p>Este libro le ense\u00f1ar\u00e1 a identificar y explorar\u00a0<b>cinco habilidades esenciales<\/b>\u00a0para tratar con las personas: establecimiento de relaciones, curiosidad, comunicaci\u00f3n, ambici\u00f3n y resoluci\u00f3n de conflictos. Pero esto es s\u00f3lo el principio. Tome una decisi\u00f3n que cambiar\u00e1 su vida y consiga resultados que nunca hab\u00eda so\u00f1ado.<\/p>\n","protected":false},"excerpt":{"rendered":"<p>Dale Carnegie<\/p>\n<p>320 p\u00e1ginas<\/p>\n","protected":false},"featured_media":5399,"template":"","meta":{"_joinchat":[]},"product_brand":[],"product_cat":[58,41],"product_tag":[34],"class_list":{"0":"post-5398","1":"product","2":"type-product","3":"status-publish","4":"has-post-thumbnail","6":"product_cat-desarrollo-humano-y-superacion","7":"product_cat-desarrollo-humano","8":"product_tag-penguin-random-house","10":"first","11":"outofstock","12":"shipping-taxable","13":"purchasable","14":"product-type-simple"},"_links":{"self":[{"href":"https:\/\/libreriahistoriasdebolsillo.com\/index.php\/wp-json\/wp\/v2\/product\/5398","targetHints":{"allow":["GET"]}}],"collection":[{"href":"https:\/\/libreriahistoriasdebolsillo.com\/index.php\/wp-json\/wp\/v2\/product"}],"about":[{"href":"https:\/\/libreriahistoriasdebolsillo.com\/index.php\/wp-json\/wp\/v2\/types\/product"}],"wp:featuredmedia":[{"embeddable":true,"href":"https:\/\/libreriahistoriasdebolsillo.com\/index.php\/wp-json\/wp\/v2\/media\/5399"}],"wp:attachment":[{"href":"https:\/\/libreriahistoriasdebolsillo.com\/index.php\/wp-json\/wp\/v2\/media?parent=5398"}],"wp:term":[{"taxonomy":"product_brand","embeddable":true,"href":"https:\/\/libreriahistoriasdebolsillo.com\/index.php\/wp-json\/wp\/v2\/product_brand?post=5398"},{"taxonomy":"product_cat","embeddable":true,"href":"https:\/\/libreriahistoriasdebolsillo.com\/index.php\/wp-json\/wp\/v2\/product_cat?post=5398"},{"taxonomy":"product_tag","embeddable":true,"href":"https:\/\/libreriahistoriasdebolsillo.com\/index.php\/wp-json\/wp\/v2\/product_tag?post=5398"}],"curies":[{"name":"wp","href":"https:\/\/api.w.org\/{rel}","templated":true}]}}