{"id":5416,"date":"2024-08-12T15:54:31","date_gmt":"2024-08-12T21:54:31","guid":{"rendered":"https:\/\/libreriahistoriasdebolsillo.com\/?post_type=product&#038;p=5416"},"modified":"2024-12-16T16:53:33","modified_gmt":"2024-12-16T22:53:33","slug":"las-cosas-que-perdimos-en-el-fuego","status":"publish","type":"product","link":"https:\/\/libreriahistoriasdebolsillo.com\/index.php\/producto\/las-cosas-que-perdimos-en-el-fuego\/","title":{"rendered":"Las cosas que perdimos en el fuego"},"content":{"rendered":"<p><span class=\"a-text-bold\">La adaptaci\u00f3n gr\u00e1fica de cuatro relatos de una de las obras narrativas de terror m\u00e1s originales y sorprendentes del siglo XXI.<\/span><\/p>\n<p>Un coche se encuentra abandonado de noche en medio de la llanura pampeana con un bid\u00f3n de gasolina al lado. De repente, el veh\u00edculo estalla en llamas y vemos que, en su interior, una mujer est\u00e1 sentada al volante, sin inmutarse. A su lado descansa un libro en cuya portada leemos: Las cosas que perdimos en el fuego. Con esta potente sucesi\u00f3n de im\u00e1genes empieza la maravillosa adaptaci\u00f3n a cargo de Lucas Nine de la c\u00e9lebre recopilaci\u00f3n de cuentos hom\u00f3nima de Mariana Enriquez, una de las voces m\u00e1s rompedoras y originales del panorama actual, que encuentra en esta escena el hilo visual que conecta los cuatro relatos seleccionados: El chico sucio, Pablito clav\u00f3 un clavito, El patio del vecino y Bajo el agua negra.<\/p>\n","protected":false},"excerpt":{"rendered":"<p>Lucas Nine y Mariana Enriquez<\/p>\n<p>104 p\u00e1ginas<\/p>\n","protected":false},"featured_media":5417,"template":"","meta":{"_joinchat":[]},"product_brand":[],"product_cat":[70,36],"product_tag":[34],"class_list":{"0":"post-5416","1":"product","2":"type-product","3":"status-publish","4":"has-post-thumbnail","6":"product_cat-novedades","7":"product_cat-terror-y-paranormal","8":"product_tag-penguin-random-house","10":"first","11":"outofstock","12":"shipping-taxable","13":"purchasable","14":"product-type-simple"},"_links":{"self":[{"href":"https:\/\/libreriahistoriasdebolsillo.com\/index.php\/wp-json\/wp\/v2\/product\/5416","targetHints":{"allow":["GET"]}}],"collection":[{"href":"https:\/\/libreriahistoriasdebolsillo.com\/index.php\/wp-json\/wp\/v2\/product"}],"about":[{"href":"https:\/\/libreriahistoriasdebolsillo.com\/index.php\/wp-json\/wp\/v2\/types\/product"}],"wp:featuredmedia":[{"embeddable":true,"href":"https:\/\/libreriahistoriasdebolsillo.com\/index.php\/wp-json\/wp\/v2\/media\/5417"}],"wp:attachment":[{"href":"https:\/\/libreriahistoriasdebolsillo.com\/index.php\/wp-json\/wp\/v2\/media?parent=5416"}],"wp:term":[{"taxonomy":"product_brand","embeddable":true,"href":"https:\/\/libreriahistoriasdebolsillo.com\/index.php\/wp-json\/wp\/v2\/product_brand?post=5416"},{"taxonomy":"product_cat","embeddable":true,"href":"https:\/\/libreriahistoriasdebolsillo.com\/index.php\/wp-json\/wp\/v2\/product_cat?post=5416"},{"taxonomy":"product_tag","embeddable":true,"href":"https:\/\/libreriahistoriasdebolsillo.com\/index.php\/wp-json\/wp\/v2\/product_tag?post=5416"}],"curies":[{"name":"wp","href":"https:\/\/api.w.org\/{rel}","templated":true}]}}