{"id":5450,"date":"2024-08-22T16:45:37","date_gmt":"2024-08-22T22:45:37","guid":{"rendered":"https:\/\/libreriahistoriasdebolsillo.com\/?post_type=product&#038;p=5450"},"modified":"2024-12-16T16:52:32","modified_gmt":"2024-12-16T22:52:32","slug":"estuche-la-formula-de-la-felicidad","status":"publish","type":"product","link":"https:\/\/libreriahistoriasdebolsillo.com\/index.php\/producto\/estuche-la-formula-de-la-felicidad\/","title":{"rendered":"Estuche la f\u00f3rmula de la felicidad"},"content":{"rendered":"<p>La f\u00f3rmula de la felicidad es un estuche, en edici\u00f3n limitada, que re\u00fane los dos t\u00edtulos imprescindibles de Rafael Santandreu: Las anteojos de la felicidad y Ser feliz en Alaska.<\/p>\n<p>Las anteojos de la felicidad<\/p>\n<p>Las infalibles soluciones de Rafael Santandreu para superar los complejos y los problemas que dificultan y amargan la vida de tantas personas.<\/p>\n<p>\u00abEste libro pretende convertirte en una persona mucho m\u00e1s fuerte y feliz. Aglutina todos los mecanismos que conoce la psicolog\u00eda moderna para transformarnos. Personalmente no soy fan de los libros de autoayuda, excepto de aquellos basados en la evidencia. Aqu\u00ed te ofrezco solo herramientas de comprobada eficacia y te aseguro que el 80% de los pacientes que han seguido mi combinaci\u00f3n terap\u00e9utica han dejado completamente atr\u00e1s la depresi\u00f3n, la ansiedad, las obsesiones y los miedos exagerados.\u00bb<br \/>\nRafael Santandreu<\/p>\n","protected":false},"excerpt":{"rendered":"<p>Rafael Santandreu<\/p>\n","protected":false},"featured_media":5453,"template":"","meta":{"_joinchat":[]},"product_brand":[],"product_cat":[58,41],"product_tag":[34],"class_list":{"0":"post-5450","1":"product","2":"type-product","3":"status-publish","4":"has-post-thumbnail","6":"product_cat-desarrollo-humano-y-superacion","7":"product_cat-desarrollo-humano","8":"product_tag-penguin-random-house","10":"first","11":"outofstock","12":"shipping-taxable","13":"purchasable","14":"product-type-simple"},"_links":{"self":[{"href":"https:\/\/libreriahistoriasdebolsillo.com\/index.php\/wp-json\/wp\/v2\/product\/5450","targetHints":{"allow":["GET"]}}],"collection":[{"href":"https:\/\/libreriahistoriasdebolsillo.com\/index.php\/wp-json\/wp\/v2\/product"}],"about":[{"href":"https:\/\/libreriahistoriasdebolsillo.com\/index.php\/wp-json\/wp\/v2\/types\/product"}],"wp:featuredmedia":[{"embeddable":true,"href":"https:\/\/libreriahistoriasdebolsillo.com\/index.php\/wp-json\/wp\/v2\/media\/5453"}],"wp:attachment":[{"href":"https:\/\/libreriahistoriasdebolsillo.com\/index.php\/wp-json\/wp\/v2\/media?parent=5450"}],"wp:term":[{"taxonomy":"product_brand","embeddable":true,"href":"https:\/\/libreriahistoriasdebolsillo.com\/index.php\/wp-json\/wp\/v2\/product_brand?post=5450"},{"taxonomy":"product_cat","embeddable":true,"href":"https:\/\/libreriahistoriasdebolsillo.com\/index.php\/wp-json\/wp\/v2\/product_cat?post=5450"},{"taxonomy":"product_tag","embeddable":true,"href":"https:\/\/libreriahistoriasdebolsillo.com\/index.php\/wp-json\/wp\/v2\/product_tag?post=5450"}],"curies":[{"name":"wp","href":"https:\/\/api.w.org\/{rel}","templated":true}]}}