{"id":5473,"date":"2024-08-28T17:39:02","date_gmt":"2024-08-28T23:39:02","guid":{"rendered":"https:\/\/libreriahistoriasdebolsillo.com\/?post_type=product&#038;p=5473"},"modified":"2025-01-08T12:21:45","modified_gmt":"2025-01-08T18:21:45","slug":"el-honor-del-samurai","status":"publish","type":"product","link":"https:\/\/libreriahistoriasdebolsillo.com\/index.php\/producto\/el-honor-del-samurai\/","title":{"rendered":"El honor del samur\u00e1i"},"content":{"rendered":"<p><b>Una familia asediada. <\/b><b>Un secreto centenario. <\/b><b>Una historia \u00e9pica de coraje, amor y traici\u00f3n.<\/b><\/p>\n<p>Estamos en 1861 y\u00a0<b>Jap\u00f3n<\/b>\u00a0se ha visto forzado a abrir las puertas a Occidente, con el consiguiente choque entre ambas\u00a0<b>culturas<\/b>. En el puerto de\u00a0<b>Edo<\/b>\u00a0se acumulan los barcos extranjeros en busca de\u00a0<b>oportunidades<\/b>en esas tierras. Uno de ellos transporta a un grupo de americanos cuyo objetivo es llevar la palabra de\u00a0<b>Dios<\/b>\u00a0al pueblo nip\u00f3n. Para dos de estos misioneros, sin embargo, el viaje supone algo m\u00e1s: la joven\u00a0<b>Emily<\/b>\u00a0<b>Gibson<\/b>\u00a0quiere dejar atr\u00e1s un\u00a0<b>pasado<\/b>\u00a0inc\u00f3modo e iniciar una nueva vida;\u00a0<b>Matthew Stark<\/b>\u00a0tiene algo que ocultar bajo su pac\u00edfica apariencia.<\/p>\n<p>El destino de ambos se cruza con el de\u00a0<b>Genji<\/b>, un joven\u00a0<b>samur\u00e1i<\/b>\u00a0heredero del clan Akaoka. Su amistad despierta el recelo de otros clanes, que declarar\u00e1n la guerra abierta a Genji. Ayudado por sus dos nuevos amigos y su amante, la geisha Heiko, este defender\u00e1 su posici\u00f3n sorteando intrigas y traiciones.<\/p>\n","protected":false},"excerpt":{"rendered":"<p>Takashi Matsuoka<\/p>\n<p>520 p\u00e1ginas<\/p>\n","protected":false},"featured_media":5474,"template":"","meta":{"_joinchat":[]},"product_brand":[],"product_cat":[56,70],"product_tag":[34],"class_list":{"0":"post-5473","1":"product","2":"type-product","3":"status-publish","4":"has-post-thumbnail","6":"product_cat-historica","7":"product_cat-novedades","8":"product_tag-penguin-random-house","10":"first","11":"outofstock","12":"shipping-taxable","13":"purchasable","14":"product-type-simple"},"_links":{"self":[{"href":"https:\/\/libreriahistoriasdebolsillo.com\/index.php\/wp-json\/wp\/v2\/product\/5473","targetHints":{"allow":["GET"]}}],"collection":[{"href":"https:\/\/libreriahistoriasdebolsillo.com\/index.php\/wp-json\/wp\/v2\/product"}],"about":[{"href":"https:\/\/libreriahistoriasdebolsillo.com\/index.php\/wp-json\/wp\/v2\/types\/product"}],"wp:featuredmedia":[{"embeddable":true,"href":"https:\/\/libreriahistoriasdebolsillo.com\/index.php\/wp-json\/wp\/v2\/media\/5474"}],"wp:attachment":[{"href":"https:\/\/libreriahistoriasdebolsillo.com\/index.php\/wp-json\/wp\/v2\/media?parent=5473"}],"wp:term":[{"taxonomy":"product_brand","embeddable":true,"href":"https:\/\/libreriahistoriasdebolsillo.com\/index.php\/wp-json\/wp\/v2\/product_brand?post=5473"},{"taxonomy":"product_cat","embeddable":true,"href":"https:\/\/libreriahistoriasdebolsillo.com\/index.php\/wp-json\/wp\/v2\/product_cat?post=5473"},{"taxonomy":"product_tag","embeddable":true,"href":"https:\/\/libreriahistoriasdebolsillo.com\/index.php\/wp-json\/wp\/v2\/product_tag?post=5473"}],"curies":[{"name":"wp","href":"https:\/\/api.w.org\/{rel}","templated":true}]}}