{"id":5560,"date":"2024-09-10T10:12:52","date_gmt":"2024-09-10T16:12:52","guid":{"rendered":"https:\/\/libreriahistoriasdebolsillo.com\/?post_type=product&#038;p=5560"},"modified":"2025-06-16T11:05:19","modified_gmt":"2025-06-16T17:05:19","slug":"el-caso-cumbres","status":"publish","type":"product","link":"https:\/\/libreriahistoriasdebolsillo.com\/index.php\/producto\/el-caso-cumbres\/","title":{"rendered":"El caso Cumbres"},"content":{"rendered":"<p><b>Pocos casos criminales del M\u00e9xico reciente<\/b>\u00a0<b>son tan conocidos y a la vez mal comprendidos, incluso distorsionados por los medios de comunicaci\u00f3n y<\/b>\u00a0<b>seudoinvestigadores<\/b><b>\u00a0de las redes, como el ataque de Diego Santoy a la familia<\/b>\u00a0<b>Pe\u00f1a Coss, ocurrido el 2 de marzo de 2006,<\/b>\u00a0<b>en la colonia Cumbres, de Monterrey.<\/b><\/p>\n<p>Tras huir y ser capturado,\u00a0<b>Santoy admiti\u00f3<\/b>\u00a0haber agredido a su exnovia\u00a0<b>\u00c9rika<\/b>\u00a0y asesinado a los hermanos de ella,\u00a0<b>\u00c9rik\u00a0<\/b>y\u00a0<b>Mar\u00eda Fernanda<\/b>, solo unos ni\u00f1os, adem\u00e1s de secuestrar a\u00a0<b>Catalina<\/b>, la empleada dom\u00e9stica de la familia. Menos de un mes despu\u00e9s, Santoy acus\u00f3 a \u00c9rika de ser la\u00a0<b>asesina<\/b>\u00a0de los ni\u00f1os. Su segundo relato fue ampliamente aceptado y produjo otras versiones que acabaron por\u00a0<b>enturbiar<\/b>\u00a0la verdad de forma perdurable.<\/p>\n<p>Provisto de\u00a0<b>informaci\u00f3n extraviada<\/b>\u00a0o nunca asimilada y uniendo las piezas de la historia de forma minuciosa,\u00a0<b>Javier Mungu\u00eda<\/b>\u00a0propone al lector de\u00a0<i><b>El caso Cumbres<\/b><\/i>\u00a0reexaminar los hechos bajo otra \u00f3ptica y enfrentarse a un escenario inquietante: una sociedad que da la espalda a las v\u00edctimas y se convierte en uno m\u00e1s de sus\u00a0<b>verdugos<\/b>.<\/p>\n","protected":false},"excerpt":{"rendered":"<p>Javier Mungu\u00eda<\/p>\n<p>224 p\u00e1ginas<\/p>\n","protected":false},"featured_media":5562,"template":"","meta":{"_joinchat":[]},"product_brand":[],"product_cat":[41,70,64],"product_tag":[34],"class_list":{"0":"post-5560","1":"product","2":"type-product","3":"status-publish","4":"has-post-thumbnail","6":"product_cat-desarrollo-humano","7":"product_cat-novedades","8":"product_cat-periodismo","9":"product_tag-penguin-random-house","11":"first","12":"outofstock","13":"shipping-taxable","14":"purchasable","15":"product-type-simple"},"_links":{"self":[{"href":"https:\/\/libreriahistoriasdebolsillo.com\/index.php\/wp-json\/wp\/v2\/product\/5560","targetHints":{"allow":["GET"]}}],"collection":[{"href":"https:\/\/libreriahistoriasdebolsillo.com\/index.php\/wp-json\/wp\/v2\/product"}],"about":[{"href":"https:\/\/libreriahistoriasdebolsillo.com\/index.php\/wp-json\/wp\/v2\/types\/product"}],"wp:featuredmedia":[{"embeddable":true,"href":"https:\/\/libreriahistoriasdebolsillo.com\/index.php\/wp-json\/wp\/v2\/media\/5562"}],"wp:attachment":[{"href":"https:\/\/libreriahistoriasdebolsillo.com\/index.php\/wp-json\/wp\/v2\/media?parent=5560"}],"wp:term":[{"taxonomy":"product_brand","embeddable":true,"href":"https:\/\/libreriahistoriasdebolsillo.com\/index.php\/wp-json\/wp\/v2\/product_brand?post=5560"},{"taxonomy":"product_cat","embeddable":true,"href":"https:\/\/libreriahistoriasdebolsillo.com\/index.php\/wp-json\/wp\/v2\/product_cat?post=5560"},{"taxonomy":"product_tag","embeddable":true,"href":"https:\/\/libreriahistoriasdebolsillo.com\/index.php\/wp-json\/wp\/v2\/product_tag?post=5560"}],"curies":[{"name":"wp","href":"https:\/\/api.w.org\/{rel}","templated":true}]}}