{"id":5643,"date":"2024-10-02T15:05:39","date_gmt":"2024-10-02T21:05:39","guid":{"rendered":"https:\/\/libreriahistoriasdebolsillo.com\/?post_type=product&#038;p=5643"},"modified":"2025-06-28T15:39:54","modified_gmt":"2025-06-28T21:39:54","slug":"solo-necesito-que-me-aceptes","status":"publish","type":"product","link":"https:\/\/libreriahistoriasdebolsillo.com\/index.php\/producto\/solo-necesito-que-me-aceptes\/","title":{"rendered":"Solo necesito que me aceptes"},"content":{"rendered":"<p>APRENDE A INTERPRETAR LAS SE\u00d1ALES DE TU HIJO ADOLESCENTE Y DESCUBRE TU ESTILO DE PERSONALIDAD PARENTAL.<\/p>\n<p>Las nuevas generaciones de adolescentes tienen que enfrentarse a un mundo lleno de incertidumbres a nivel global y personal. Abigail Huertas es psiquiatra infantojuvenil y tiene una vasta experiencia acompa\u00f1ando a j\u00f3venes con una gran diversidad de problem\u00e1ticas que, detectadas a tiempo, pueden abordarse desde la colaboraci\u00f3n entre familias y profesionales para garantizar la futura salud de nuestros hijos. A trav\u00e9s de las historias de Mario, Jon\u00e1s o Diana entenderemos c\u00f3mo se abordan desde la psiquiatr\u00eda infantojuvenil problemas como las adicciones, la depresi\u00f3n, las autolesiones o los trastornos de la conducta alimentaria, y aprenderemos a usar estrategias para que nuestros adolescentes sean capaces de comunicarnos lo que les hace sufrir. Adem\u00e1s, la autora ofrece un apartado para que los padres identifiquen su estilo de crianza, a fin de que conozcan sus puntos fuertes y puedan mejorar aquellos aspectos que requieren mayor atenci\u00f3n.<\/p>\n","protected":false},"excerpt":{"rendered":"<p>Dra. Abigail Huertas<\/p>\n<p>257 p\u00e1ginas<\/p>\n","protected":false},"featured_media":5644,"template":"","meta":{"_joinchat":[]},"product_brand":[],"product_cat":[41,70],"product_tag":[48],"class_list":{"0":"post-5643","1":"product","2":"type-product","3":"status-publish","4":"has-post-thumbnail","6":"product_cat-desarrollo-humano","7":"product_cat-novedades","8":"product_tag-vr-editoras","10":"first","11":"outofstock","12":"shipping-taxable","13":"purchasable","14":"product-type-simple"},"_links":{"self":[{"href":"https:\/\/libreriahistoriasdebolsillo.com\/index.php\/wp-json\/wp\/v2\/product\/5643","targetHints":{"allow":["GET"]}}],"collection":[{"href":"https:\/\/libreriahistoriasdebolsillo.com\/index.php\/wp-json\/wp\/v2\/product"}],"about":[{"href":"https:\/\/libreriahistoriasdebolsillo.com\/index.php\/wp-json\/wp\/v2\/types\/product"}],"wp:featuredmedia":[{"embeddable":true,"href":"https:\/\/libreriahistoriasdebolsillo.com\/index.php\/wp-json\/wp\/v2\/media\/5644"}],"wp:attachment":[{"href":"https:\/\/libreriahistoriasdebolsillo.com\/index.php\/wp-json\/wp\/v2\/media?parent=5643"}],"wp:term":[{"taxonomy":"product_brand","embeddable":true,"href":"https:\/\/libreriahistoriasdebolsillo.com\/index.php\/wp-json\/wp\/v2\/product_brand?post=5643"},{"taxonomy":"product_cat","embeddable":true,"href":"https:\/\/libreriahistoriasdebolsillo.com\/index.php\/wp-json\/wp\/v2\/product_cat?post=5643"},{"taxonomy":"product_tag","embeddable":true,"href":"https:\/\/libreriahistoriasdebolsillo.com\/index.php\/wp-json\/wp\/v2\/product_tag?post=5643"}],"curies":[{"name":"wp","href":"https:\/\/api.w.org\/{rel}","templated":true}]}}