{"id":5671,"date":"2024-10-14T10:19:34","date_gmt":"2024-10-14T16:19:34","guid":{"rendered":"https:\/\/libreriahistoriasdebolsillo.com\/?post_type=product&#038;p=5671"},"modified":"2025-02-05T13:24:52","modified_gmt":"2025-02-05T19:24:52","slug":"las-bragas-al-sol","status":"publish","type":"product","link":"https:\/\/libreriahistoriasdebolsillo.com\/index.php\/producto\/las-bragas-al-sol\/","title":{"rendered":"Las bragas al sol"},"content":{"rendered":"<p><b>Una historia para re\u00edr, llorar y reconciliarse con la vida.<\/b><\/p>\n<p>Sin nada que perder y todo por ganar, Rita Racons emprende<\/p>\n<p>el que ser\u00e1 el viaje de su vida. Animada por su abuela, decide coger un avi\u00f3n y trasladarse a Estados Unidos para trabajar como au-pair y aprender ingl\u00e9s. El azar la llevar\u00e1 a la casa de los Bookland, en Atlanta, donde cuidar\u00e1 de los tres hijos de la familia durante un a\u00f1o entero.<\/p>\n<p>Los Bookland lo son todo menos la t\u00edpica familia americana. Insoportablemente intelectuales, esperan que la nueva au-pair est\u00e9 a la altura de lo que exigen unas peque\u00f1as mentes \u00e1vidas de conocimientos. Y, pese a que no acabar\u00e1 de estarlo, Rita y su caos constante llevar\u00e1n a los peque\u00f1os Bookland a disfrutar de aquello que no est\u00e1 escrito en los libros.<\/p>\n<p>Regina Rodr\u00edguez Sirvent construye, gracias a un estilo desternillante y locuaz, una novela divertid\u00edsima sobre lo que sucede cuando nos atrevemos a vivir.<\/p>\n","protected":false},"excerpt":{"rendered":"<p>Regina Rodr\u00edguez Sirvent<\/p>\n<p>480 p\u00e1ginas<\/p>\n","protected":false},"featured_media":5672,"template":"","meta":{"_joinchat":[]},"product_brand":[],"product_cat":[33,70],"product_tag":[34],"class_list":{"0":"post-5671","1":"product","2":"type-product","3":"status-publish","4":"has-post-thumbnail","6":"product_cat-ficcion-general","7":"product_cat-novedades","8":"product_tag-penguin-random-house","10":"first","11":"outofstock","12":"shipping-taxable","13":"purchasable","14":"product-type-simple"},"_links":{"self":[{"href":"https:\/\/libreriahistoriasdebolsillo.com\/index.php\/wp-json\/wp\/v2\/product\/5671","targetHints":{"allow":["GET"]}}],"collection":[{"href":"https:\/\/libreriahistoriasdebolsillo.com\/index.php\/wp-json\/wp\/v2\/product"}],"about":[{"href":"https:\/\/libreriahistoriasdebolsillo.com\/index.php\/wp-json\/wp\/v2\/types\/product"}],"wp:featuredmedia":[{"embeddable":true,"href":"https:\/\/libreriahistoriasdebolsillo.com\/index.php\/wp-json\/wp\/v2\/media\/5672"}],"wp:attachment":[{"href":"https:\/\/libreriahistoriasdebolsillo.com\/index.php\/wp-json\/wp\/v2\/media?parent=5671"}],"wp:term":[{"taxonomy":"product_brand","embeddable":true,"href":"https:\/\/libreriahistoriasdebolsillo.com\/index.php\/wp-json\/wp\/v2\/product_brand?post=5671"},{"taxonomy":"product_cat","embeddable":true,"href":"https:\/\/libreriahistoriasdebolsillo.com\/index.php\/wp-json\/wp\/v2\/product_cat?post=5671"},{"taxonomy":"product_tag","embeddable":true,"href":"https:\/\/libreriahistoriasdebolsillo.com\/index.php\/wp-json\/wp\/v2\/product_tag?post=5671"}],"curies":[{"name":"wp","href":"https:\/\/api.w.org\/{rel}","templated":true}]}}