{"id":5681,"date":"2024-10-14T10:32:54","date_gmt":"2024-10-14T16:32:54","guid":{"rendered":"https:\/\/libreriahistoriasdebolsillo.com\/?post_type=product&#038;p=5681"},"modified":"2025-11-20T13:09:24","modified_gmt":"2025-11-20T19:09:24","slug":"como-sanar-tu-ansiedad-cuando-nadie-mas-puede-hacerlo","status":"publish","type":"product","link":"https:\/\/libreriahistoriasdebolsillo.com\/index.php\/producto\/como-sanar-tu-ansiedad-cuando-nadie-mas-puede-hacerlo\/","title":{"rendered":"C\u00f3mo sanar tu ansiedad cuando nadie m\u00e1s puede hacerlo"},"content":{"rendered":"<p><b>\u00a1Vivir una vida relajada, alegre y saludable es posible!<\/b><\/p>\n<p>La ansiedad no es s\u00f3lo miedo y no viene de la nada. De hecho, todo lo que crees saber sobre la ansiedad est\u00e1 a punto de cambiar. Este excepcional libro es un enfoque \u00fanico, lleno de t\u00e9cnicas pr\u00e1cticas y orientaci\u00f3n que ilustra una verdad profunda: la curaci\u00f3n de la ansiedad es posible.<\/p>\n<p>Amy B. Scher, autora del bestseller\u00a0<i>C\u00f3mo sanarte cuando nadie m\u00e1s puede hacerlo<\/i>, comparte sus m\u00e9todos comprobados para abordar y curar la ra\u00edz de la ansiedad: cambiar creencias da\u00f1inas, calmar tu cuerpo y liberar la vieja energ\u00eda emocional que te detiene.\u00a0<b>Este libro ser\u00e1 tu gu\u00eda a trav\u00e9s de una serie de herramientas transformadoras y ejercicios f\u00e1ciles de seguir que pueden cambiar tu vida r\u00e1pidamente<\/b>. Utilizando las poderosas t\u00e9cnicas creadas por Amy, as\u00ed como su propia versi\u00f3n de la ampliamente popular T\u00e9cnica de Liberaci\u00f3n Emocional (TLE), aprender\u00e1s c\u00f3mo dejar de lado el equipaje emocional no resuelto para que puedas convertirte en tu versi\u00f3n m\u00e1s saludable, relajada y alegre.<\/p>\n","protected":false},"excerpt":{"rendered":"<p>Amy B. Scher<\/p>\n<p>232 p\u00e1ginas<\/p>\n","protected":false},"featured_media":5682,"template":"","meta":{"_joinchat":[]},"product_brand":[],"product_cat":[58,51],"product_tag":[34],"class_list":{"0":"post-5681","1":"product","2":"type-product","3":"status-publish","4":"has-post-thumbnail","6":"product_cat-desarrollo-humano-y-superacion","7":"product_cat-oferta","8":"product_tag-penguin-random-house","10":"first","11":"outofstock","12":"shipping-taxable","13":"purchasable","14":"product-type-simple"},"_links":{"self":[{"href":"https:\/\/libreriahistoriasdebolsillo.com\/index.php\/wp-json\/wp\/v2\/product\/5681","targetHints":{"allow":["GET"]}}],"collection":[{"href":"https:\/\/libreriahistoriasdebolsillo.com\/index.php\/wp-json\/wp\/v2\/product"}],"about":[{"href":"https:\/\/libreriahistoriasdebolsillo.com\/index.php\/wp-json\/wp\/v2\/types\/product"}],"wp:featuredmedia":[{"embeddable":true,"href":"https:\/\/libreriahistoriasdebolsillo.com\/index.php\/wp-json\/wp\/v2\/media\/5682"}],"wp:attachment":[{"href":"https:\/\/libreriahistoriasdebolsillo.com\/index.php\/wp-json\/wp\/v2\/media?parent=5681"}],"wp:term":[{"taxonomy":"product_brand","embeddable":true,"href":"https:\/\/libreriahistoriasdebolsillo.com\/index.php\/wp-json\/wp\/v2\/product_brand?post=5681"},{"taxonomy":"product_cat","embeddable":true,"href":"https:\/\/libreriahistoriasdebolsillo.com\/index.php\/wp-json\/wp\/v2\/product_cat?post=5681"},{"taxonomy":"product_tag","embeddable":true,"href":"https:\/\/libreriahistoriasdebolsillo.com\/index.php\/wp-json\/wp\/v2\/product_tag?post=5681"}],"curies":[{"name":"wp","href":"https:\/\/api.w.org\/{rel}","templated":true}]}}