{"id":5689,"date":"2024-10-14T10:58:51","date_gmt":"2024-10-14T16:58:51","guid":{"rendered":"https:\/\/libreriahistoriasdebolsillo.com\/?post_type=product&#038;p=5689"},"modified":"2025-02-05T13:23:24","modified_gmt":"2025-02-05T19:23:24","slug":"isla-maldita","status":"publish","type":"product","link":"https:\/\/libreriahistoriasdebolsillo.com\/index.php\/producto\/isla-maldita\/","title":{"rendered":"Isla maldita"},"content":{"rendered":"<p>Bruce Cable le cuenta a su amiga la escritora Mercer Mann una irresistible historia que bien podr\u00eda convertirse en su nueva novela. Una poderosa empresa constructora est\u00e1 usando todos sus recursos para reclamar la propiedad de una isla semidesierta frente a Florida. Solo la \u00faltima habitante del lugar, Lovely Jackson, se interpone en su camino.<\/p>\n<p>Lo que la constructora desconoce es que se dice que Dark Isle est\u00e1 maldita: los ahogamientos, las desapariciones y la locura han sido el destino de los intrusos. Fue fundada por esclavos hace trescientos a\u00f1os y sus descendientes vivieron all\u00ed hasta 1955, cuando la \u00faltima fue obligada a abandonarla. Lovely afirma ser su leg\u00edtima propietaria, aunque no tiene ninguna manera de probarlo.<\/p>\n<p>Pero con Cable, Mann y el abogado Steven Mahon luchando en su bando, la batalla solo acaba de empezar. Porque en esta isla con una historia violenta y misteriosa&#8230; el pasado nunca se deja atr\u00e1s.<\/p>\n<p><b>\u00abEl mejor autor vivo de\u00a0<i>thriller<\/i>\u00bb.<\/b><br \/>\n<b>Ken Follett<\/b><\/p>\n","protected":false},"excerpt":{"rendered":"<p>John Grisham<\/p>\n<p>344 p\u00e1ginas<\/p>\n","protected":false},"featured_media":5690,"template":"","meta":{"_joinchat":[]},"product_brand":[],"product_cat":[37,70],"product_tag":[34],"class_list":{"0":"post-5689","1":"product","2":"type-product","3":"status-publish","4":"has-post-thumbnail","6":"product_cat-misterio-y-thriller","7":"product_cat-novedades","8":"product_tag-penguin-random-house","10":"first","11":"outofstock","12":"shipping-taxable","13":"purchasable","14":"product-type-simple"},"_links":{"self":[{"href":"https:\/\/libreriahistoriasdebolsillo.com\/index.php\/wp-json\/wp\/v2\/product\/5689","targetHints":{"allow":["GET"]}}],"collection":[{"href":"https:\/\/libreriahistoriasdebolsillo.com\/index.php\/wp-json\/wp\/v2\/product"}],"about":[{"href":"https:\/\/libreriahistoriasdebolsillo.com\/index.php\/wp-json\/wp\/v2\/types\/product"}],"wp:featuredmedia":[{"embeddable":true,"href":"https:\/\/libreriahistoriasdebolsillo.com\/index.php\/wp-json\/wp\/v2\/media\/5690"}],"wp:attachment":[{"href":"https:\/\/libreriahistoriasdebolsillo.com\/index.php\/wp-json\/wp\/v2\/media?parent=5689"}],"wp:term":[{"taxonomy":"product_brand","embeddable":true,"href":"https:\/\/libreriahistoriasdebolsillo.com\/index.php\/wp-json\/wp\/v2\/product_brand?post=5689"},{"taxonomy":"product_cat","embeddable":true,"href":"https:\/\/libreriahistoriasdebolsillo.com\/index.php\/wp-json\/wp\/v2\/product_cat?post=5689"},{"taxonomy":"product_tag","embeddable":true,"href":"https:\/\/libreriahistoriasdebolsillo.com\/index.php\/wp-json\/wp\/v2\/product_tag?post=5689"}],"curies":[{"name":"wp","href":"https:\/\/api.w.org\/{rel}","templated":true}]}}