{"id":5697,"date":"2024-10-14T11:07:00","date_gmt":"2024-10-14T17:07:00","guid":{"rendered":"https:\/\/libreriahistoriasdebolsillo.com\/?post_type=product&#038;p=5697"},"modified":"2025-02-05T13:23:40","modified_gmt":"2025-02-05T19:23:40","slug":"la-belleza-de-la-locura","status":"publish","type":"product","link":"https:\/\/libreriahistoriasdebolsillo.com\/index.php\/producto\/la-belleza-de-la-locura\/","title":{"rendered":"La belleza de la locura"},"content":{"rendered":"<p><b>Una conversaci\u00f3n profunda y brutalmente \u00edntima que mira de frente y a los ojos a una enfermedad mental que padecen millones de personas en el mundo: el trastorno bipolar.<\/b><\/p>\n<p align=\"JUSTIFY\">Muchas personas con trastorno bipolar no siempre son capaces de hablar de ello, porque no han sido correctamente diagnosticadas, tienen miedos que les impiden expresarse o no cuentan con las herramientas necesarias para obtener ayuda profesional. Aqu\u00ed, sin embargo, ese velo de silencio se levanta.<\/p>\n<p align=\"JUSTIFY\">\n<p align=\"JUSTIFY\">Catalina Gallo y Maribel Abello Banfi han escrito un libro franco y esclarecedor en el que dialogan sobre c\u00f3mo ha sido para ellas vivir con trastorno bipolar. M\u00e1s que respuestas definitivas, nos presentan preguntas acerca de la relaci\u00f3n entre la salud mental y la ciencia, el arte, la espiritualidad, la maternidad, el ser mujer y, por qu\u00e9 no, las redes sociales. Un testimonio poderoso de dos amigas que se han enfrentado a la enfermedad y en el camino han logrado compartir juntas la alegr\u00eda de estar vivas, para demostrar que es posible encontrar belleza incluso en los momentos m\u00e1s oscuros.<\/p>\n","protected":false},"excerpt":{"rendered":"<p>Catalina Gallo y Maribel Abello Banfi<\/p>\n<p>116 p\u00e1ginas<\/p>\n","protected":false},"featured_media":5698,"template":"","meta":{"_joinchat":[]},"product_brand":[],"product_cat":[41,70],"product_tag":[34],"class_list":{"0":"post-5697","1":"product","2":"type-product","3":"status-publish","4":"has-post-thumbnail","6":"product_cat-desarrollo-humano","7":"product_cat-novedades","8":"product_tag-penguin-random-house","10":"first","11":"outofstock","12":"shipping-taxable","13":"purchasable","14":"product-type-simple"},"_links":{"self":[{"href":"https:\/\/libreriahistoriasdebolsillo.com\/index.php\/wp-json\/wp\/v2\/product\/5697","targetHints":{"allow":["GET"]}}],"collection":[{"href":"https:\/\/libreriahistoriasdebolsillo.com\/index.php\/wp-json\/wp\/v2\/product"}],"about":[{"href":"https:\/\/libreriahistoriasdebolsillo.com\/index.php\/wp-json\/wp\/v2\/types\/product"}],"wp:featuredmedia":[{"embeddable":true,"href":"https:\/\/libreriahistoriasdebolsillo.com\/index.php\/wp-json\/wp\/v2\/media\/5698"}],"wp:attachment":[{"href":"https:\/\/libreriahistoriasdebolsillo.com\/index.php\/wp-json\/wp\/v2\/media?parent=5697"}],"wp:term":[{"taxonomy":"product_brand","embeddable":true,"href":"https:\/\/libreriahistoriasdebolsillo.com\/index.php\/wp-json\/wp\/v2\/product_brand?post=5697"},{"taxonomy":"product_cat","embeddable":true,"href":"https:\/\/libreriahistoriasdebolsillo.com\/index.php\/wp-json\/wp\/v2\/product_cat?post=5697"},{"taxonomy":"product_tag","embeddable":true,"href":"https:\/\/libreriahistoriasdebolsillo.com\/index.php\/wp-json\/wp\/v2\/product_tag?post=5697"}],"curies":[{"name":"wp","href":"https:\/\/api.w.org\/{rel}","templated":true}]}}