{"id":5703,"date":"2024-10-14T11:14:46","date_gmt":"2024-10-14T17:14:46","guid":{"rendered":"https:\/\/libreriahistoriasdebolsillo.com\/?post_type=product&#038;p=5703"},"modified":"2025-02-05T13:21:52","modified_gmt":"2025-02-05T19:21:52","slug":"las-cronicas-de-kane-3-la-sombra-de-la-serpiente","status":"publish","type":"product","link":"https:\/\/libreriahistoriasdebolsillo.com\/index.php\/producto\/las-cronicas-de-kane-3-la-sombra-de-la-serpiente\/","title":{"rendered":"Las cr\u00f3nicas de Kane 3. La sombra de la serpiente"},"content":{"rendered":"<p><b>Genial, esto va de mal en peor. Apofis anda suelto sembrando el terror all\u00ed donde va. Solo nos quedan dos d\u00edas&#8230;<\/b><\/p>\n<p><b>El esperado final de Las cr\u00f3nicas de Kane.<\/b><\/p>\n<p>Y, mientras, todos nos dan la espalda. Un grupo de magos rebeldes, encabezados por Sarah Jacobi, nos han acusado a Sadie y a m\u00ed de haber provocado el caos y de que Set est\u00e9 en libertad. Juran que acabar\u00e1n con nosotros&#8230; De los dioses, mejor ni hablar: nadie sabe d\u00f3nde se han metido, y los que quedan, como Ra, el mism\u00edsimo dios del sol, s\u00f3lo piensan en comer galletas, babear y tararear cancioncillas sin sentido&#8230; Nunca hemos estado tan solos y tan desesperados; s\u00f3lo nos queda una \u00faltima oportunidad: capturar la sombra de Apofis. Se me olvidaba decirles que nadie lo ha conseguido, as\u00ed que, si algo sale mal, no estaremos aqu\u00ed para contarlo.<\/p>\n","protected":false},"excerpt":{"rendered":"<p>Rick Riordan<\/p>\n<p>384 p\u00e1ginas<\/p>\n","protected":false},"featured_media":5704,"template":"","meta":{"_joinchat":[]},"product_brand":[],"product_cat":[39],"product_tag":[34],"class_list":{"0":"post-5703","1":"product","2":"type-product","3":"status-publish","4":"has-post-thumbnail","6":"product_cat-fantasia","7":"product_tag-penguin-random-house","9":"first","10":"outofstock","11":"shipping-taxable","12":"purchasable","13":"product-type-simple"},"_links":{"self":[{"href":"https:\/\/libreriahistoriasdebolsillo.com\/index.php\/wp-json\/wp\/v2\/product\/5703","targetHints":{"allow":["GET"]}}],"collection":[{"href":"https:\/\/libreriahistoriasdebolsillo.com\/index.php\/wp-json\/wp\/v2\/product"}],"about":[{"href":"https:\/\/libreriahistoriasdebolsillo.com\/index.php\/wp-json\/wp\/v2\/types\/product"}],"wp:featuredmedia":[{"embeddable":true,"href":"https:\/\/libreriahistoriasdebolsillo.com\/index.php\/wp-json\/wp\/v2\/media\/5704"}],"wp:attachment":[{"href":"https:\/\/libreriahistoriasdebolsillo.com\/index.php\/wp-json\/wp\/v2\/media?parent=5703"}],"wp:term":[{"taxonomy":"product_brand","embeddable":true,"href":"https:\/\/libreriahistoriasdebolsillo.com\/index.php\/wp-json\/wp\/v2\/product_brand?post=5703"},{"taxonomy":"product_cat","embeddable":true,"href":"https:\/\/libreriahistoriasdebolsillo.com\/index.php\/wp-json\/wp\/v2\/product_cat?post=5703"},{"taxonomy":"product_tag","embeddable":true,"href":"https:\/\/libreriahistoriasdebolsillo.com\/index.php\/wp-json\/wp\/v2\/product_tag?post=5703"}],"curies":[{"name":"wp","href":"https:\/\/api.w.org\/{rel}","templated":true}]}}