{"id":5776,"date":"2024-10-22T10:20:49","date_gmt":"2024-10-22T16:20:49","guid":{"rendered":"https:\/\/libreriahistoriasdebolsillo.com\/?post_type=product&#038;p=5776"},"modified":"2025-02-18T11:55:36","modified_gmt":"2025-02-18T17:55:36","slug":"wtf-con-el-sat-ed-actualizada","status":"publish","type":"product","link":"https:\/\/libreriahistoriasdebolsillo.com\/index.php\/producto\/wtf-con-el-sat-ed-actualizada\/","title":{"rendered":"WTF con el SAT (Ed. actualizada)"},"content":{"rendered":"<p><b>Una fresca gu\u00eda de supervivencia que explica<\/b>\u00a0<b>con manzanas, memes y referencias a la<\/b>\u00a0<b>cultura pop c\u00f3mo afrontar una de las m\u00e1s duras<\/b>\u00a0<b>responsabilidades de ser adulto: nuestro peor<\/b>\u00a0<b>enemigo, el Servicio de Administraci\u00f3n Tributaria<\/b>\u00a0<b>(alias el<\/b>\u00a0<b>sat) y los fastidiosos impuestos.<\/b><\/p>\n<p>La materia que todos debimos tener en la escuela, lo que debimos aprender en lugar del trinomio cuadrado perfecto y el Qui\u00fabole con los impuestos que por a\u00f1os los millennials han pedido a gritos en las redes al fin llega a tus manos gracias a Paulina Casso, una joven emprendedora serial llamada \u201ccaso de \u00e9xito\u201d por\u00a0<i>Entrepreneur\u00a0<\/i>y\u00a0<i>Mujer Ejecutiva<\/i>, quien decidi\u00f3 agarrar al toro por los cuernos y explicarnos en t\u00e9rminos humanos qu\u00e9 es el\u00a0<b>sat<\/b>\u00a0y por qu\u00e9 nos quita nuestras quincenas.<\/p>\n<p>Porque convertirse en adulto es horrible. De pronto la vida consiste en pagar, pagar y pagar, pero todo empeora cuando desbloqueamos el famoso nivel de\u00a0<b>PAGAR IMPUESTOS<\/b>. Se sabe.<\/p>\n<p>En este libro aprender\u00e1s c\u00f3mo funciona el\u00a0<b>sistema<\/b>\u00a0<b>fiscal mexicano,<\/b>\u00a0qu\u00e9 son los\u00a0<b>impuestos<\/b>\u00a0y c\u00f3mo\u00a0<b>calcularlos,<\/b>\u00a0porqu\u00e9 te quitan tanto dinero y qu\u00e9 tanto hacen con \u00e9l, lo que necesitas saber para darte de alta en el sat y no ponerte la soga al cuello t\u00fa solitx, c\u00f3mo\u00a0<b>emitir facturas<\/b>\u00a0<b>electr\u00f3nicas<\/b>, el proceso para hacer tu\u00a0<b>declaraci\u00f3n anual,<\/b>\u00a0cu\u00e1ndo necesitas contratar a un\u00a0<b>contador<\/b>\u00a0y c\u00f3mo escogerlo, y una serie de recursos muy \u00fatiles para estar al d\u00eda con tus\u00a0<b>obligaciones fiscales<\/b>\u00a0y que ser adulto se vuelva una experiencia un poco menos nefasta.<\/p>\n","protected":false},"excerpt":{"rendered":"<p>Paulina Casso<\/p>\n<p>224 p\u00e1ginas<\/p>\n","protected":false},"featured_media":5777,"template":"","meta":{"_joinchat":[]},"product_brand":[],"product_cat":[41,70],"product_tag":[34],"class_list":{"0":"post-5776","1":"product","2":"type-product","3":"status-publish","4":"has-post-thumbnail","6":"product_cat-desarrollo-humano","7":"product_cat-novedades","8":"product_tag-penguin-random-house","10":"first","11":"outofstock","12":"shipping-taxable","13":"purchasable","14":"product-type-simple"},"_links":{"self":[{"href":"https:\/\/libreriahistoriasdebolsillo.com\/index.php\/wp-json\/wp\/v2\/product\/5776","targetHints":{"allow":["GET"]}}],"collection":[{"href":"https:\/\/libreriahistoriasdebolsillo.com\/index.php\/wp-json\/wp\/v2\/product"}],"about":[{"href":"https:\/\/libreriahistoriasdebolsillo.com\/index.php\/wp-json\/wp\/v2\/types\/product"}],"wp:featuredmedia":[{"embeddable":true,"href":"https:\/\/libreriahistoriasdebolsillo.com\/index.php\/wp-json\/wp\/v2\/media\/5777"}],"wp:attachment":[{"href":"https:\/\/libreriahistoriasdebolsillo.com\/index.php\/wp-json\/wp\/v2\/media?parent=5776"}],"wp:term":[{"taxonomy":"product_brand","embeddable":true,"href":"https:\/\/libreriahistoriasdebolsillo.com\/index.php\/wp-json\/wp\/v2\/product_brand?post=5776"},{"taxonomy":"product_cat","embeddable":true,"href":"https:\/\/libreriahistoriasdebolsillo.com\/index.php\/wp-json\/wp\/v2\/product_cat?post=5776"},{"taxonomy":"product_tag","embeddable":true,"href":"https:\/\/libreriahistoriasdebolsillo.com\/index.php\/wp-json\/wp\/v2\/product_tag?post=5776"}],"curies":[{"name":"wp","href":"https:\/\/api.w.org\/{rel}","templated":true}]}}