{"id":5784,"date":"2024-10-22T10:31:12","date_gmt":"2024-10-22T16:31:12","guid":{"rendered":"https:\/\/libreriahistoriasdebolsillo.com\/?post_type=product&#038;p=5784"},"modified":"2025-08-11T10:05:48","modified_gmt":"2025-08-11T16:05:48","slug":"falsa-liebre","status":"publish","type":"product","link":"https:\/\/libreriahistoriasdebolsillo.com\/index.php\/producto\/falsa-liebre\/","title":{"rendered":"Falsa liebre"},"content":{"rendered":"<p><b>Falsa liebre es una historia que fascina y horroriza, de la que es dif\u00edcil apartarse por el ritmo de la prosa, capaz tambi\u00e9n de trazar a profundidad personajes al l\u00edmite, que experimentan la violencia y el abandono.<\/b><\/p>\n<p><b>Esta es la primera novela de Fernanda Melchor, quien ha conquistado un lugar importante en las letras hispanoamericanas.<\/b><\/p>\n<p>La oscuridad del puerto lo envuelve todo. Pachi y Vinicio se adentran en la playa, van camino a una fiesta improvisada; andan buscando con qu\u00e9 entumir el cuerpo, con qu\u00e9 acabar de borrarse. El verano ha sido largo y el d\u00eda, mucho peor.<\/p>\n<p>No muy lejos de ah\u00ed, Zahir fantasea con su pr\u00f3ximo viaje a la capital o al norte de M\u00e9xico, fuera del alcance de la t\u00eda que le exige dinero, lo aplaca a golpes y que hab\u00eda orillado a su hermano peque\u00f1o, Andrik, a huir de la casa com\u00fan para terminar en otra: la de un hombre que acaricia y pega con la misma mano. Ahora s\u00f3lo debe convencer a Andrik de comenzar una nueva vida y asegurarse de encontrar la salida de esa playa que parece no tener fin.<\/p>\n","protected":false},"excerpt":{"rendered":"<p>Fernanda Melchor<\/p>\n<p>208 p\u00e1ginas<\/p>\n","protected":false},"featured_media":5785,"template":"","meta":{"_joinchat":[]},"product_brand":[],"product_cat":[78,33],"product_tag":[34],"class_list":{"0":"post-5784","1":"product","2":"type-product","3":"status-publish","4":"has-post-thumbnail","6":"product_cat-contemporanea","7":"product_cat-ficcion-general","8":"product_tag-penguin-random-house","10":"first","11":"outofstock","12":"shipping-taxable","13":"purchasable","14":"product-type-simple"},"_links":{"self":[{"href":"https:\/\/libreriahistoriasdebolsillo.com\/index.php\/wp-json\/wp\/v2\/product\/5784","targetHints":{"allow":["GET"]}}],"collection":[{"href":"https:\/\/libreriahistoriasdebolsillo.com\/index.php\/wp-json\/wp\/v2\/product"}],"about":[{"href":"https:\/\/libreriahistoriasdebolsillo.com\/index.php\/wp-json\/wp\/v2\/types\/product"}],"wp:featuredmedia":[{"embeddable":true,"href":"https:\/\/libreriahistoriasdebolsillo.com\/index.php\/wp-json\/wp\/v2\/media\/5785"}],"wp:attachment":[{"href":"https:\/\/libreriahistoriasdebolsillo.com\/index.php\/wp-json\/wp\/v2\/media?parent=5784"}],"wp:term":[{"taxonomy":"product_brand","embeddable":true,"href":"https:\/\/libreriahistoriasdebolsillo.com\/index.php\/wp-json\/wp\/v2\/product_brand?post=5784"},{"taxonomy":"product_cat","embeddable":true,"href":"https:\/\/libreriahistoriasdebolsillo.com\/index.php\/wp-json\/wp\/v2\/product_cat?post=5784"},{"taxonomy":"product_tag","embeddable":true,"href":"https:\/\/libreriahistoriasdebolsillo.com\/index.php\/wp-json\/wp\/v2\/product_tag?post=5784"}],"curies":[{"name":"wp","href":"https:\/\/api.w.org\/{rel}","templated":true}]}}