{"id":5787,"date":"2024-10-23T15:59:08","date_gmt":"2024-10-23T21:59:08","guid":{"rendered":"https:\/\/libreriahistoriasdebolsillo.com\/?post_type=product&#038;p=5787"},"modified":"2025-11-06T17:21:47","modified_gmt":"2025-11-06T23:21:47","slug":"la-vida-que-vale-la-pena-vivir","status":"publish","type":"product","link":"https:\/\/libreriahistoriasdebolsillo.com\/index.php\/producto\/la-vida-que-vale-la-pena-vivir\/","title":{"rendered":"La vida que vale la pena vivir"},"content":{"rendered":"<p>Esta es la adaptaci\u00f3n impresa del curso con m\u00e1s demanda en el programa de Humanidades de Yale, que ha sido descrito por los estudiantes como un verdadero transformador de vida. Aqu\u00ed lograr\u00e1s responder las grandes interrogantes de tu existencia a trav\u00e9s de diversas perspectivas filos\u00f3ficas y religiosas. Tambi\u00e9n descubrir\u00e1s en d\u00f3nde se encuentra tu vida en estos momentos, su significado y las \u00e1reas de oportunidad que necesitas trabajar o cambiar. El prop\u00f3sito de la experiencia humana es diferente para cada individuo y encontrar tu propio camino es lo m\u00e1s importante en este momento. Aprende a vivir con intenci\u00f3n y dedica tus d\u00edas a hacer lo que m\u00e1s importa.<\/p>\n","protected":false},"excerpt":{"rendered":"<p>Miroslav Volf, Matthew Croasmun, Ryan McAnnally-Linz<\/p>\n<p>&nbsp;<\/p>\n","protected":false},"featured_media":5788,"template":"","meta":{"_joinchat":[]},"product_brand":[],"product_cat":[58,41,70],"product_tag":[48],"class_list":{"0":"post-5787","1":"product","2":"type-product","3":"status-publish","4":"has-post-thumbnail","6":"product_cat-desarrollo-humano-y-superacion","7":"product_cat-desarrollo-humano","8":"product_cat-novedades","9":"product_tag-vr-editoras","11":"first","12":"instock","13":"shipping-taxable","14":"purchasable","15":"product-type-simple"},"_links":{"self":[{"href":"https:\/\/libreriahistoriasdebolsillo.com\/index.php\/wp-json\/wp\/v2\/product\/5787","targetHints":{"allow":["GET"]}}],"collection":[{"href":"https:\/\/libreriahistoriasdebolsillo.com\/index.php\/wp-json\/wp\/v2\/product"}],"about":[{"href":"https:\/\/libreriahistoriasdebolsillo.com\/index.php\/wp-json\/wp\/v2\/types\/product"}],"wp:featuredmedia":[{"embeddable":true,"href":"https:\/\/libreriahistoriasdebolsillo.com\/index.php\/wp-json\/wp\/v2\/media\/5788"}],"wp:attachment":[{"href":"https:\/\/libreriahistoriasdebolsillo.com\/index.php\/wp-json\/wp\/v2\/media?parent=5787"}],"wp:term":[{"taxonomy":"product_brand","embeddable":true,"href":"https:\/\/libreriahistoriasdebolsillo.com\/index.php\/wp-json\/wp\/v2\/product_brand?post=5787"},{"taxonomy":"product_cat","embeddable":true,"href":"https:\/\/libreriahistoriasdebolsillo.com\/index.php\/wp-json\/wp\/v2\/product_cat?post=5787"},{"taxonomy":"product_tag","embeddable":true,"href":"https:\/\/libreriahistoriasdebolsillo.com\/index.php\/wp-json\/wp\/v2\/product_tag?post=5787"}],"curies":[{"name":"wp","href":"https:\/\/api.w.org\/{rel}","templated":true}]}}