{"id":5789,"date":"2024-10-23T16:01:34","date_gmt":"2024-10-23T22:01:34","guid":{"rendered":"https:\/\/libreriahistoriasdebolsillo.com\/?post_type=product&#038;p=5789"},"modified":"2025-06-28T12:12:30","modified_gmt":"2025-06-28T18:12:30","slug":"las-starlings","status":"publish","type":"product","link":"https:\/\/libreriahistoriasdebolsillo.com\/index.php\/producto\/las-starlings\/","title":{"rendered":"Las Starlings"},"content":{"rendered":"<p>Tras la muerte de su padre, Kit descubre que desconoce su propia historia. Al visitar a la familia de la que jam\u00e1s hab\u00eda o\u00eddo, en el encantador pueblo de Rosemont, todo es perfecto: las rosas florecen todo el a\u00f1o y un chico atractivo se ha convertido en su gu\u00eda. Las mujeres Starling parecen ser el coraz\u00f3n del lugar y el celebrado D\u00eda de la Coronaci\u00f3n est\u00e1 a la vuelta de la esquina. Pero, cuanto m\u00e1s tiempo pasa all\u00ed, m\u00e1s preguntas tiene. \u00bfPor qu\u00e9 su padre mantuvo la existencia de la familia en secreto? Y, por sobre todas las cosas \u00bfpor qu\u00e9 siente que todo el pueblo le oculta algo? Cuando su madre desaparezca y las rosas eternas empiecen a morir, descubrir\u00e1 que la ata una promesa milenaria que no acepta rebeld\u00edas, en este horror folk lleno de secretos.<\/p>\n","protected":false},"excerpt":{"rendered":"<p>Amanda Linsmeier<\/p>\n","protected":false},"featured_media":5790,"template":"","meta":{"_joinchat":[]},"product_brand":[],"product_cat":[70,76,36],"product_tag":[48],"class_list":{"0":"post-5789","1":"product","2":"type-product","3":"status-publish","4":"has-post-thumbnail","6":"product_cat-novedades","7":"product_cat-romantasy","8":"product_cat-terror-y-paranormal","9":"product_tag-vr-editoras","11":"first","12":"instock","13":"shipping-taxable","14":"purchasable","15":"product-type-simple"},"_links":{"self":[{"href":"https:\/\/libreriahistoriasdebolsillo.com\/index.php\/wp-json\/wp\/v2\/product\/5789","targetHints":{"allow":["GET"]}}],"collection":[{"href":"https:\/\/libreriahistoriasdebolsillo.com\/index.php\/wp-json\/wp\/v2\/product"}],"about":[{"href":"https:\/\/libreriahistoriasdebolsillo.com\/index.php\/wp-json\/wp\/v2\/types\/product"}],"wp:featuredmedia":[{"embeddable":true,"href":"https:\/\/libreriahistoriasdebolsillo.com\/index.php\/wp-json\/wp\/v2\/media\/5790"}],"wp:attachment":[{"href":"https:\/\/libreriahistoriasdebolsillo.com\/index.php\/wp-json\/wp\/v2\/media?parent=5789"}],"wp:term":[{"taxonomy":"product_brand","embeddable":true,"href":"https:\/\/libreriahistoriasdebolsillo.com\/index.php\/wp-json\/wp\/v2\/product_brand?post=5789"},{"taxonomy":"product_cat","embeddable":true,"href":"https:\/\/libreriahistoriasdebolsillo.com\/index.php\/wp-json\/wp\/v2\/product_cat?post=5789"},{"taxonomy":"product_tag","embeddable":true,"href":"https:\/\/libreriahistoriasdebolsillo.com\/index.php\/wp-json\/wp\/v2\/product_tag?post=5789"}],"curies":[{"name":"wp","href":"https:\/\/api.w.org\/{rel}","templated":true}]}}