{"id":5821,"date":"2024-10-30T13:45:22","date_gmt":"2024-10-30T19:45:22","guid":{"rendered":"https:\/\/libreriahistoriasdebolsillo.com\/?post_type=product&#038;p=5821"},"modified":"2025-03-03T17:21:18","modified_gmt":"2025-03-03T23:21:18","slug":"ojo-de-gato","status":"publish","type":"product","link":"https:\/\/libreriahistoriasdebolsillo.com\/index.php\/producto\/ojo-de-gato\/","title":{"rendered":"Ojo de gato"},"content":{"rendered":"<p>Finalista de los prestigiosos premios Booker y Governor General\u2019s,\u00a0<i>Ojo de gato<\/i>\u00a0es un ins\u00f3lito\u00a0<b>escrutinio de la vida cultural canadiense<\/b>\u00a0desde\u00a0<b>la Segunda Guerra Mundial<\/b>\u00a0hasta\u00a0<b>los a\u00f1os ochenta<\/b>. Mediante la forja de la personalidad de su protagonista, desde la infancia hasta la madurez<b>, Margaret Atwood<\/b>\u00a0repasa, con la vehemente lucidez que la caracteriza, este fascinante per\u00edodo en el que\u00a0<b>el progreso del feminismo<\/b>\u00a0se entrelaza con la incesante mutaci\u00f3n del<b>\u00a0arte moderno<\/b>.<\/p>\n<p>Con motivo de la primera retrospectiva de su obra en Sub-Versions, una galer\u00eda alternativa de Toronto regentada por un pu\u00f1ado de mujeres, Elaine Risley, una pintora rodeada de un aura de\u00a0<b>artista<\/b>\u00a0<b>pol\u00e9mica<\/b>, regresa a la ciudad y al paisaje de su juventud. El reencuentro con la urbe, anta\u00f1o puritana y gris, ahora destellante bajo las luces de ne\u00f3n, hace aflorar una profusi\u00f3n de recuerdos, entre los que destacan im\u00e1genes de su at\u00edpica familia, su exc\u00e9ntrico y brillante hermano, con quien acostumbraba a jugar a las canicas, y sus antiguas amigas Carol, Grace y, en particular, Cordelia, con las que hab\u00eda creado un mundo propio ajeno a las preocupaciones de los adultos. Pasados los a\u00f1os, Elaine prosigui\u00f3 su camino guardando para s\u00ed esa etapa extra\u00f1a de su infancia al que accede gracias a una preciada canica de ojo de gato que le sirve de luz.<\/p>\n<p>A trav\u00e9s de las\u00a0<b>v\u00edvidas descripciones de obras de arte<\/b>, la fuerza evocadora de las escenas retrospectivas y la presencia de sutiles pinceladas autobiogr\u00e1ficas, Atwood nos ofrece<b>\u00a0una magn\u00edfica novela de aprendizaje<\/b>, donde una canica de vidrio transparente con una flor de p\u00e9talos de colores en el centro gira y gira en un equilibrio tan precario como la vida de las mujeres, que una vez fueron ni\u00f1as<b>. Perturbadora y mordaz<\/b>,\u00a0<i>Ojo de gato<\/i>\u00a0revela a una escritora en permanente estado de gracia.<\/p>\n","protected":false},"excerpt":{"rendered":"<p>Margaret Atwood<\/p>\n<p>512 p\u00e1ginas<\/p>\n","protected":false},"featured_media":5822,"template":"","meta":{"_joinchat":[]},"product_brand":[],"product_cat":[79,33,51],"product_tag":[34],"class_list":{"0":"post-5821","1":"product","2":"type-product","3":"status-publish","4":"has-post-thumbnail","6":"product_cat-campana-punto-naranja","7":"product_cat-ficcion-general","8":"product_cat-oferta","9":"product_tag-penguin-random-house","11":"first","12":"outofstock","13":"sale","14":"shipping-taxable","15":"purchasable","16":"product-type-simple"},"_links":{"self":[{"href":"https:\/\/libreriahistoriasdebolsillo.com\/index.php\/wp-json\/wp\/v2\/product\/5821","targetHints":{"allow":["GET"]}}],"collection":[{"href":"https:\/\/libreriahistoriasdebolsillo.com\/index.php\/wp-json\/wp\/v2\/product"}],"about":[{"href":"https:\/\/libreriahistoriasdebolsillo.com\/index.php\/wp-json\/wp\/v2\/types\/product"}],"wp:featuredmedia":[{"embeddable":true,"href":"https:\/\/libreriahistoriasdebolsillo.com\/index.php\/wp-json\/wp\/v2\/media\/5822"}],"wp:attachment":[{"href":"https:\/\/libreriahistoriasdebolsillo.com\/index.php\/wp-json\/wp\/v2\/media?parent=5821"}],"wp:term":[{"taxonomy":"product_brand","embeddable":true,"href":"https:\/\/libreriahistoriasdebolsillo.com\/index.php\/wp-json\/wp\/v2\/product_brand?post=5821"},{"taxonomy":"product_cat","embeddable":true,"href":"https:\/\/libreriahistoriasdebolsillo.com\/index.php\/wp-json\/wp\/v2\/product_cat?post=5821"},{"taxonomy":"product_tag","embeddable":true,"href":"https:\/\/libreriahistoriasdebolsillo.com\/index.php\/wp-json\/wp\/v2\/product_tag?post=5821"}],"curies":[{"name":"wp","href":"https:\/\/api.w.org\/{rel}","templated":true}]}}