{"id":5823,"date":"2024-10-30T13:47:39","date_gmt":"2024-10-30T19:47:39","guid":{"rendered":"https:\/\/libreriahistoriasdebolsillo.com\/?post_type=product&#038;p=5823"},"modified":"2025-02-20T16:32:52","modified_gmt":"2025-02-20T22:32:52","slug":"dime-que-escondes","status":"publish","type":"product","link":"https:\/\/libreriahistoriasdebolsillo.com\/index.php\/producto\/dime-que-escondes\/","title":{"rendered":"Dime qu\u00e9 escondes"},"content":{"rendered":"<p>Hace cuatro a\u00f1os, Brynn dej\u00f3 el instituto Saint Ambrose despu\u00e9s de que su profesora favorita muriera asesinada, un crimen que conmocion\u00f3 al pa\u00eds entero. Ahora trabaja como becaria en un programa de\u00a0<i>true crime<\/i>, la oportunidad perfecta para descubrir qu\u00e9 pas\u00f3 en realidad.<\/p>\n<p>Para ello, tirar\u00e1 del hilo de antiguos contactos, los tres alumnos que encontraron el cad\u00e1ver. El testimonio de Tripp, su antiguo amigo, fue clave para exculpar a los otros dos. Lo que Brynn desconoce es que la declaraci\u00f3n que Tripp hizo ante la polic\u00eda no es exactamente la verdad&#8230;<\/p>\n<p><b><i>Dime qu\u00e9 escondes\u00a0<\/i>es la nueva novela de Karen M. McManus, que lleva cosechando \u00e9xito tras \u00e9xito en Espa\u00f1a y a nivel mundial desde que public\u00f3\u00a0<i>Alguien est\u00e1 mintiendo<\/i>. La serie hom\u00f3nima de Netflix, estrenada en 2022, ha tenido una acogida equivalente.<\/b><\/p>\n","protected":false},"excerpt":{"rendered":"<p>Karen M. McManus<\/p>\n<p>400 p\u00e1ginas<\/p>\n","protected":false},"featured_media":5824,"template":"","meta":{"_joinchat":[]},"product_brand":[],"product_cat":[79,52,37,51],"product_tag":[34],"class_list":{"0":"post-5823","1":"product","2":"type-product","3":"status-publish","4":"has-post-thumbnail","6":"product_cat-campana-punto-naranja","7":"product_cat-juvenil","8":"product_cat-misterio-y-thriller","9":"product_cat-oferta","10":"product_tag-penguin-random-house","12":"first","13":"outofstock","14":"sale","15":"shipping-taxable","16":"purchasable","17":"product-type-simple"},"_links":{"self":[{"href":"https:\/\/libreriahistoriasdebolsillo.com\/index.php\/wp-json\/wp\/v2\/product\/5823","targetHints":{"allow":["GET"]}}],"collection":[{"href":"https:\/\/libreriahistoriasdebolsillo.com\/index.php\/wp-json\/wp\/v2\/product"}],"about":[{"href":"https:\/\/libreriahistoriasdebolsillo.com\/index.php\/wp-json\/wp\/v2\/types\/product"}],"wp:featuredmedia":[{"embeddable":true,"href":"https:\/\/libreriahistoriasdebolsillo.com\/index.php\/wp-json\/wp\/v2\/media\/5824"}],"wp:attachment":[{"href":"https:\/\/libreriahistoriasdebolsillo.com\/index.php\/wp-json\/wp\/v2\/media?parent=5823"}],"wp:term":[{"taxonomy":"product_brand","embeddable":true,"href":"https:\/\/libreriahistoriasdebolsillo.com\/index.php\/wp-json\/wp\/v2\/product_brand?post=5823"},{"taxonomy":"product_cat","embeddable":true,"href":"https:\/\/libreriahistoriasdebolsillo.com\/index.php\/wp-json\/wp\/v2\/product_cat?post=5823"},{"taxonomy":"product_tag","embeddable":true,"href":"https:\/\/libreriahistoriasdebolsillo.com\/index.php\/wp-json\/wp\/v2\/product_tag?post=5823"}],"curies":[{"name":"wp","href":"https:\/\/api.w.org\/{rel}","templated":true}]}}