{"id":5837,"date":"2024-10-30T14:07:40","date_gmt":"2024-10-30T20:07:40","guid":{"rendered":"https:\/\/libreriahistoriasdebolsillo.com\/?post_type=product&#038;p=5837"},"modified":"2025-02-20T16:31:42","modified_gmt":"2025-02-20T22:31:42","slug":"el-vuelo-de-eluan","status":"publish","type":"product","link":"https:\/\/libreriahistoriasdebolsillo.com\/index.php\/producto\/el-vuelo-de-eluan\/","title":{"rendered":"El vuelo de Elu\u00e1n"},"content":{"rendered":"<p>Elu\u00e1n ha estado en las alturas del\u00a0<b>Monte Nasar<\/b>\u00a0(donde lo dejaron sus padres, tal como dicta la tradici\u00f3n entre los\u00a0<b>hombres alados<\/b>), por demasiadas lunas.\u00a0<b>El Mar de los<\/b>\u00a0<b>Dangralos<\/b>, de agua oscura como tinta, golpea amenazante la monta\u00f1a. Elu\u00e1n teme volar; no conf\u00eda en sus alas. Pronto deber\u00e1 enfrentar el destino de todos los\u00a0<b>hombres alados<\/b>\u00a0que nacen en el\u00a0<b>r\u00edo<\/b>\u00a0<b>Berintao<\/b>\u00a0y anidan en el\u00a0<b>Nasar<\/b>: morir entre las fauces dentadas de los grandes y misteriosos peces de los Drangalos o volar hasta conocer\u00a0<b>Pantia,<\/b>\u00a0el extra\u00f1o\u00a0<b>mundo de los sabios de<\/b>\u00a0<b>Bakoria<\/b>\u00a0y\u00a0<b>los gigantes jorobados de<\/b>\u00a0<b>Dascumo<\/b>. El destino de Elu\u00e1n le tiene deparadas grandes cosas, pero si no emprende el vuelo, no s\u00f3lo \u00e9l quedar\u00e1 sumido en una oscuridad total<\/p>\n","protected":false},"excerpt":{"rendered":"<p>Le\u00f3n Krauze<\/p>\n<p>176 p\u00e1ginas<\/p>\n","protected":false},"featured_media":5838,"template":"","meta":{"_joinchat":[]},"product_brand":[],"product_cat":[79,39,51],"product_tag":[34],"class_list":{"0":"post-5837","1":"product","2":"type-product","3":"status-publish","4":"has-post-thumbnail","6":"product_cat-campana-punto-naranja","7":"product_cat-fantasia","8":"product_cat-oferta","9":"product_tag-penguin-random-house","11":"first","12":"outofstock","13":"sale","14":"shipping-taxable","15":"purchasable","16":"product-type-simple"},"_links":{"self":[{"href":"https:\/\/libreriahistoriasdebolsillo.com\/index.php\/wp-json\/wp\/v2\/product\/5837","targetHints":{"allow":["GET"]}}],"collection":[{"href":"https:\/\/libreriahistoriasdebolsillo.com\/index.php\/wp-json\/wp\/v2\/product"}],"about":[{"href":"https:\/\/libreriahistoriasdebolsillo.com\/index.php\/wp-json\/wp\/v2\/types\/product"}],"wp:featuredmedia":[{"embeddable":true,"href":"https:\/\/libreriahistoriasdebolsillo.com\/index.php\/wp-json\/wp\/v2\/media\/5838"}],"wp:attachment":[{"href":"https:\/\/libreriahistoriasdebolsillo.com\/index.php\/wp-json\/wp\/v2\/media?parent=5837"}],"wp:term":[{"taxonomy":"product_brand","embeddable":true,"href":"https:\/\/libreriahistoriasdebolsillo.com\/index.php\/wp-json\/wp\/v2\/product_brand?post=5837"},{"taxonomy":"product_cat","embeddable":true,"href":"https:\/\/libreriahistoriasdebolsillo.com\/index.php\/wp-json\/wp\/v2\/product_cat?post=5837"},{"taxonomy":"product_tag","embeddable":true,"href":"https:\/\/libreriahistoriasdebolsillo.com\/index.php\/wp-json\/wp\/v2\/product_tag?post=5837"}],"curies":[{"name":"wp","href":"https:\/\/api.w.org\/{rel}","templated":true}]}}