{"id":5843,"date":"2024-10-31T11:05:30","date_gmt":"2024-10-31T17:05:30","guid":{"rendered":"https:\/\/libreriahistoriasdebolsillo.com\/?post_type=product&#038;p=5843"},"modified":"2025-07-10T15:59:26","modified_gmt":"2025-07-10T21:59:26","slug":"biblioteca-paulo-coelho-manual-del-guerrero-de-la-luz","status":"publish","type":"product","link":"https:\/\/libreriahistoriasdebolsillo.com\/index.php\/producto\/biblioteca-paulo-coelho-manual-del-guerrero-de-la-luz\/","title":{"rendered":"Biblioteca Paulo Coelho. Manual del guerrero de la luz"},"content":{"rendered":"<p><b>Todos los d\u00edas libramos una guerra interior. Son batallas contra las inquietudes, las contradicciones, las dudas y las p\u00e9rdidas. Pero en cada uno de nosotros vive un guerrero de la luz.<\/b><\/p>\n<p><b>Descubre en Paulo Coelho a un novelista irreverente y actual, cuya lectura siempre mueve a la acci\u00f3n. Ad\u00e9ntrate en la obra de un autor provocador y valiente que rompe con los esquemas preconcebidos de nuestra sociedad. Un fen\u00f3meno literario con millones de seguidores en las redes sociales.<\/b><\/p>\n<p>Un guerrero de la luz conserva el brillo en los ojos. No siempre es valiente y en ocasiones sufre por cosas in\u00fatiles y duda de s\u00ed mismo. Sin embargo, por eso precisamente es un guerrero de la luz. Porque se equivoca. Porque acepta las derrotas. Porque se cuestiona a s\u00ed mismo. Porque alimenta la esperanza en medio del cansancio y el desaliento. Porque busca una raz\u00f3n y no se detiene hasta encontrarla.\u00a0<i>Manual del guerrero de la luz<\/i>\u00a0concentra toda la filosof\u00eda de Paulo Coelho.<\/p>\n","protected":false},"excerpt":{"rendered":"<p>Paulo Coelho<\/p>\n<p>160 p\u00e1ginas<\/p>\n","protected":false},"featured_media":5844,"template":"","meta":{"_joinchat":[]},"product_brand":[],"product_cat":[33,51],"product_tag":[34],"class_list":{"0":"post-5843","1":"product","2":"type-product","3":"status-publish","4":"has-post-thumbnail","6":"product_cat-ficcion-general","7":"product_cat-oferta","8":"product_tag-penguin-random-house","10":"first","11":"instock","12":"shipping-taxable","13":"purchasable","14":"product-type-simple"},"_links":{"self":[{"href":"https:\/\/libreriahistoriasdebolsillo.com\/index.php\/wp-json\/wp\/v2\/product\/5843","targetHints":{"allow":["GET"]}}],"collection":[{"href":"https:\/\/libreriahistoriasdebolsillo.com\/index.php\/wp-json\/wp\/v2\/product"}],"about":[{"href":"https:\/\/libreriahistoriasdebolsillo.com\/index.php\/wp-json\/wp\/v2\/types\/product"}],"wp:featuredmedia":[{"embeddable":true,"href":"https:\/\/libreriahistoriasdebolsillo.com\/index.php\/wp-json\/wp\/v2\/media\/5844"}],"wp:attachment":[{"href":"https:\/\/libreriahistoriasdebolsillo.com\/index.php\/wp-json\/wp\/v2\/media?parent=5843"}],"wp:term":[{"taxonomy":"product_brand","embeddable":true,"href":"https:\/\/libreriahistoriasdebolsillo.com\/index.php\/wp-json\/wp\/v2\/product_brand?post=5843"},{"taxonomy":"product_cat","embeddable":true,"href":"https:\/\/libreriahistoriasdebolsillo.com\/index.php\/wp-json\/wp\/v2\/product_cat?post=5843"},{"taxonomy":"product_tag","embeddable":true,"href":"https:\/\/libreriahistoriasdebolsillo.com\/index.php\/wp-json\/wp\/v2\/product_tag?post=5843"}],"curies":[{"name":"wp","href":"https:\/\/api.w.org\/{rel}","templated":true}]}}