{"id":5849,"date":"2024-10-31T11:14:01","date_gmt":"2024-10-31T17:14:01","guid":{"rendered":"https:\/\/libreriahistoriasdebolsillo.com\/?post_type=product&#038;p=5849"},"modified":"2025-03-03T17:27:13","modified_gmt":"2025-03-03T23:27:13","slug":"imperfectas-navidades","status":"publish","type":"product","link":"https:\/\/libreriahistoriasdebolsillo.com\/index.php\/producto\/imperfectas-navidades\/","title":{"rendered":"Imperfectas navidades"},"content":{"rendered":"<p><b>\u00a1La esperad\u00edsima vuelta a la comedia m\u00e1s rom\u00e1ntica de Cherry Chic! Un divertido, emocionante y precioso relato navide\u00f1o.<\/b><\/p>\n<p>Olivia Rivera odia la Navidad. Y a Noah Merry.<\/p>\n<p>Noah Merry odia que Olivia sea tan testaruda, orgullosa y rencorosa. Y tambi\u00e9n odia que ella se empe\u00f1e en hacerle la vida dif\u00edcil sin importarle que sea su jefe.<\/p>\n<p>Nora y Nicholas, abuelos de Noah y due\u00f1os del hotel Merry, est\u00e1n hartos de la tensi\u00f3n que reina entre sus empleados, as\u00ed que esta Navidad tienen una misi\u00f3n: conseguir que sus trabajadores se unan y descubran que, en realidad, no se odian tanto como creen.<\/p>\n<p>25 d\u00edas.<\/p>\n<p>25 pruebas navide\u00f1as<\/p>\n<p>Una cuenta de Tik Tok retransmiti\u00e9ndolo todo en directo.<\/p>\n<p>L\u00edos, enga\u00f1os, reproches y una buena porci\u00f3n de rencor.<\/p>\n<p>\u00bfQu\u00e9 podr\u00eda salir mal?<\/p>\n","protected":false},"excerpt":{"rendered":"<p>Cherry Chic<\/p>\n<p>448 p\u00e1ginas<\/p>\n","protected":false},"featured_media":5850,"template":"","meta":{"_joinchat":[]},"product_brand":[],"product_cat":[52,70,35],"product_tag":[34],"class_list":{"0":"post-5849","1":"product","2":"type-product","3":"status-publish","4":"has-post-thumbnail","6":"product_cat-juvenil","7":"product_cat-novedades","8":"product_cat-romantica","9":"product_tag-penguin-random-house","11":"first","12":"outofstock","13":"shipping-taxable","14":"purchasable","15":"product-type-simple"},"_links":{"self":[{"href":"https:\/\/libreriahistoriasdebolsillo.com\/index.php\/wp-json\/wp\/v2\/product\/5849","targetHints":{"allow":["GET"]}}],"collection":[{"href":"https:\/\/libreriahistoriasdebolsillo.com\/index.php\/wp-json\/wp\/v2\/product"}],"about":[{"href":"https:\/\/libreriahistoriasdebolsillo.com\/index.php\/wp-json\/wp\/v2\/types\/product"}],"wp:featuredmedia":[{"embeddable":true,"href":"https:\/\/libreriahistoriasdebolsillo.com\/index.php\/wp-json\/wp\/v2\/media\/5850"}],"wp:attachment":[{"href":"https:\/\/libreriahistoriasdebolsillo.com\/index.php\/wp-json\/wp\/v2\/media?parent=5849"}],"wp:term":[{"taxonomy":"product_brand","embeddable":true,"href":"https:\/\/libreriahistoriasdebolsillo.com\/index.php\/wp-json\/wp\/v2\/product_brand?post=5849"},{"taxonomy":"product_cat","embeddable":true,"href":"https:\/\/libreriahistoriasdebolsillo.com\/index.php\/wp-json\/wp\/v2\/product_cat?post=5849"},{"taxonomy":"product_tag","embeddable":true,"href":"https:\/\/libreriahistoriasdebolsillo.com\/index.php\/wp-json\/wp\/v2\/product_tag?post=5849"}],"curies":[{"name":"wp","href":"https:\/\/api.w.org\/{rel}","templated":true}]}}