{"id":5863,"date":"2024-11-01T13:26:30","date_gmt":"2024-11-01T19:26:30","guid":{"rendered":"https:\/\/libreriahistoriasdebolsillo.com\/?post_type=product&#038;p=5863"},"modified":"2025-03-03T17:24:05","modified_gmt":"2025-03-03T23:24:05","slug":"riusplay-y-la-maldicion-de-los-colmillos","status":"publish","type":"product","link":"https:\/\/libreriahistoriasdebolsillo.com\/index.php\/producto\/riusplay-y-la-maldicion-de-los-colmillos\/","title":{"rendered":"Riusplay y la maldici\u00f3n de los colmillos"},"content":{"rendered":"<p><b>Despu\u00e9s de su primera gran aventura recorriendo<\/b>\u00a0<b>el mundo y enfrentando sus peligros, la maldici\u00f3n de licantrop\u00eda<\/b>\u00a0<b>convirti\u00f3 a Rius en un pollo y su fama de salvador de Corral<\/b>\u00a0<b>lo llev\u00f3 a ser uno de los caballeros m\u00e1s importantes del reino.<\/b><\/p>\n<p>Sin embargo,\u00a0<b>Rius<\/b>\u00a0desea volver a ser un\u00a0<b>humano normal<\/b>, por lo que \u00e9l y sus amigos emprenden un viaje hasta\u00a0<b>Transilvania<\/b>\u00a0en busca de la soluci\u00f3n, sin imaginar que ah\u00ed se enfrentar\u00e1n a seres desconocidos, misteriosos y muy peligrosos.<\/p>\n<p>En esta nueva aventura, Rius pondr\u00e1 a prueba su\u00a0<b>valent\u00eda<\/b>, el concepto de amistad y, sobre todo, la importancia de encontrar su propia esencia, su valor de caballero en la forma que lo definir\u00e1 para siempre.<\/p>\n","protected":false},"excerpt":{"rendered":"<p>Riusplay<\/p>\n<p>173 p\u00e1ginas<\/p>\n","protected":false},"featured_media":5864,"template":"","meta":{"_joinchat":[]},"product_brand":[],"product_cat":[54,70],"product_tag":[34],"class_list":{"0":"post-5863","1":"product","2":"type-product","3":"status-publish","4":"has-post-thumbnail","6":"product_cat-infantil","7":"product_cat-novedades","8":"product_tag-penguin-random-house","10":"first","11":"outofstock","12":"shipping-taxable","13":"purchasable","14":"product-type-simple"},"_links":{"self":[{"href":"https:\/\/libreriahistoriasdebolsillo.com\/index.php\/wp-json\/wp\/v2\/product\/5863","targetHints":{"allow":["GET"]}}],"collection":[{"href":"https:\/\/libreriahistoriasdebolsillo.com\/index.php\/wp-json\/wp\/v2\/product"}],"about":[{"href":"https:\/\/libreriahistoriasdebolsillo.com\/index.php\/wp-json\/wp\/v2\/types\/product"}],"wp:featuredmedia":[{"embeddable":true,"href":"https:\/\/libreriahistoriasdebolsillo.com\/index.php\/wp-json\/wp\/v2\/media\/5864"}],"wp:attachment":[{"href":"https:\/\/libreriahistoriasdebolsillo.com\/index.php\/wp-json\/wp\/v2\/media?parent=5863"}],"wp:term":[{"taxonomy":"product_brand","embeddable":true,"href":"https:\/\/libreriahistoriasdebolsillo.com\/index.php\/wp-json\/wp\/v2\/product_brand?post=5863"},{"taxonomy":"product_cat","embeddable":true,"href":"https:\/\/libreriahistoriasdebolsillo.com\/index.php\/wp-json\/wp\/v2\/product_cat?post=5863"},{"taxonomy":"product_tag","embeddable":true,"href":"https:\/\/libreriahistoriasdebolsillo.com\/index.php\/wp-json\/wp\/v2\/product_tag?post=5863"}],"curies":[{"name":"wp","href":"https:\/\/api.w.org\/{rel}","templated":true}]}}