{"id":5869,"date":"2024-11-01T13:34:04","date_gmt":"2024-11-01T19:34:04","guid":{"rendered":"https:\/\/libreriahistoriasdebolsillo.com\/?post_type=product&#038;p=5869"},"modified":"2025-03-01T14:34:04","modified_gmt":"2025-03-01T20:34:04","slug":"contacto","status":"publish","type":"product","link":"https:\/\/libreriahistoriasdebolsillo.com\/index.php\/producto\/contacto\/","title":{"rendered":"Contacto"},"content":{"rendered":"<p><b><i>Contacto\u00a0<\/i>es la \u00fanica novela escrita por el astr\u00f3nomo estadounidense Carl Sagan, uno de los mayores divulgadores cient\u00edficos del siglo XX.<\/b><\/p>\n<p>Galardonado con el premio Pulitzer por<i>\u00a0Los dragones del Ed\u00e9n,\u00a0<\/i>Sagan es adem\u00e1s el aclamado autor de\u00a0<i>Cosmos,<\/i>\u00a0el libro de\u00a0<b>divulgaci\u00f3n cient\u00edfica\u00a0<\/b>m\u00e1s vendido de la historia, el cual inspir\u00f3 una aclamada<b>\u00a0serie de televisi\u00f3n<\/b>\u00a0estrenada en m\u00e1s de sesenta pa\u00edses.\u00a0<i>Contacto<\/i>, premio Locus 1986, desarrolla una de las constantes en la trayectoria del autor: la b\u00fasqueda de\u00a0<b>inteligencia extraterrestre<\/b>\u00a0y la comunicaci\u00f3n con ella a trav\u00e9s de sondas espaciales. En 1997, el director de cine Robert Zemeckis llev\u00f3 esta historia a la gran pantalla, en una pel\u00edcula protagonizada por\u00a0<b>Jodie Foster y Matthew McConaughey.<\/b><\/p>\n<p>Tras cinco a\u00f1os de incesantes b\u00fasquedas con los dispositivos m\u00e1s sofisticados del momento, la astr\u00f3noma Eleanor Arroway consigue, junto a un equipo de cient\u00edficos internacionales, conectar con\u00a0<b>la estrella Vega y\u00a0<\/b>demostrar que no estamos solos en el universo. Empieza entonces un trepidante viaje hacia el encuentro m\u00e1s esperado de la historia de la humanidad, y con \u00e9l Sagan plantea magistralmente c\u00f3mo afectar\u00eda a nuestra sociedad\u00a0<b>la recepci\u00f3n de mensajes\u00a0<\/b>de una civilizaci\u00f3n extraterrestre.<\/p>\n","protected":false},"excerpt":{"rendered":"<p>Carl Sagan<\/p>\n<p>424 p\u00e1ginas<\/p>\n","protected":false},"featured_media":5870,"template":"","meta":{"_joinchat":[]},"product_brand":[],"product_cat":[40],"product_tag":[34],"class_list":{"0":"post-5869","1":"product","2":"type-product","3":"status-publish","4":"has-post-thumbnail","6":"product_cat-ciencia-ficcion","7":"product_tag-penguin-random-house","9":"first","10":"outofstock","11":"shipping-taxable","12":"purchasable","13":"product-type-simple"},"_links":{"self":[{"href":"https:\/\/libreriahistoriasdebolsillo.com\/index.php\/wp-json\/wp\/v2\/product\/5869","targetHints":{"allow":["GET"]}}],"collection":[{"href":"https:\/\/libreriahistoriasdebolsillo.com\/index.php\/wp-json\/wp\/v2\/product"}],"about":[{"href":"https:\/\/libreriahistoriasdebolsillo.com\/index.php\/wp-json\/wp\/v2\/types\/product"}],"wp:featuredmedia":[{"embeddable":true,"href":"https:\/\/libreriahistoriasdebolsillo.com\/index.php\/wp-json\/wp\/v2\/media\/5870"}],"wp:attachment":[{"href":"https:\/\/libreriahistoriasdebolsillo.com\/index.php\/wp-json\/wp\/v2\/media?parent=5869"}],"wp:term":[{"taxonomy":"product_brand","embeddable":true,"href":"https:\/\/libreriahistoriasdebolsillo.com\/index.php\/wp-json\/wp\/v2\/product_brand?post=5869"},{"taxonomy":"product_cat","embeddable":true,"href":"https:\/\/libreriahistoriasdebolsillo.com\/index.php\/wp-json\/wp\/v2\/product_cat?post=5869"},{"taxonomy":"product_tag","embeddable":true,"href":"https:\/\/libreriahistoriasdebolsillo.com\/index.php\/wp-json\/wp\/v2\/product_tag?post=5869"}],"curies":[{"name":"wp","href":"https:\/\/api.w.org\/{rel}","templated":true}]}}