{"id":5871,"date":"2024-11-01T13:38:16","date_gmt":"2024-11-01T19:38:16","guid":{"rendered":"https:\/\/libreriahistoriasdebolsillo.com\/?post_type=product&#038;p=5871"},"modified":"2024-11-23T11:57:28","modified_gmt":"2024-11-23T17:57:28","slug":"el-alquimista-tapa-dura-ed-35-aniversario","status":"publish","type":"product","link":"https:\/\/libreriahistoriasdebolsillo.com\/index.php\/producto\/el-alquimista-tapa-dura-ed-35-aniversario\/","title":{"rendered":"El alquimista (Tapa dura Ed. 35 aniversario)"},"content":{"rendered":"<p><i>El Alquimista<\/i>\u00a0se ha convertido en un cl\u00e1sico moderno, del que se han vendido millones de ejemplares en todo el mundo y que ha transformado la vida de innumerables lectores de todas las generaciones.<\/p>\n<p><b>Paulo Coelho<\/b>\u00a0combina la magia, el misticismo y la sabidur\u00eda en la inspiradora historia de Santiago, un pastor andaluz que emprende un viaje en busca de riquezas. Sin embargo, su aventura se convierte en un camino de autodescubrimiento y lo que encuentra es un tesoro mucho m\u00e1s importante: la sabidur\u00eda de escuchar su coraz\u00f3n, reconocer las oportunidades y leer los presagios que le ofrece la vida. La gran ense\u00f1anza de esta obra cumbre de Paulo Coelho es que debemos aprender a escuchar nuestro coraz\u00f3n, ya que en \u00e9l reside la fuerza transformadora de nuestros sue\u00f1os.<\/p>\n","protected":false},"excerpt":{"rendered":"<p>Paulo Coelho<\/p>\n<p>200 p\u00e1ginas<\/p>\n","protected":false},"featured_media":5872,"template":"","meta":{"_joinchat":[]},"product_brand":[],"product_cat":[33],"product_tag":[34],"class_list":{"0":"post-5871","1":"product","2":"type-product","3":"status-publish","4":"has-post-thumbnail","6":"product_cat-ficcion-general","7":"product_tag-penguin-random-house","9":"first","10":"outofstock","11":"shipping-taxable","12":"purchasable","13":"product-type-simple"},"_links":{"self":[{"href":"https:\/\/libreriahistoriasdebolsillo.com\/index.php\/wp-json\/wp\/v2\/product\/5871","targetHints":{"allow":["GET"]}}],"collection":[{"href":"https:\/\/libreriahistoriasdebolsillo.com\/index.php\/wp-json\/wp\/v2\/product"}],"about":[{"href":"https:\/\/libreriahistoriasdebolsillo.com\/index.php\/wp-json\/wp\/v2\/types\/product"}],"wp:featuredmedia":[{"embeddable":true,"href":"https:\/\/libreriahistoriasdebolsillo.com\/index.php\/wp-json\/wp\/v2\/media\/5872"}],"wp:attachment":[{"href":"https:\/\/libreriahistoriasdebolsillo.com\/index.php\/wp-json\/wp\/v2\/media?parent=5871"}],"wp:term":[{"taxonomy":"product_brand","embeddable":true,"href":"https:\/\/libreriahistoriasdebolsillo.com\/index.php\/wp-json\/wp\/v2\/product_brand?post=5871"},{"taxonomy":"product_cat","embeddable":true,"href":"https:\/\/libreriahistoriasdebolsillo.com\/index.php\/wp-json\/wp\/v2\/product_cat?post=5871"},{"taxonomy":"product_tag","embeddable":true,"href":"https:\/\/libreriahistoriasdebolsillo.com\/index.php\/wp-json\/wp\/v2\/product_tag?post=5871"}],"curies":[{"name":"wp","href":"https:\/\/api.w.org\/{rel}","templated":true}]}}