{"id":5900,"date":"2024-11-05T15:08:39","date_gmt":"2024-11-05T21:08:39","guid":{"rendered":"https:\/\/libreriahistoriasdebolsillo.com\/?post_type=product&#038;p=5900"},"modified":"2025-11-20T12:51:13","modified_gmt":"2025-11-20T18:51:13","slug":"como-pienses-sera-tu-vida-tapa-dura","status":"publish","type":"product","link":"https:\/\/libreriahistoriasdebolsillo.com\/index.php\/producto\/como-pienses-sera-tu-vida-tapa-dura\/","title":{"rendered":"Como pienses ser\u00e1 tu vida (Tapa dura)"},"content":{"rendered":"<p>Lo que piensas importa porque en tu pensamiento habitan las semillas de las acciones y los h\u00e1bitos que te conducir\u00e1n a una vida de bienestar, felicidad y \u00e9xito.<br \/>\nSi tu mente aspira a la grandeza, la alcanzar\u00e1s, si tu sue\u00f1os son elevados, los cumplir\u00e1s. Pero primero, debes conocer la ley que gobiernan a tu ser para que aprendas a elegir con sabidur\u00eda y a cultivar conscientemente lo que piensas.<\/p>\n","protected":false},"excerpt":{"rendered":"<p>James Allen<\/p>\n<p>103 p\u00e1ginas<\/p>\n","protected":false},"featured_media":5901,"template":"","meta":{"_joinchat":[]},"product_brand":[],"product_cat":[58,41,70],"product_tag":[48],"class_list":{"0":"post-5900","1":"product","2":"type-product","3":"status-publish","4":"has-post-thumbnail","6":"product_cat-desarrollo-humano-y-superacion","7":"product_cat-desarrollo-humano","8":"product_cat-novedades","9":"product_tag-vr-editoras","11":"first","12":"instock","13":"shipping-taxable","14":"purchasable","15":"product-type-simple"},"_links":{"self":[{"href":"https:\/\/libreriahistoriasdebolsillo.com\/index.php\/wp-json\/wp\/v2\/product\/5900","targetHints":{"allow":["GET"]}}],"collection":[{"href":"https:\/\/libreriahistoriasdebolsillo.com\/index.php\/wp-json\/wp\/v2\/product"}],"about":[{"href":"https:\/\/libreriahistoriasdebolsillo.com\/index.php\/wp-json\/wp\/v2\/types\/product"}],"wp:featuredmedia":[{"embeddable":true,"href":"https:\/\/libreriahistoriasdebolsillo.com\/index.php\/wp-json\/wp\/v2\/media\/5901"}],"wp:attachment":[{"href":"https:\/\/libreriahistoriasdebolsillo.com\/index.php\/wp-json\/wp\/v2\/media?parent=5900"}],"wp:term":[{"taxonomy":"product_brand","embeddable":true,"href":"https:\/\/libreriahistoriasdebolsillo.com\/index.php\/wp-json\/wp\/v2\/product_brand?post=5900"},{"taxonomy":"product_cat","embeddable":true,"href":"https:\/\/libreriahistoriasdebolsillo.com\/index.php\/wp-json\/wp\/v2\/product_cat?post=5900"},{"taxonomy":"product_tag","embeddable":true,"href":"https:\/\/libreriahistoriasdebolsillo.com\/index.php\/wp-json\/wp\/v2\/product_tag?post=5900"}],"curies":[{"name":"wp","href":"https:\/\/api.w.org\/{rel}","templated":true}]}}