{"id":5904,"date":"2024-11-05T15:13:43","date_gmt":"2024-11-05T21:13:43","guid":{"rendered":"https:\/\/libreriahistoriasdebolsillo.com\/?post_type=product&#038;p=5904"},"modified":"2025-06-28T12:21:08","modified_gmt":"2025-06-28T18:21:08","slug":"lideres-y-aliadas","status":"publish","type":"product","link":"https:\/\/libreriahistoriasdebolsillo.com\/index.php\/producto\/lideres-y-aliadas\/","title":{"rendered":"L\u00edderes y aliadas"},"content":{"rendered":"<p>Estas diez mujeres son l\u00edderes extraordinarias a las que Paola Rojas admira, respeta y aprecia profundamente. En breves entrevistas con ella, comparten tanto su experiencia, como su visi\u00f3n para una sociedad que incluya a todas y todos. Cada una, a su modo y desde su contexto, ha luchado por una realidad m\u00e1s digna y humana, guiando con el ejemplo, abriendo caminos y volviendo real lo que parec\u00eda inalcanzable. Este libro es a la vez un grito de resistencia y una palabra que reconforta. Es una invitaci\u00f3n a relacionarte de otras formas con las creencias aprendidas, pero tambi\u00e9n a cultivar nuevas perspectivas para entender el liderazgo. Es, sobre todo, inspiraci\u00f3n para quien sabe que otro mundo es posible.<\/p>\n","protected":false},"excerpt":{"rendered":"<p>Paola Rojas<\/p>\n<p>240 p\u00e1ginas<\/p>\n","protected":false},"featured_media":5905,"template":"","meta":{"_joinchat":[]},"product_brand":[],"product_cat":[58,41,70],"product_tag":[48],"class_list":{"0":"post-5904","1":"product","2":"type-product","3":"status-publish","4":"has-post-thumbnail","6":"product_cat-desarrollo-humano-y-superacion","7":"product_cat-desarrollo-humano","8":"product_cat-novedades","9":"product_tag-vr-editoras","11":"first","12":"outofstock","13":"shipping-taxable","14":"purchasable","15":"product-type-simple"},"_links":{"self":[{"href":"https:\/\/libreriahistoriasdebolsillo.com\/index.php\/wp-json\/wp\/v2\/product\/5904","targetHints":{"allow":["GET"]}}],"collection":[{"href":"https:\/\/libreriahistoriasdebolsillo.com\/index.php\/wp-json\/wp\/v2\/product"}],"about":[{"href":"https:\/\/libreriahistoriasdebolsillo.com\/index.php\/wp-json\/wp\/v2\/types\/product"}],"wp:featuredmedia":[{"embeddable":true,"href":"https:\/\/libreriahistoriasdebolsillo.com\/index.php\/wp-json\/wp\/v2\/media\/5905"}],"wp:attachment":[{"href":"https:\/\/libreriahistoriasdebolsillo.com\/index.php\/wp-json\/wp\/v2\/media?parent=5904"}],"wp:term":[{"taxonomy":"product_brand","embeddable":true,"href":"https:\/\/libreriahistoriasdebolsillo.com\/index.php\/wp-json\/wp\/v2\/product_brand?post=5904"},{"taxonomy":"product_cat","embeddable":true,"href":"https:\/\/libreriahistoriasdebolsillo.com\/index.php\/wp-json\/wp\/v2\/product_cat?post=5904"},{"taxonomy":"product_tag","embeddable":true,"href":"https:\/\/libreriahistoriasdebolsillo.com\/index.php\/wp-json\/wp\/v2\/product_tag?post=5904"}],"curies":[{"name":"wp","href":"https:\/\/api.w.org\/{rel}","templated":true}]}}