{"id":5914,"date":"2024-11-11T14:41:20","date_gmt":"2024-11-11T20:41:20","guid":{"rendered":"https:\/\/libreriahistoriasdebolsillo.com\/?post_type=product&#038;p=5914"},"modified":"2025-03-08T14:15:47","modified_gmt":"2025-03-08T20:15:47","slug":"la-quinta-modelo-noche-al-raso-y-otros-relatos","status":"publish","type":"product","link":"https:\/\/libreriahistoriasdebolsillo.com\/index.php\/producto\/la-quinta-modelo-noche-al-raso-y-otros-relatos\/","title":{"rendered":"La quinta modelo \/ noche al raso y otros relatos"},"content":{"rendered":"<p><b>\u00abLa pol\u00edtica en tiempos de exaltaci\u00f3n vuelve locas a muchas m\u00e1s gentes que el amor.\u00bb<\/b><\/p>\n<p>En\u00a0<i>La quinta modelo<\/i>, su \u00fanica novela, Jos\u00e9 Mar\u00eda Roa B\u00e1rcena muestra la cara opuesta al liberalismo mexicano y revela sus terribles efectos en la sociedad mexicana de mediados de siglo XIX. Noche al raso, quiz\u00e1 su obra m\u00e1s conocida, re\u00fane a cinco viajeros que revelar\u00e1n con humor los vicios de la sociedad, como el enga\u00f1o y el rumor. En los cuentos seleccionados desfilan aparecidos, flores poetisas y papalotes beligerantes. El lector podr\u00e1 descubrir en estos textos los or\u00edgenes del cuento mexicano moderno, as\u00ed como una est\u00e9tica de corte conservadora en la literatura decimon\u00f3nica.Este volumen re\u00fane una novela, un libro de cuentos y las \u00faltimas obras m\u00e1s representativas de Jos\u00e9 Mar\u00eda Roa B\u00e1rcena. La edici\u00f3n y selecci\u00f3n estuvo a cargo de Pamela Vicente\u00f1o Bravo, maestra en Letras por la unam y especialista en la literatura mexicana del siglo XIX.<\/p>\n","protected":false},"excerpt":{"rendered":"<p>Jos\u00e9 Mar\u00eda Roa B\u00e1rcena<\/p>\n<p>312 p\u00e1ginas<\/p>\n","protected":false},"featured_media":5915,"template":"","meta":{"_joinchat":[]},"product_brand":[],"product_cat":[42,51],"product_tag":[34],"class_list":{"0":"post-5914","1":"product","2":"type-product","3":"status-publish","4":"has-post-thumbnail","6":"product_cat-literatura-clasica","7":"product_cat-oferta","8":"product_tag-penguin-random-house","10":"first","11":"outofstock","12":"shipping-taxable","13":"purchasable","14":"product-type-simple"},"_links":{"self":[{"href":"https:\/\/libreriahistoriasdebolsillo.com\/index.php\/wp-json\/wp\/v2\/product\/5914","targetHints":{"allow":["GET"]}}],"collection":[{"href":"https:\/\/libreriahistoriasdebolsillo.com\/index.php\/wp-json\/wp\/v2\/product"}],"about":[{"href":"https:\/\/libreriahistoriasdebolsillo.com\/index.php\/wp-json\/wp\/v2\/types\/product"}],"wp:featuredmedia":[{"embeddable":true,"href":"https:\/\/libreriahistoriasdebolsillo.com\/index.php\/wp-json\/wp\/v2\/media\/5915"}],"wp:attachment":[{"href":"https:\/\/libreriahistoriasdebolsillo.com\/index.php\/wp-json\/wp\/v2\/media?parent=5914"}],"wp:term":[{"taxonomy":"product_brand","embeddable":true,"href":"https:\/\/libreriahistoriasdebolsillo.com\/index.php\/wp-json\/wp\/v2\/product_brand?post=5914"},{"taxonomy":"product_cat","embeddable":true,"href":"https:\/\/libreriahistoriasdebolsillo.com\/index.php\/wp-json\/wp\/v2\/product_cat?post=5914"},{"taxonomy":"product_tag","embeddable":true,"href":"https:\/\/libreriahistoriasdebolsillo.com\/index.php\/wp-json\/wp\/v2\/product_tag?post=5914"}],"curies":[{"name":"wp","href":"https:\/\/api.w.org\/{rel}","templated":true}]}}