{"id":5970,"date":"2024-11-27T14:36:40","date_gmt":"2024-11-27T20:36:40","guid":{"rendered":"https:\/\/libreriahistoriasdebolsillo.com\/?post_type=product&#038;p=5970"},"modified":"2025-06-28T15:56:48","modified_gmt":"2025-06-28T21:56:48","slug":"un-libro-muy-divertido-unicornios","status":"publish","type":"product","link":"https:\/\/libreriahistoriasdebolsillo.com\/index.php\/producto\/un-libro-muy-divertido-unicornios\/","title":{"rendered":"Un libro muy divertido, unicornios"},"content":{"rendered":"<p>Atr\u00e9vete a resolver las divertidas actividades de cada libro utilizando m\u00e1s de 100 stickers. Libro con m\u00e1s de 100 stickers para resolver las actividades. Incluye chistes, juegos y adivinanzas. Cada libro tiene una entretenida tem\u00e1tica. Encuentra las soluciones al final de cada libro. Con tama\u00f1o ideal para que los ni\u00f1os lo sostengan mientras juega.<\/p>\n","protected":false},"excerpt":{"rendered":"<p>Atr\u00e9vete a resolver las divertidas actividades de cada libro utilizando m\u00e1s de 100 stickers. Libro con m\u00e1s de 100 stickers para resolver las actividades. Incluye chistes, juegos y adivinanzas. Cada libro tiene una entretenida tem\u00e1tica. Encuentra las soluciones al final de cada libro. Con tama\u00f1o ideal para que los ni\u00f1os lo sostengan mientras juega.<\/p>\n","protected":false},"featured_media":5971,"template":"","meta":{"_joinchat":[]},"product_brand":[],"product_cat":[54,70,51],"product_tag":[48],"class_list":{"0":"post-5970","1":"product","2":"type-product","3":"status-publish","4":"has-post-thumbnail","6":"product_cat-infantil","7":"product_cat-novedades","8":"product_cat-oferta","9":"product_tag-vr-editoras","11":"first","12":"outofstock","13":"shipping-taxable","14":"purchasable","15":"product-type-simple"},"_links":{"self":[{"href":"https:\/\/libreriahistoriasdebolsillo.com\/index.php\/wp-json\/wp\/v2\/product\/5970","targetHints":{"allow":["GET"]}}],"collection":[{"href":"https:\/\/libreriahistoriasdebolsillo.com\/index.php\/wp-json\/wp\/v2\/product"}],"about":[{"href":"https:\/\/libreriahistoriasdebolsillo.com\/index.php\/wp-json\/wp\/v2\/types\/product"}],"wp:featuredmedia":[{"embeddable":true,"href":"https:\/\/libreriahistoriasdebolsillo.com\/index.php\/wp-json\/wp\/v2\/media\/5971"}],"wp:attachment":[{"href":"https:\/\/libreriahistoriasdebolsillo.com\/index.php\/wp-json\/wp\/v2\/media?parent=5970"}],"wp:term":[{"taxonomy":"product_brand","embeddable":true,"href":"https:\/\/libreriahistoriasdebolsillo.com\/index.php\/wp-json\/wp\/v2\/product_brand?post=5970"},{"taxonomy":"product_cat","embeddable":true,"href":"https:\/\/libreriahistoriasdebolsillo.com\/index.php\/wp-json\/wp\/v2\/product_cat?post=5970"},{"taxonomy":"product_tag","embeddable":true,"href":"https:\/\/libreriahistoriasdebolsillo.com\/index.php\/wp-json\/wp\/v2\/product_tag?post=5970"}],"curies":[{"name":"wp","href":"https:\/\/api.w.org\/{rel}","templated":true}]}}