{"id":6015,"date":"2024-12-20T11:55:48","date_gmt":"2024-12-20T17:55:48","guid":{"rendered":"https:\/\/libreriahistoriasdebolsillo.com\/?post_type=product&#038;p=6015"},"modified":"2025-05-07T09:43:34","modified_gmt":"2025-05-07T15:43:34","slug":"anne-frank-diario-edicion-ampliada","status":"publish","type":"product","link":"https:\/\/libreriahistoriasdebolsillo.com\/index.php\/producto\/anne-frank-diario-edicion-ampliada\/","title":{"rendered":"Anne Frank. Diario (Edici\u00f3n ampliada)"},"content":{"rendered":"<p>Este es el diario y cuentos escritos por la ni\u00f1a jud\u00eda Ana Frank<br \/>\n(Annelies Marie (Anne) Frank) entre el 12 de junio de 1942 y el 1 de<br \/>\nagosto de 1944 donde relata su historia como adolescente y el tiempo de<br \/>\ndos a\u00f1os cuando tuvo que ocultarse de los nazis en Amsterdam, durante la<br \/>\nSegunda Guerra Mundial.<\/p>\n","protected":false},"excerpt":{"rendered":"<p>Anne Frank<\/p>\n<p>391 p\u00e1ginas<\/p>\n","protected":false},"featured_media":6016,"template":"","meta":{"_joinchat":[]},"product_brand":[],"product_cat":[42],"product_tag":[34],"class_list":{"0":"post-6015","1":"product","2":"type-product","3":"status-publish","4":"has-post-thumbnail","6":"product_cat-literatura-clasica","7":"product_tag-penguin-random-house","9":"first","10":"outofstock","11":"shipping-taxable","12":"purchasable","13":"product-type-simple"},"_links":{"self":[{"href":"https:\/\/libreriahistoriasdebolsillo.com\/index.php\/wp-json\/wp\/v2\/product\/6015","targetHints":{"allow":["GET"]}}],"collection":[{"href":"https:\/\/libreriahistoriasdebolsillo.com\/index.php\/wp-json\/wp\/v2\/product"}],"about":[{"href":"https:\/\/libreriahistoriasdebolsillo.com\/index.php\/wp-json\/wp\/v2\/types\/product"}],"wp:featuredmedia":[{"embeddable":true,"href":"https:\/\/libreriahistoriasdebolsillo.com\/index.php\/wp-json\/wp\/v2\/media\/6016"}],"wp:attachment":[{"href":"https:\/\/libreriahistoriasdebolsillo.com\/index.php\/wp-json\/wp\/v2\/media?parent=6015"}],"wp:term":[{"taxonomy":"product_brand","embeddable":true,"href":"https:\/\/libreriahistoriasdebolsillo.com\/index.php\/wp-json\/wp\/v2\/product_brand?post=6015"},{"taxonomy":"product_cat","embeddable":true,"href":"https:\/\/libreriahistoriasdebolsillo.com\/index.php\/wp-json\/wp\/v2\/product_cat?post=6015"},{"taxonomy":"product_tag","embeddable":true,"href":"https:\/\/libreriahistoriasdebolsillo.com\/index.php\/wp-json\/wp\/v2\/product_tag?post=6015"}],"curies":[{"name":"wp","href":"https:\/\/api.w.org\/{rel}","templated":true}]}}