{"id":6023,"date":"2024-12-20T12:07:37","date_gmt":"2024-12-20T18:07:37","guid":{"rendered":"https:\/\/libreriahistoriasdebolsillo.com\/?post_type=product&#038;p=6023"},"modified":"2025-03-21T17:00:20","modified_gmt":"2025-03-21T23:00:20","slug":"las-mujeres-que-aman-demasiado-tapa-dura","status":"publish","type":"product","link":"https:\/\/libreriahistoriasdebolsillo.com\/index.php\/producto\/las-mujeres-que-aman-demasiado-tapa-dura\/","title":{"rendered":"Las mujeres que aman demasiado (tapa dura)"},"content":{"rendered":"<p>Desde 1985, m\u00e1s de\u00a0<b>cinco millones de mujeres<\/b>\u00a0han encontrado en estas p\u00e1ginas el\u00a0<b>alivio<\/b>\u00a0al dolor causado por el\u00a0<b>amo<\/b>r y las\u00a0<b>relaciones t\u00f3xicas<\/b>. Mujeres con la misma necesidad de ayuda por\u00a0<b>amar demasiado<\/b>.<\/p>\n<p>Durante cuatro d\u00e9cadas, la reconocida terapeuta\u00a0<b>Robin Norwood<\/b>\u00a0les ha mostrado las ra\u00edces de su atracci\u00f3n y les ha ofrecido una gu\u00eda para aprender a amarse a s\u00ed mismas y\u00a0<b>detener el dolor<\/b>.<\/p>\n<p>Esta nueva edici\u00f3n del gran cl\u00e1sico refuerza la eficacia de un\u00a0<b>mensaje poderoso<\/b>\u00a0y m\u00e1s vigente que nunca.<\/p>\n","protected":false},"excerpt":{"rendered":"<p>Robin Norwood<\/p>\n<p>352 p\u00e1ginas<\/p>\n","protected":false},"featured_media":6024,"template":"","meta":{"_joinchat":[]},"product_brand":[],"product_cat":[58,41,70],"product_tag":[34],"class_list":{"0":"post-6023","1":"product","2":"type-product","3":"status-publish","4":"has-post-thumbnail","6":"product_cat-desarrollo-humano-y-superacion","7":"product_cat-desarrollo-humano","8":"product_cat-novedades","9":"product_tag-penguin-random-house","11":"first","12":"outofstock","13":"shipping-taxable","14":"purchasable","15":"product-type-simple"},"_links":{"self":[{"href":"https:\/\/libreriahistoriasdebolsillo.com\/index.php\/wp-json\/wp\/v2\/product\/6023","targetHints":{"allow":["GET"]}}],"collection":[{"href":"https:\/\/libreriahistoriasdebolsillo.com\/index.php\/wp-json\/wp\/v2\/product"}],"about":[{"href":"https:\/\/libreriahistoriasdebolsillo.com\/index.php\/wp-json\/wp\/v2\/types\/product"}],"wp:featuredmedia":[{"embeddable":true,"href":"https:\/\/libreriahistoriasdebolsillo.com\/index.php\/wp-json\/wp\/v2\/media\/6024"}],"wp:attachment":[{"href":"https:\/\/libreriahistoriasdebolsillo.com\/index.php\/wp-json\/wp\/v2\/media?parent=6023"}],"wp:term":[{"taxonomy":"product_brand","embeddable":true,"href":"https:\/\/libreriahistoriasdebolsillo.com\/index.php\/wp-json\/wp\/v2\/product_brand?post=6023"},{"taxonomy":"product_cat","embeddable":true,"href":"https:\/\/libreriahistoriasdebolsillo.com\/index.php\/wp-json\/wp\/v2\/product_cat?post=6023"},{"taxonomy":"product_tag","embeddable":true,"href":"https:\/\/libreriahistoriasdebolsillo.com\/index.php\/wp-json\/wp\/v2\/product_tag?post=6023"}],"curies":[{"name":"wp","href":"https:\/\/api.w.org\/{rel}","templated":true}]}}