{"id":6036,"date":"2024-12-20T14:17:21","date_gmt":"2024-12-20T20:17:21","guid":{"rendered":"https:\/\/libreriahistoriasdebolsillo.com\/?post_type=product&#038;p=6036"},"modified":"2025-06-27T17:45:41","modified_gmt":"2025-06-27T23:45:41","slug":"el-poder-un-nuevo-analisis-social","status":"publish","type":"product","link":"https:\/\/libreriahistoriasdebolsillo.com\/index.php\/producto\/el-poder-un-nuevo-analisis-social\/","title":{"rendered":"El poder. Un nuevo an\u00e1lisis social"},"content":{"rendered":"<p>EL AN\u00c1LISIS DEFINITIVO SOBRE EL PODER COMO HERRAMIENTA DE CONTROL SOCIAL.<\/p>\n<p>\u00bfCu\u00e1l es la clave para entender la naturaleza humana? Para Bertrand Russell la respuesta rotunda es el poder. El poder no solo es el lente \u00faltimo de nuestros actos, sino que constituye, adem\u00e1s, el elemento m\u00e1s decisivo para el desarrollo de nuestras sociedades.<\/p>\n<p>A finales de la d\u00e9cada de 1930, cuando los totalitarismos se propagaban por toda Europa y el mundo estaba al borde de una guerra devastadora, un convencido Russell propuso alternativas racionales e inteligentes para hacer valer la autoridad sin tener que recurrir a extremismos violentos. El resultado es esta penetrante obra en la que analiza la esencia del poder y propone soluciones para que la natural voluntad de entendimiento entre los hombres llega a su \u00f3ptima expresi\u00f3n.<\/p>\n","protected":false},"excerpt":{"rendered":"<p>Bertrand Russell<\/p>\n<p>285 p\u00e1ginas<\/p>\n","protected":false},"featured_media":6037,"template":"","meta":{"_joinchat":[]},"product_brand":[],"product_cat":[41],"product_tag":[48],"class_list":{"0":"post-6036","1":"product","2":"type-product","3":"status-publish","4":"has-post-thumbnail","6":"product_cat-desarrollo-humano","7":"product_tag-vr-editoras","9":"first","10":"outofstock","11":"shipping-taxable","12":"purchasable","13":"product-type-simple"},"_links":{"self":[{"href":"https:\/\/libreriahistoriasdebolsillo.com\/index.php\/wp-json\/wp\/v2\/product\/6036","targetHints":{"allow":["GET"]}}],"collection":[{"href":"https:\/\/libreriahistoriasdebolsillo.com\/index.php\/wp-json\/wp\/v2\/product"}],"about":[{"href":"https:\/\/libreriahistoriasdebolsillo.com\/index.php\/wp-json\/wp\/v2\/types\/product"}],"wp:featuredmedia":[{"embeddable":true,"href":"https:\/\/libreriahistoriasdebolsillo.com\/index.php\/wp-json\/wp\/v2\/media\/6037"}],"wp:attachment":[{"href":"https:\/\/libreriahistoriasdebolsillo.com\/index.php\/wp-json\/wp\/v2\/media?parent=6036"}],"wp:term":[{"taxonomy":"product_brand","embeddable":true,"href":"https:\/\/libreriahistoriasdebolsillo.com\/index.php\/wp-json\/wp\/v2\/product_brand?post=6036"},{"taxonomy":"product_cat","embeddable":true,"href":"https:\/\/libreriahistoriasdebolsillo.com\/index.php\/wp-json\/wp\/v2\/product_cat?post=6036"},{"taxonomy":"product_tag","embeddable":true,"href":"https:\/\/libreriahistoriasdebolsillo.com\/index.php\/wp-json\/wp\/v2\/product_tag?post=6036"}],"curies":[{"name":"wp","href":"https:\/\/api.w.org\/{rel}","templated":true}]}}