{"id":6048,"date":"2024-12-20T14:32:59","date_gmt":"2024-12-20T20:32:59","guid":{"rendered":"https:\/\/libreriahistoriasdebolsillo.com\/?post_type=product&#038;p=6048"},"modified":"2026-02-04T16:37:42","modified_gmt":"2026-02-04T22:37:42","slug":"el-gato-que-ensena-el-zen-tapa-dura","status":"publish","type":"product","link":"https:\/\/libreriahistoriasdebolsillo.com\/index.php\/producto\/el-gato-que-ensena-el-zen-tapa-dura\/","title":{"rendered":"El gato que ense\u00f1a el Zen (tapa dura)"},"content":{"rendered":"<p>Esta es la historia de un Gato sabio que, siguiendo los caminos del zen, oye hablar de un pino anciano y solitario, en lo profundo de un bosque de arces, bajo el cual se puede encontrar sabidur\u00eda infinita. As\u00ed comienza un viaje de descubrimiento.En el camino se encuentra con un v\u00edvido elenco de animales: desde un Mono ansioso y una Tortuga cansada de la vida, hasta un Tigre que lucha contra la ira, un Lobito confundido y un Cuervo codicioso. Cada uno tiene historias que contar y lecciones que compartir. Pero despu\u00e9s de un encuentro sorpresa con un Gatito juguet\u00f3n, el Gato se lo cuestionar\u00e1 todo.<\/p>\n","protected":false},"excerpt":{"rendered":"<p>James Norbury<\/p>\n<p>176 p\u00e1ginas<\/p>\n","protected":false},"featured_media":6049,"template":"","meta":{"_joinchat":[]},"product_brand":[],"product_cat":[78,33,70],"product_tag":[48],"class_list":{"0":"post-6048","1":"product","2":"type-product","3":"status-publish","4":"has-post-thumbnail","6":"product_cat-contemporanea","7":"product_cat-ficcion-general","8":"product_cat-novedades","9":"product_tag-vr-editoras","11":"first","12":"instock","13":"shipping-taxable","14":"purchasable","15":"product-type-simple"},"_links":{"self":[{"href":"https:\/\/libreriahistoriasdebolsillo.com\/index.php\/wp-json\/wp\/v2\/product\/6048","targetHints":{"allow":["GET"]}}],"collection":[{"href":"https:\/\/libreriahistoriasdebolsillo.com\/index.php\/wp-json\/wp\/v2\/product"}],"about":[{"href":"https:\/\/libreriahistoriasdebolsillo.com\/index.php\/wp-json\/wp\/v2\/types\/product"}],"wp:featuredmedia":[{"embeddable":true,"href":"https:\/\/libreriahistoriasdebolsillo.com\/index.php\/wp-json\/wp\/v2\/media\/6049"}],"wp:attachment":[{"href":"https:\/\/libreriahistoriasdebolsillo.com\/index.php\/wp-json\/wp\/v2\/media?parent=6048"}],"wp:term":[{"taxonomy":"product_brand","embeddable":true,"href":"https:\/\/libreriahistoriasdebolsillo.com\/index.php\/wp-json\/wp\/v2\/product_brand?post=6048"},{"taxonomy":"product_cat","embeddable":true,"href":"https:\/\/libreriahistoriasdebolsillo.com\/index.php\/wp-json\/wp\/v2\/product_cat?post=6048"},{"taxonomy":"product_tag","embeddable":true,"href":"https:\/\/libreriahistoriasdebolsillo.com\/index.php\/wp-json\/wp\/v2\/product_tag?post=6048"}],"curies":[{"name":"wp","href":"https:\/\/api.w.org\/{rel}","templated":true}]}}