{"id":6064,"date":"2025-01-09T16:13:12","date_gmt":"2025-01-09T22:13:12","guid":{"rendered":"https:\/\/libreriahistoriasdebolsillo.com\/?post_type=product&#038;p=6064"},"modified":"2026-04-23T14:49:45","modified_gmt":"2026-04-23T20:49:45","slug":"marcus-goldman-1-la-verdad-sobre-el-caso-harry-quebert","status":"publish","type":"product","link":"https:\/\/libreriahistoriasdebolsillo.com\/index.php\/producto\/marcus-goldman-1-la-verdad-sobre-el-caso-harry-quebert\/","title":{"rendered":"Marcus Goldman 1. La verdad sobre el caso Harry Quebert"},"content":{"rendered":"<p><b>El mejor libro del a\u00f1o para los lectores de\u00a0<i>El Pa\u00eds<\/i>, #1 en ventas en Francia, y m\u00e1s de 2 000 000 de lectores alrededor del mundo. Los derechos para su traducci\u00f3n se han vendido a 33 idiomas<\/b><\/p>\n<p><b>Qui\u00e9n mat\u00f3 a Nola Kellergan es la gran inc\u00f3gnita a desvelar en esta incomparable historia policiaca cuya experiencia de lectura escapa a cualquier tentativa de descripci\u00f3n. Intent\u00e9moslo&#8230;<\/b><\/p>\n<p>Una novela de suspenso a tres tiempos -1975, 1998 y 2008- acerca del asesinato de una joven de quince a\u00f1os en la peque\u00f1a ciudad de Aurora, en New Hampshire. En 2008, Marcus Goldman, un joven escritor, visita a su mentor -Harry Quebert, autor de una aclamada novela- y descubre que \u00e9ste tuvo una relaci\u00f3n secreta con Nola Kellergan. Poco despu\u00e9s, Harry es arrestado y acusado de asesinato al encontrarse el cad\u00e1ver de Nola enterrado en su jard\u00edn. Marcus comienza a investigar y a escribir un libro sobre el caso. Mientras busca demostrar la inocencia de Harry, una trama de secretos sale a la luz.<\/p>\n<p>La verdad s\u00f3lo llega al final de un largo, intrincado y apasionante recorrido.<\/p>\n<p><b>La cr\u00edtica ha opinado:<\/b><\/p>\n<p>\u00abTodo el mundo hablaba del libro. \u00c9sta es la primera frase de\u00a0<i>La verdad sobre el caso Harry Quebert<\/i>: una profec\u00eda autocumplida, pues el libro de Jo\u00ebl Dicker ya se ha transformado en un fen\u00f3meno mundial\u00bb &#8211;<i>Le Monde<\/i>&#8211;<\/p>\n","protected":false},"excerpt":{"rendered":"<p>Joel Dicker<\/p>\n<p>672 p\u00e1ginas<\/p>\n","protected":false},"featured_media":6065,"template":"","meta":{"_joinchat":[]},"product_brand":[],"product_cat":[37],"product_tag":[34],"class_list":{"0":"post-6064","1":"product","2":"type-product","3":"status-publish","4":"has-post-thumbnail","6":"product_cat-misterio-y-thriller","7":"product_tag-penguin-random-house","9":"first","10":"outofstock","11":"shipping-taxable","12":"purchasable","13":"product-type-simple"},"_links":{"self":[{"href":"https:\/\/libreriahistoriasdebolsillo.com\/index.php\/wp-json\/wp\/v2\/product\/6064","targetHints":{"allow":["GET"]}}],"collection":[{"href":"https:\/\/libreriahistoriasdebolsillo.com\/index.php\/wp-json\/wp\/v2\/product"}],"about":[{"href":"https:\/\/libreriahistoriasdebolsillo.com\/index.php\/wp-json\/wp\/v2\/types\/product"}],"wp:featuredmedia":[{"embeddable":true,"href":"https:\/\/libreriahistoriasdebolsillo.com\/index.php\/wp-json\/wp\/v2\/media\/6065"}],"wp:attachment":[{"href":"https:\/\/libreriahistoriasdebolsillo.com\/index.php\/wp-json\/wp\/v2\/media?parent=6064"}],"wp:term":[{"taxonomy":"product_brand","embeddable":true,"href":"https:\/\/libreriahistoriasdebolsillo.com\/index.php\/wp-json\/wp\/v2\/product_brand?post=6064"},{"taxonomy":"product_cat","embeddable":true,"href":"https:\/\/libreriahistoriasdebolsillo.com\/index.php\/wp-json\/wp\/v2\/product_cat?post=6064"},{"taxonomy":"product_tag","embeddable":true,"href":"https:\/\/libreriahistoriasdebolsillo.com\/index.php\/wp-json\/wp\/v2\/product_tag?post=6064"}],"curies":[{"name":"wp","href":"https:\/\/api.w.org\/{rel}","templated":true}]}}