{"id":6069,"date":"2025-01-09T16:17:04","date_gmt":"2025-01-09T22:17:04","guid":{"rendered":"https:\/\/libreriahistoriasdebolsillo.com\/?post_type=product&#038;p=6069"},"modified":"2025-07-10T15:59:15","modified_gmt":"2025-07-10T21:59:15","slug":"biblioteca-paulo-coelho-la-bruja-de-portobello","status":"publish","type":"product","link":"https:\/\/libreriahistoriasdebolsillo.com\/index.php\/producto\/biblioteca-paulo-coelho-la-bruja-de-portobello\/","title":{"rendered":"Biblioteca Paulo Coelho. La bruja de Portobello"},"content":{"rendered":"<p><i>La bruja de Portobello\u00a0<\/i>es la historia del crecimiento y \u00abdesaparici\u00f3n\u00bb de una joven especial, recuperada a trav\u00e9s de las narraciones de aquellos que la conocieron.<\/p>\n<p>Descubre en Paulo Coelho a un novelista irreverente y actual, cuya lectura siempre mueve a la acci\u00f3n. Ad\u00e9ntrate en la obra de un autor provocador y valiente que rompe con los esquemas preconcebidos de nuestra sociedad. Un fen\u00f3meno literario con millones de seguidores en las redes sociales.<\/p>\n<p>En\u00a0<i>La bruja de Portobello\u00a0<\/i>Paulo Coelho nos ofrece, en una trama llena de intriga, la historia de Athena, una mujer en el curso de un viaje que cambiar\u00e1 su vida y la de quienes la rodean para siempre. Su vida, desde que es una hu\u00e9rfana rumana hasta que se convierte en una viajera errante y \u00e1vida aprendiz de nuevas formas de espiritualidad, es reconstruida a partir de diversos testimonios provenientes de personas que la conocieron: su madre adoptiva, sus disc\u00edpulos, incluso el gerente del banco en el que alguna vez trabaj\u00f3:<\/p>\n<p>\u00abLas personas crean una realidad y despu\u00e9s se vuelven v\u00edctimas de ella. Athena se revel\u00f3 contra eso y pag\u00f3 un precio alto\u00bb -Heron Ryan, periodista-<\/p>\n<p>\u00abFui utilizada y manipulada, y no tuvo consideraci\u00f3n alguna por mis sentimientos. La cosa es todav\u00eda m\u00e1s seria cuando hablamos de magia; despu\u00e9s de todo, era mi maestra, encargada de trasmitir los misterios sagrados, despertar la fuerza desconocida que todos nosotros poseemos. Cuando nos aventuramos en este mar desconocido, confiamos ciegamente en aquellos que nos gu\u00edan, creyendo que saben m\u00e1s que nosotros.\u00bb -Andrea McCain, actriz de teatro-<\/p>\n<p>\u00abSu gran problema era ser una mujer del siglo XXII, viviendo en el siglo XXI, permitiendo que todo lo viesen. \u00bfPag\u00f3 un precio? Sin duda. Pero habr\u00eda pagado un precio mucho m\u00e1s alto si hubiera reprimido su exuberancia. Estar\u00eda amargada, frustrada, siempre preocupada por \u00ablo que pensaran los dem\u00e1s\u00bb, siempre diciendo \u00abd\u00e9jame resolver estos asuntos, despu\u00e9s me dedico a mi sue\u00f1o\u00bb quej\u00e1ndose constantemente de \u00ablas condiciones ideales que no se dan nunca.\u00bb -Deidre O\u00b4Neil-<\/p>\n","protected":false},"excerpt":{"rendered":"<p>Paulo Coelho<\/p>\n<p>296 p\u00e1ginas<\/p>\n","protected":false},"featured_media":6070,"template":"","meta":{"_joinchat":[]},"product_brand":[],"product_cat":[78,33,51],"product_tag":[34],"class_list":{"0":"post-6069","1":"product","2":"type-product","3":"status-publish","4":"has-post-thumbnail","6":"product_cat-contemporanea","7":"product_cat-ficcion-general","8":"product_cat-oferta","9":"product_tag-penguin-random-house","11":"first","12":"instock","13":"shipping-taxable","14":"purchasable","15":"product-type-simple"},"_links":{"self":[{"href":"https:\/\/libreriahistoriasdebolsillo.com\/index.php\/wp-json\/wp\/v2\/product\/6069","targetHints":{"allow":["GET"]}}],"collection":[{"href":"https:\/\/libreriahistoriasdebolsillo.com\/index.php\/wp-json\/wp\/v2\/product"}],"about":[{"href":"https:\/\/libreriahistoriasdebolsillo.com\/index.php\/wp-json\/wp\/v2\/types\/product"}],"wp:featuredmedia":[{"embeddable":true,"href":"https:\/\/libreriahistoriasdebolsillo.com\/index.php\/wp-json\/wp\/v2\/media\/6070"}],"wp:attachment":[{"href":"https:\/\/libreriahistoriasdebolsillo.com\/index.php\/wp-json\/wp\/v2\/media?parent=6069"}],"wp:term":[{"taxonomy":"product_brand","embeddable":true,"href":"https:\/\/libreriahistoriasdebolsillo.com\/index.php\/wp-json\/wp\/v2\/product_brand?post=6069"},{"taxonomy":"product_cat","embeddable":true,"href":"https:\/\/libreriahistoriasdebolsillo.com\/index.php\/wp-json\/wp\/v2\/product_cat?post=6069"},{"taxonomy":"product_tag","embeddable":true,"href":"https:\/\/libreriahistoriasdebolsillo.com\/index.php\/wp-json\/wp\/v2\/product_tag?post=6069"}],"curies":[{"name":"wp","href":"https:\/\/api.w.org\/{rel}","templated":true}]}}