{"id":6084,"date":"2025-01-15T18:41:30","date_gmt":"2025-01-16T00:41:30","guid":{"rendered":"https:\/\/libreriahistoriasdebolsillo.com\/?post_type=product&#038;p=6084"},"modified":"2025-05-07T09:47:14","modified_gmt":"2025-05-07T15:47:14","slug":"la-casa-entre-los-pinos","status":"publish","type":"product","link":"https:\/\/libreriahistoriasdebolsillo.com\/index.php\/producto\/la-casa-entre-los-pinos\/","title":{"rendered":"La casa entre los pinos"},"content":{"rendered":"<p><b>Dos muertes s\u00fabitas y misteriosas en id\u00e9nticas circunstancias.<\/b><\/p>\n<p><b>Un thriller psicol\u00f3gico absorbente que Reese Witherspoon seleccion\u00f3 para su club de lectura.<\/b><\/p>\n<p>Maya no est\u00e1 pasando por su mejor momento. Acaba de dejar un medicamento que regula los ataques de p\u00e1nico, sufre s\u00edndrome de abstinencia, lleva d\u00edas sin dormir y bebe demasiado. Por eso, cuando frente a la pantalla de su m\u00f3vil revive lo ocurrido el verano de sus diecisiete a\u00f1os no sabe si puede confiar en la lucidez de su mente. Las im\u00e1genes de seguridad de una cafeter\u00eda registran la muerte s\u00fabita de una joven. Junto a ella est\u00e1 Frank Bellamy. Ni siquiera se han rozado, pero Maya sabe que \u00e9l es el responsable, igual que lo fue de la muerte de Aubrey siete a\u00f1os atr\u00e1s.<\/p>\n<p>Maya no tiene otra salida que investigar sobre los enigmas del pasado para poder resolver los del presente. Y para ello tendr\u00e1 que regresar a la caba\u00f1a del bosque y adentrarse en los recuerdos que la aterrorizan.<\/p>\n","protected":false},"excerpt":{"rendered":"<p>Ana Reyes<\/p>\n<p>304 p\u00e1ginas<\/p>\n","protected":false},"featured_media":6085,"template":"","meta":{"_joinchat":[]},"product_brand":[],"product_cat":[37,70],"product_tag":[34],"class_list":{"0":"post-6084","1":"product","2":"type-product","3":"status-publish","4":"has-post-thumbnail","6":"product_cat-misterio-y-thriller","7":"product_cat-novedades","8":"product_tag-penguin-random-house","10":"first","11":"outofstock","12":"shipping-taxable","13":"purchasable","14":"product-type-simple"},"_links":{"self":[{"href":"https:\/\/libreriahistoriasdebolsillo.com\/index.php\/wp-json\/wp\/v2\/product\/6084","targetHints":{"allow":["GET"]}}],"collection":[{"href":"https:\/\/libreriahistoriasdebolsillo.com\/index.php\/wp-json\/wp\/v2\/product"}],"about":[{"href":"https:\/\/libreriahistoriasdebolsillo.com\/index.php\/wp-json\/wp\/v2\/types\/product"}],"wp:featuredmedia":[{"embeddable":true,"href":"https:\/\/libreriahistoriasdebolsillo.com\/index.php\/wp-json\/wp\/v2\/media\/6085"}],"wp:attachment":[{"href":"https:\/\/libreriahistoriasdebolsillo.com\/index.php\/wp-json\/wp\/v2\/media?parent=6084"}],"wp:term":[{"taxonomy":"product_brand","embeddable":true,"href":"https:\/\/libreriahistoriasdebolsillo.com\/index.php\/wp-json\/wp\/v2\/product_brand?post=6084"},{"taxonomy":"product_cat","embeddable":true,"href":"https:\/\/libreriahistoriasdebolsillo.com\/index.php\/wp-json\/wp\/v2\/product_cat?post=6084"},{"taxonomy":"product_tag","embeddable":true,"href":"https:\/\/libreriahistoriasdebolsillo.com\/index.php\/wp-json\/wp\/v2\/product_tag?post=6084"}],"curies":[{"name":"wp","href":"https:\/\/api.w.org\/{rel}","templated":true}]}}