{"id":6092,"date":"2025-01-15T18:51:49","date_gmt":"2025-01-16T00:51:49","guid":{"rendered":"https:\/\/libreriahistoriasdebolsillo.com\/?post_type=product&#038;p=6092"},"modified":"2025-05-13T14:56:37","modified_gmt":"2025-05-13T20:56:37","slug":"fuego-en-el-cielo","status":"publish","type":"product","link":"https:\/\/libreriahistoriasdebolsillo.com\/index.php\/producto\/fuego-en-el-cielo\/","title":{"rendered":"Fuego en el cielo"},"content":{"rendered":"<p><b>Los dragones se extinguieron. Las brujas fueron desterradas. La magia est\u00e1 muriendo. <\/b><b>Pero el ansia de poder de los humanos es inmortal. <\/b><b>\u00a1Ad\u00e9ntrate en la nueva sensaci\u00f3n de romantasy que te obsesionar\u00e1!<\/b><\/p>\n<p>Aunque Tamsyn haya crecido en la corte, sabe que no es como las dem\u00e1s princesas. Al mismo tiempo parte de la familia real y la m\u00e1s humilde de sus sirvientas, no encaja en ning\u00fan sitio. Su \u00fanico amigo es Stig, el capit\u00e1n de la guardia\u2026 Aunque a veces le da la sensaci\u00f3n de que \u00e9l quiere algo m\u00e1s que amistad.<\/p>\n<p>Cuando Fell, la Bestia de las Tierras Fronterizas, irrumpe en su hogar, Tamsyn es obligada a casarse con el cruel guerrero. Ella accede a participar del enga\u00f1o, a pesar de que implique dejar atr\u00e1s a Stig y la \u00fanica vida que ha conocido.<\/p>\n<p>Pero Tamsyn es m\u00e1s que la falsa esposa de un hombre que la considera una enemiga. Y cuando sus secretos salgan a la luz, prender\u00e1n una llama tan brillante como para que el reino entero arda hasta sus cimientos.<\/p>\n<p>La magia no est\u00e1 muerta&#8230; Solo estaba dormida. Y para despertarla no har\u00e1 falta m\u00e1s una chica corriente con un destino extraordinario.<\/p>\n","protected":false},"excerpt":{"rendered":"<p>Sophie Jordan<\/p>\n<p>400 p\u00e1ginas<\/p>\n","protected":false},"featured_media":6093,"template":"","meta":{"_joinchat":[]},"product_brand":[],"product_cat":[70,76],"product_tag":[34],"class_list":{"0":"post-6092","1":"product","2":"type-product","3":"status-publish","4":"has-post-thumbnail","6":"product_cat-novedades","7":"product_cat-romantasy","8":"product_tag-penguin-random-house","10":"first","11":"instock","12":"shipping-taxable","13":"purchasable","14":"product-type-simple"},"_links":{"self":[{"href":"https:\/\/libreriahistoriasdebolsillo.com\/index.php\/wp-json\/wp\/v2\/product\/6092","targetHints":{"allow":["GET"]}}],"collection":[{"href":"https:\/\/libreriahistoriasdebolsillo.com\/index.php\/wp-json\/wp\/v2\/product"}],"about":[{"href":"https:\/\/libreriahistoriasdebolsillo.com\/index.php\/wp-json\/wp\/v2\/types\/product"}],"wp:featuredmedia":[{"embeddable":true,"href":"https:\/\/libreriahistoriasdebolsillo.com\/index.php\/wp-json\/wp\/v2\/media\/6093"}],"wp:attachment":[{"href":"https:\/\/libreriahistoriasdebolsillo.com\/index.php\/wp-json\/wp\/v2\/media?parent=6092"}],"wp:term":[{"taxonomy":"product_brand","embeddable":true,"href":"https:\/\/libreriahistoriasdebolsillo.com\/index.php\/wp-json\/wp\/v2\/product_brand?post=6092"},{"taxonomy":"product_cat","embeddable":true,"href":"https:\/\/libreriahistoriasdebolsillo.com\/index.php\/wp-json\/wp\/v2\/product_cat?post=6092"},{"taxonomy":"product_tag","embeddable":true,"href":"https:\/\/libreriahistoriasdebolsillo.com\/index.php\/wp-json\/wp\/v2\/product_tag?post=6092"}],"curies":[{"name":"wp","href":"https:\/\/api.w.org\/{rel}","templated":true}]}}