{"id":6126,"date":"2025-01-29T15:58:25","date_gmt":"2025-01-29T21:58:25","guid":{"rendered":"https:\/\/libreriahistoriasdebolsillo.com\/?post_type=product&#038;p=6126"},"modified":"2026-02-20T14:49:14","modified_gmt":"2026-02-20T20:49:14","slug":"busca-y-encuentra-la-ciudad","status":"publish","type":"product","link":"https:\/\/libreriahistoriasdebolsillo.com\/index.php\/producto\/busca-y-encuentra-la-ciudad\/","title":{"rendered":"Busca y encuentra. La ciudad"},"content":{"rendered":"<p>Un libro para pasar horas de diversi\u00f3n. Explora 14 paisajes para encontrar maravillosos objetos, personajes y figuras. Hay m\u00e1s de 400 elementos para encontrar que van desde singulares personajes a los objetos m\u00e1s extraordinarios.<\/p>\n","protected":false},"excerpt":{"rendered":"<p>Un libro para pasar horas de diversi\u00f3n. Explora 14 paisajes para encontrar maravillosos objetos, personajes y figuras. Hay m\u00e1s de 400 elementos para encontrar que van desde singulares personajes a los objetos m\u00e1s extraordinarios.<\/p>\n","protected":false},"featured_media":6127,"template":"","meta":{"_joinchat":[]},"product_brand":[],"product_cat":[54,52,70],"product_tag":[48],"class_list":{"0":"post-6126","1":"product","2":"type-product","3":"status-publish","4":"has-post-thumbnail","6":"product_cat-infantil","7":"product_cat-juvenil","8":"product_cat-novedades","9":"product_tag-vr-editoras","11":"first","12":"instock","13":"shipping-taxable","14":"purchasable","15":"product-type-simple"},"_links":{"self":[{"href":"https:\/\/libreriahistoriasdebolsillo.com\/index.php\/wp-json\/wp\/v2\/product\/6126","targetHints":{"allow":["GET"]}}],"collection":[{"href":"https:\/\/libreriahistoriasdebolsillo.com\/index.php\/wp-json\/wp\/v2\/product"}],"about":[{"href":"https:\/\/libreriahistoriasdebolsillo.com\/index.php\/wp-json\/wp\/v2\/types\/product"}],"wp:featuredmedia":[{"embeddable":true,"href":"https:\/\/libreriahistoriasdebolsillo.com\/index.php\/wp-json\/wp\/v2\/media\/6127"}],"wp:attachment":[{"href":"https:\/\/libreriahistoriasdebolsillo.com\/index.php\/wp-json\/wp\/v2\/media?parent=6126"}],"wp:term":[{"taxonomy":"product_brand","embeddable":true,"href":"https:\/\/libreriahistoriasdebolsillo.com\/index.php\/wp-json\/wp\/v2\/product_brand?post=6126"},{"taxonomy":"product_cat","embeddable":true,"href":"https:\/\/libreriahistoriasdebolsillo.com\/index.php\/wp-json\/wp\/v2\/product_cat?post=6126"},{"taxonomy":"product_tag","embeddable":true,"href":"https:\/\/libreriahistoriasdebolsillo.com\/index.php\/wp-json\/wp\/v2\/product_tag?post=6126"}],"curies":[{"name":"wp","href":"https:\/\/api.w.org\/{rel}","templated":true}]}}